[Sat May 02 00:18:02.665565 2020] [proxy_fcgi:error] [pid 29265:tid 140602918262528] [client 108.162.229.104:27798] AH01071: Got error 'Primary script unknown\n'
[Sat May 02 00:18:22.129199 2020] [proxy_fcgi:error] [pid 29269:tid 140603111790336] [client 141.101.69.173:28238] AH01071: Got error 'Primary script unknown\n'
[Sat May 02 00:18:36.120522 2020] [proxy_fcgi:error] [pid 29492:tid 140602867906304] [client 141.101.69.221:33432] AH01071: Got error 'Primary script unknown\n'
[Sat May 02 00:18:49.054108 2020] [proxy_fcgi:error] [pid 4354:tid 140602725361408] [client 108.162.229.104:17146] AH01071: Got error 'Primary script unknown\n'
[Sat May 02 00:18:58.900663 2020] [proxy_fcgi:error] [pid 4354:tid 140603120183040] [client 141.101.69.231:44342] AH01071: Got error 'Primary script unknown\n'
[Sat May 02 00:19:09.248930 2020] [proxy_fcgi:error] [pid 10961:tid 140602700183296] [client 141.101.69.231:57500] AH01071: Got error 'Primary script unknown\n'
[Sat May 02 00:19:17.117200 2020] [proxy_fcgi:error] [pid 4354:tid 140602691790592] [client 141.101.69.231:11112] AH01071: Got error 'Primary script unknown\n'
[Sat May 02 00:19:26.350756 2020] [proxy_fcgi:error] [pid 28460:tid 140602985404160] [client 141.101.69.121:55594] AH01071: Got error 'Primary script unknown\n'
[Sat May 02 00:19:36.689666 2020] [proxy_fcgi:error] [pid 4354:tid 140601970378496] [client 108.162.229.216:49966] AH01071: Got error 'Primary script unknown\n'
[Sat May 02 00:19:47.779221 2020] [proxy_fcgi:error] [pid 29265:tid 140602935047936] [client 141.101.69.221:15188] AH01071: Got error 'Primary script unknown\n'
[Sat May 02 00:20:02.090888 2020] [proxy_fcgi:error] [pid 4354:tid 140602708576000] [client 141.101.69.231:11768] AH01071: Got error 'Primary script unknown\n'
[Sat May 02 00:20:12.561576 2020] [proxy_fcgi:error] [pid 29265:tid 140602951833344] [client 108.162.229.34:35850] AH01071: Got error 'Primary script unknown\n'
[Sat May 02 00:20:23.335145 2020] [proxy_fcgi:error] [pid 29267:tid 140602901477120] [client 141.101.69.231:39286] AH01071: Got error 'Primary script unknown\n'
[Sat May 02 00:20:35.144967 2020] [proxy_fcgi:error] [pid 29265:tid 140603120183040] [client 108.162.229.34:64104] AH01071: Got error 'Primary script unknown\n'
[Sat May 02 00:20:47.336113 2020] [proxy_fcgi:error] [pid 29265:tid 140603111790336] [client 108.162.229.104:22058] AH01071: Got error 'Primary script unknown\n'
[Sat May 02 00:20:58.145454 2020] [proxy_fcgi:error] [pid 29265:tid 140603095004928] [client 141.101.69.69:65334] AH01071: Got error 'Primary script unknown\n'
[Sat May 02 00:21:17.846667 2020] [proxy_fcgi:error] [pid 29492:tid 140602951833344] [client 141.101.69.121:25418] AH01071: Got error 'Primary script unknown\n'
[Sat May 02 00:21:34.058829 2020] [proxy_fcgi:error] [pid 4354:tid 140602121381632] [client 141.101.69.231:18290] AH01071: Got error 'Primary script unknown\n'
[Sat May 02 00:21:46.347030 2020] [proxy_fcgi:error] [pid 29267:tid 140602708543232] [client 108.162.229.34:38936] AH01071: Got error 'Primary script unknown\n'
[Sat May 02 00:21:56.001238 2020] [proxy_fcgi:error] [pid 32554:tid 140602985404160] [client 141.101.69.231:46010] AH01071: Got error 'Primary script unknown\n'
[Sat May 02 00:22:06.325733 2020] [proxy_fcgi:error] [pid 4354:tid 140602733754112] [client 141.101.69.41:55742] AH01071: Got error 'Primary script unknown\n'
[Sat May 02 00:22:19.067612 2020] [proxy_fcgi:error] [pid 29265:tid 140602918262528] [client 141.101.69.69:50750] AH01071: Got error 'Primary script unknown\n'
[Sat May 02 00:22:43.455063 2020] [proxy_fcgi:error] [pid 4354:tid 140602087810816] [client 141.101.69.173:63188] AH01071: Got error 'Primary script unknown\n'
[Sat May 02 00:22:55.441548 2020] [proxy_fcgi:error] [pid 4354:tid 140603103397632] [client 108.162.229.34:12032] AH01071: Got error 'Primary script unknown\n'
[Sat May 02 00:23:25.571135 2020] [proxy_fcgi:error] [pid 29265:tid 140602893084416] [client 141.101.69.221:26278] AH01071: Got error 'Primary script unknown\n'
[Sat May 02 00:23:54.761200 2020] [proxy_fcgi:error] [pid 32554:tid 140602867906304] [client 141.101.69.69:54690] AH01071: Got error 'Primary script unknown\n'
[Sat May 02 00:24:13.202032 2020] [proxy_fcgi:error] [pid 29265:tid 140603086612224] [client 141.101.69.121:17794] AH01071: Got error 'Primary script unknown\n'
[Sat May 02 00:24:35.529024 2020] [proxy_fcgi:error] [pid 4354:tid 140601987163904] [client 108.162.229.216:28088] AH01071: Got error 'Primary script unknown\n'
[Sat May 02 00:24:53.918611 2020] [proxy_fcgi:error] [pid 29267:tid 140602909869824] [client 141.101.69.41:20848] AH01071: Got error 'Primary script unknown\n'
[Sat May 02 00:25:34.482598 2020] [proxy_fcgi:error] [pid 29492:tid 140603103397632] [client 141.101.69.231:43834] AH01071: Got error 'Primary script unknown\n'
[Sat May 02 00:25:52.902363 2020] [proxy_fcgi:error] [pid 4354:tid 140601987163904] [client 141.101.69.231:11820] AH01071: Got error 'Primary script unknown\n'
[Sat May 02 00:26:40.715946 2020] [proxy_fcgi:error] [pid 29265:tid 140602968618752] [client 108.162.229.34:62488] AH01071: Got error 'Primary script unknown\n'
[Sat May 02 00:27:36.045745 2020] [proxy_fcgi:error] [pid 29265:tid 140602859513600] [client 141.101.69.41:35922] AH01071: Got error 'Primary script unknown\n'
[Sat May 02 00:28:21.745379 2020] [proxy_fcgi:error] [pid 10961:tid 140603086612224] [client 108.162.229.216:36310] AH01071: Got error 'Primary script unknown\n'
[Sat May 02 00:28:48.531641 2020] [proxy_fcgi:error] [pid 4354:tid 140602096203520] [client 108.162.229.34:43854] AH01071: Got error 'Primary script unknown\n'
[Sat May 02 00:30:29.597397 2020] [proxy_fcgi:error] [pid 4354:tid 140601978771200] [client 108.162.229.138:32216] AH01071: Got error 'Primary script unknown\n'
[Sat May 02 00:30:40.788948 2020] [proxy_fcgi:error] [pid 29265:tid 140602876299008] [client 141.101.69.41:63260] AH01071: Got error 'Primary script unknown\n'
[Sat May 02 00:31:02.710581 2020] [proxy_fcgi:error] [pid 28460:tid 140602993796864] [client 108.162.229.34:17964] AH01071: Got error 'Primary script unknown\n'
[Sat May 02 00:31:20.171308 2020] [proxy_fcgi:error] [pid 29265:tid 140602993796864] [client 141.101.69.127:22662] AH01071: Got error 'Primary script unknown\n'
[Sat May 02 00:31:49.473289 2020] [proxy_fcgi:error] [pid 29265:tid 140603086612224] [client 141.101.69.41:19538] AH01071: Got error 'Primary script unknown\n'
[Sat May 02 00:32:21.168344 2020] [proxy_fcgi:error] [pid 29269:tid 140603002189568] [client 141.101.69.69:18072] AH01071: Got error 'Primary script unknown\n'
[Sat May 02 00:32:30.421435 2020] [proxy_fcgi:error] [pid 29265:tid 140602968618752] [client 141.101.69.69:28126] AH01071: Got error 'Primary script unknown\n'
[Sat May 02 00:32:39.601710 2020] [proxy_fcgi:error] [pid 29265:tid 140602943440640] [client 141.101.69.231:37514] AH01071: Got error 'Primary script unknown\n'
[Sat May 02 02:49:42.897774 2020] [proxy_fcgi:error] [pid 28460:tid 140603103397632] [client 172.69.190.28:38860] AH01071: Got error 'Primary script unknown\n'
[Sat May 02 04:59:03.449173 2020] [proxy_fcgi:error] [pid 16411:tid 140602121381632] [client 108.162.229.34:59516] AH01071: Got error 'Primary script unknown\n'
[Sat May 02 04:59:03.796799 2020] [proxy_fcgi:error] [pid 16183:tid 140603078219520] [client 141.101.69.69:29036] AH01071: Got error 'Primary script unknown\n'
[Sat May 02 04:59:04.112507 2020] [proxy_fcgi:error] [pid 16185:tid 140602700150528] [client 141.101.98.144:15804] AH01071: Got error 'Primary script unknown\n'
[Sat May 02 04:59:04.460353 2020] [proxy_fcgi:error] [pid 16182:tid 140602977011456] [client 162.158.158.127:41714] AH01071: Got error 'Primary script unknown\n'
[Sat May 02 04:59:04.792393 2020] [proxy_fcgi:error] [pid 16185:tid 140602666579712] [client 108.162.229.216:38124] AH01071: Got error 'Primary script unknown\n'
[Sat May 02 04:59:05.121438 2020] [proxy_fcgi:error] [pid 16182:tid 140602943440640] [client 141.101.69.231:39464] AH01071: Got error 'Primary script unknown\n'
[Sat May 02 04:59:05.475087 2020] [proxy_fcgi:error] [pid 16411:tid 140602700183296] [client 162.158.155.128:37762] AH01071: Got error 'Primary script unknown\n'
[Sat May 02 04:59:05.808106 2020] [proxy_fcgi:error] [pid 16411:tid 140601995556608] [client 141.101.69.231:40516] AH01071: Got error 'Primary script unknown\n'
[Sat May 02 04:59:06.147026 2020] [proxy_fcgi:error] [pid 16185:tid 140602750506752] [client 141.101.69.121:47046] AH01071: Got error 'Primary script unknown\n'
[Sat May 02 04:59:06.482330 2020] [proxy_fcgi:error] [pid 16182:tid 140602985404160] [client 162.158.158.127:44104] AH01071: Got error 'Primary script unknown\n'
[Sat May 02 04:59:09.072542 2020] [proxy_fcgi:error] [pid 16182:tid 140602901477120] [client 162.158.155.128:42058] AH01071: Got error 'Primary script unknown\n'
[Sat May 02 04:59:09.445442 2020] [proxy_fcgi:error] [pid 16182:tid 140602859513600] [client 141.101.98.12:9366] AH01071: Got error 'Primary script unknown\n'
[Sat May 02 04:59:09.638779 2020] [proxy_fcgi:error] [pid 16183:tid 140603120183040] [client 162.158.154.133:22342] AH01071: Got error 'Primary script unknown\n'
[Sat May 02 04:59:09.990634 2020] [proxy_fcgi:error] [pid 16185:tid 140602641401600] [client 141.101.69.173:33106] AH01071: Got error 'Primary script unknown\n'
[Sat May 02 04:59:10.298797 2020] [proxy_fcgi:error] [pid 16411:tid 140603078219520] [client 141.101.107.114:38706] AH01071: Got error 'Primary script unknown\n'
[Sat May 02 04:59:10.798173 2020] [proxy_fcgi:error] [pid 16411:tid 140602129774336] [client 141.101.98.38:30520] AH01071: Got error 'Primary script unknown\n'
[Sat May 02 04:59:11.846645 2020] [authz_core:error] [pid 16185:tid 140602691757824] [client 141.101.98.12:12504] AH01630: client denied by server configuration: /home/home2/domains/conciergechoiceawards.org/public_html/wp/.htaccess
[Sat May 02 04:59:14.480085 2020] [proxy_fcgi:error] [pid 16182:tid 140602909869824] [client 108.162.229.104:61634] AH01071: Got error 'Primary script unknown\n'
[Sat May 02 04:59:15.138536 2020] [proxy_fcgi:error] [pid 16411:tid 140602087810816] [client 108.162.229.216:50060] AH01071: Got error 'Primary script unknown\n'
[Sat May 02 04:59:15.806496 2020] [proxy_fcgi:error] [pid 16182:tid 140602977011456] [client 141.101.98.12:19556] AH01071: Got error 'Primary script unknown\n'
[Sat May 02 04:59:16.510223 2020] [proxy_fcgi:error] [pid 16411:tid 140601970378496] [client 141.101.107.114:45990] AH01071: Got error 'Primary script unknown\n'
[Sat May 02 04:59:16.845281 2020] [proxy_fcgi:error] [pid 16185:tid 140602658187008] [client 162.158.154.133:33312] AH01071: Got error 'Primary script unknown\n'
[Sat May 02 04:59:17.471131 2020] [proxy_fcgi:error] [pid 16411:tid 140601978771200] [client 141.101.98.144:36158] AH01071: Got error 'Primary script unknown\n'
[Sat May 02 04:59:23.440361 2020] [proxy_fcgi:error] [pid 16182:tid 140602901477120] [client 141.101.98.34:41696] AH01071: Got error 'Primary script unknown\n'
[Sat May 02 04:59:27.253754 2020] [proxy_fcgi:error] [pid 16185:tid 140602641401600] [client 141.101.69.221:41968] AH01071: Got error 'Primary script unknown\n'
[Sat May 02 04:59:27.602513 2020] [proxy_fcgi:error] [pid 16183:tid 140602985404160] [client 108.162.229.216:65044] AH01071: Got error 'Primary script unknown\n'
[Sat May 02 04:59:28.128046 2020] [proxy_fcgi:error] [pid 16411:tid 140602087810816] [client 108.162.229.216:56960] AH01071: Got error 'Primary script unknown\n'
[Sat May 02 04:59:28.650436 2020] [proxy_fcgi:error] [pid 16182:tid 140602876299008] [client 108.162.229.216:48066] AH01071: Got error 'Primary script unknown\n'
[Sat May 02 04:59:29.296588 2020] [proxy_fcgi:error] [pid 16185:tid 140602725328640] [client 141.101.98.12:39126] AH01071: Got error 'Primary script unknown\n'
[Sat May 02 04:59:29.959702 2020] [proxy_fcgi:error] [pid 16182:tid 140602909869824] [client 162.158.154.133:50354] AH01071: Got error 'Primary script unknown\n'
[Sat May 02 04:59:32.162487 2020] [proxy_fcgi:error] [pid 16183:tid 140602960226048] [client 108.162.229.216:65044] AH01071: Got error 'Primary script unknown\n'
[Sat May 02 04:59:32.486237 2020] [proxy_fcgi:error] [pid 16182:tid 140603002189568] [client 141.101.98.34:63462] AH01071: Got error 'Primary script unknown\n'
[Sat May 02 04:59:32.814012 2020] [proxy_fcgi:error] [pid 16411:tid 140602716968704] [client 141.101.69.221:50524] AH01071: Got error 'Primary script unknown\n'
[Sat May 02 04:59:33.325712 2020] [proxy_fcgi:error] [pid 16182:tid 140602993796864] [client 108.162.229.104:25368] AH01071: Got error 'Primary script unknown\n'
[Sat May 02 04:59:33.512919 2020] [proxy_fcgi:error] [pid 16411:tid 140603078219520] [client 141.101.69.69:48726] AH01071: Got error 'Primary script unknown\n'
[Sat May 02 04:59:33.687518 2020] [proxy_fcgi:error] [pid 16183:tid 140602943440640] [client 108.162.229.216:65044] AH01071: Got error 'Primary script unknown\n'
[Sat May 02 04:59:34.009226 2020] [proxy_fcgi:error] [pid 16183:tid 140602985404160] [client 141.101.69.127:62124] AH01071: Got error 'Primary script unknown\n'
[Sat May 02 04:59:34.323504 2020] [proxy_fcgi:error] [pid 16411:tid 140602708576000] [client 141.101.69.121:29566] AH01071: Got error 'Primary script unknown\n'
[Sat May 02 04:59:34.637323 2020] [proxy_fcgi:error] [pid 16185:tid 140602892920576] [client 162.158.154.133:56020] AH01071: Got error 'Primary script unknown\n'
[Sat May 02 04:59:35.140925 2020] [proxy_fcgi:error] [pid 16185:tid 140602716935936] [client 141.101.69.231:25434] AH01071: Got error 'Primary script unknown\n'
[Sat May 02 04:59:35.491175 2020] [proxy_fcgi:error] [pid 16185:tid 140602649794304] [client 141.101.69.41:42128] AH01071: Got error 'Primary script unknown\n'
[Sat May 02 04:59:35.845927 2020] [proxy_fcgi:error] [pid 16182:tid 140603111790336] [client 162.158.158.165:52946] AH01071: Got error 'Primary script unknown\n'
[Sat May 02 04:59:36.203779 2020] [proxy_fcgi:error] [pid 16182:tid 140603103397632] [client 108.162.229.34:49852] AH01071: Got error 'Primary script unknown\n'
[Sat May 02 04:59:36.530080 2020] [proxy_fcgi:error] [pid 16182:tid 140603086612224] [client 141.101.69.127:65332] AH01071: Got error 'Primary script unknown\n'
[Sat May 02 04:59:36.869581 2020] [proxy_fcgi:error] [pid 16411:tid 140602087810816] [client 108.162.229.138:34512] AH01071: Got error 'Primary script unknown\n'
[Sat May 02 04:59:37.078407 2020] [proxy_fcgi:error] [pid 16182:tid 140602977011456] [client 141.101.69.127:65332] AH01071: Got error 'Primary script unknown\n'
[Sat May 02 04:59:37.413024 2020] [proxy_fcgi:error] [pid 16182:tid 140602876299008] [client 162.158.155.218:19466] AH01071: Got error 'Primary script unknown\n'
[Sat May 02 04:59:37.740563 2020] [proxy_fcgi:error] [pid 16182:tid 140603120183040] [client 141.101.69.221:57904] AH01071: Got error 'Primary script unknown\n'
[Sat May 02 04:59:38.413722 2020] [proxy_fcgi:error] [pid 16411:tid 140601978771200] [client 141.101.69.173:14954] AH01071: Got error 'Primary script unknown\n'
[Sat May 02 04:59:38.593104 2020] [proxy_fcgi:error] [pid 16411:tid 140601995556608] [client 141.101.69.231:40516] AH01071: Got error 'Primary script unknown\n'
[Sat May 02 04:59:38.942850 2020] [proxy_fcgi:error] [pid 16185:tid 140602784077568] [client 108.162.229.34:53244] AH01071: Got error 'Primary script unknown\n'
[Sat May 02 04:59:39.148889 2020] [proxy_fcgi:error] [pid 16183:tid 140602993796864] [client 108.162.229.138:21772] AH01071: Got error 'Primary script unknown\n'
[Sat May 02 04:59:39.480299 2020] [proxy_fcgi:error] [pid 16411:tid 140602121381632] [client 162.158.159.140:30628] AH01071: Got error 'Primary script unknown\n'
[Sat May 02 04:59:39.665567 2020] [proxy_fcgi:error] [pid 16182:tid 140602918262528] [client 108.162.229.34:49852] AH01071: Got error 'Primary script unknown\n'
[Sat May 02 04:59:40.125914 2020] [proxy_fcgi:error] [pid 16182:tid 140602951833344] [client 141.101.69.121:37604] AH01071: Got error 'Primary script unknown\n'
[Sat May 02 04:59:40.295931 2020] [proxy_fcgi:error] [pid 16185:tid 140602733721344] [client 162.158.159.140:13030] AH01071: Got error 'Primary script unknown\n'
[Sat May 02 04:59:40.487355 2020] [proxy_fcgi:error] [pid 16411:tid 140603078219520] [client 141.101.69.127:55524] AH01071: Got error 'Primary script unknown\n'
[Sat May 02 04:59:40.799527 2020] [proxy_fcgi:error] [pid 16182:tid 140602893084416] [client 162.158.159.140:33178] AH01071: Got error 'Primary script unknown\n'
[Sat May 02 04:59:41.143739 2020] [proxy_fcgi:error] [pid 16411:tid 140602700183296] [client 162.158.158.153:51480] AH01071: Got error 'Primary script unknown\n'
[Sat May 02 04:59:41.323217 2020] [proxy_fcgi:error] [pid 16185:tid 140602725328640] [client 141.101.69.221:41968] AH01071: Got error 'Primary script unknown\n'
[Sat May 02 04:59:41.971504 2020] [proxy_fcgi:error] [pid 16411:tid 140602683397888] [client 162.158.155.218:25154] AH01071: Got error 'Primary script unknown\n'
[Sat May 02 04:59:42.157691 2020] [proxy_fcgi:error] [pid 16411:tid 140601995556608] [client 162.158.159.140:30628] AH01071: Got error 'Primary script unknown\n'
[Sat May 02 04:59:42.499057 2020] [proxy_fcgi:error] [pid 16183:tid 140602985404160] [client 108.162.229.104:34558] AH01071: Got error 'Primary script unknown\n'
[Sat May 02 04:59:42.821261 2020] [proxy_fcgi:error] [pid 16411:tid 140603111790336] [client 108.162.229.104:34850] AH01071: Got error 'Primary script unknown\n'
[Sat May 02 04:59:43.165557 2020] [proxy_fcgi:error] [pid 16182:tid 140603095004928] [client 162.158.155.128:26914] AH01071: Got error 'Primary script unknown\n'
[Sat May 02 04:59:43.498851 2020] [proxy_fcgi:error] [pid 16411:tid 140603095004928] [client 141.101.69.231:37362] AH01071: Got error 'Primary script unknown\n'
[Sat May 02 04:59:43.833425 2020] [proxy_fcgi:error] [pid 16182:tid 140602935047936] [client 108.162.229.104:36422] AH01071: Got error 'Primary script unknown\n'
[Sat May 02 04:59:44.144752 2020] [proxy_fcgi:error] [pid 16182:tid 140602985404160] [client 162.158.158.153:55836] AH01071: Got error 'Primary script unknown\n'
[Sat May 02 04:59:44.473334 2020] [proxy_fcgi:error] [pid 16182:tid 140603002189568] [client 141.101.69.121:43668] AH01071: Got error 'Primary script unknown\n'
[Sat May 02 04:59:44.800411 2020] [proxy_fcgi:error] [pid 16185:tid 140602683365120] [client 141.101.69.221:12478] AH01071: Got error 'Primary script unknown\n'
[Sat May 02 04:59:45.123054 2020] [proxy_fcgi:error] [pid 16185:tid 140602708543232] [client 141.101.107.114:27074] AH01071: Got error 'Primary script unknown\n'
[Sat May 02 04:59:45.419357 2020] [proxy_fcgi:error] [pid 16185:tid 140602909705984] [client 141.101.98.144:21102] AH01071: Got error 'Primary script unknown\n'
[Sat May 02 04:59:45.583906 2020] [proxy_fcgi:error] [pid 16185:tid 140602700150528] [client 162.158.159.140:13030] AH01071: Got error 'Primary script unknown\n'
[Sat May 02 04:59:45.891946 2020] [proxy_fcgi:error] [pid 16182:tid 140602968618752] [client 162.158.155.128:30466] AH01071: Got error 'Primary script unknown\n'
[Sat May 02 04:59:46.069154 2020] [proxy_fcgi:error] [pid 16411:tid 140602112988928] [client 108.162.229.216:50060] AH01071: Got error 'Primary script unknown\n'
[Sat May 02 04:59:46.399509 2020] [proxy_fcgi:error] [pid 16182:tid 140602901477120] [client 162.158.158.185:64794] AH01071: Got error 'Primary script unknown\n'
[Sat May 02 04:59:46.589338 2020] [proxy_fcgi:error] [pid 16411:tid 140602716968704] [client 141.101.69.231:40516] AH01071: Got error 'Primary script unknown\n'
[Sat May 02 04:59:46.918140 2020] [proxy_fcgi:error] [pid 16411:tid 140602079418112] [client 141.101.69.173:26396] AH01071: Got error 'Primary script unknown\n'
[Sat May 02 04:59:48.134350 2020] [proxy_fcgi:error] [pid 16182:tid 140602884691712] [client 162.158.159.140:43668] AH01071: Got error 'Primary script unknown\n'
[Sat May 02 04:59:48.472779 2020] [proxy_fcgi:error] [pid 16411:tid 140602112988928] [client 141.101.98.126:24112] AH01071: Got error 'Primary script unknown\n'
[Sat May 02 04:59:48.798565 2020] [proxy_fcgi:error] [pid 16185:tid 140602750506752] [client 108.162.229.138:48388] AH01071: Got error 'Primary script unknown\n'
[Sat May 02 04:59:49.438719 2020] [proxy_fcgi:error] [pid 16411:tid 140603120183040] [client 141.101.99.239:11842] AH01071: Got error 'Primary script unknown\n'
[Sat May 02 04:59:49.741914 2020] [proxy_fcgi:error] [pid 16411:tid 140602121381632] [client 141.101.98.126:25602] AH01071: Got error 'Primary script unknown\n'
[Sat May 02 04:59:50.561726 2020] [proxy_fcgi:error] [pid 16411:tid 140603078219520] [client 108.162.229.34:13450] AH01071: Got error 'Primary script unknown\n'
[Sat May 02 04:59:51.062184 2020] [proxy_fcgi:error] [pid 16411:tid 140601970378496] [client 141.101.69.231:37362] AH01071: Got error 'Primary script unknown\n'
[Sat May 02 04:59:51.568790 2020] [proxy_fcgi:error] [pid 16411:tid 140601995556608] [client 141.101.69.121:52920] AH01071: Got error 'Primary script unknown\n'
[Sat May 02 04:59:52.213910 2020] [proxy_fcgi:error] [pid 16182:tid 140603002189568] [client 162.158.155.128:37882] AH01071: Got error 'Primary script unknown\n'
[Sat May 02 04:59:52.728575 2020] [proxy_fcgi:error] [pid 16411:tid 140602708576000] [client 162.158.158.165:20418] AH01071: Got error 'Primary script unknown\n'
[Sat May 02 04:59:53.403405 2020] [proxy_fcgi:error] [pid 16182:tid 140602935047936] [client 162.158.158.127:56840] AH01071: Got error 'Primary script unknown\n'
[Sat May 02 04:59:53.740897 2020] [proxy_fcgi:error] [pid 16182:tid 140603078219520] [client 141.101.98.38:42102] AH01071: Got error 'Primary script unknown\n'
[Sat May 02 04:59:54.390296 2020] [proxy_fcgi:error] [pid 16185:tid 140602750506752] [client 162.158.155.218:41834] AH01071: Got error 'Primary script unknown\n'
[Sat May 02 04:59:54.884825 2020] [proxy_fcgi:error] [pid 16182:tid 140602867906304] [client 141.101.98.34:39912] AH01071: Got error 'Primary script unknown\n'
[Sat May 02 04:59:55.388936 2020] [proxy_fcgi:error] [pid 16185:tid 140602775684864] [client 141.101.107.114:27074] AH01071: Got error 'Primary script unknown\n'
[Sat May 02 04:59:56.018779 2020] [proxy_fcgi:error] [pid 16182:tid 140602918262528] [client 141.101.69.127:36596] AH01071: Got error 'Primary script unknown\n'
[Sat May 02 04:59:56.878774 2020] [proxy_fcgi:error] [pid 16411:tid 140602733754112] [client 141.101.69.127:37580] AH01071: Got error 'Primary script unknown\n'
[Sat May 02 04:59:57.207089 2020] [proxy_fcgi:error] [pid 16185:tid 140602649794304] [client 141.101.69.127:38006] AH01071: Got error 'Primary script unknown\n'
[Sat May 02 04:59:57.551613 2020] [proxy_fcgi:error] [pid 16411:tid 140603120183040] [client 162.158.155.128:44418] AH01071: Got error 'Primary script unknown\n'
[Sat May 02 04:59:58.200410 2020] [proxy_fcgi:error] [pid 16185:tid 140602767292160] [client 141.101.98.126:38766] AH01071: Got error 'Primary script unknown\n'
[Sat May 02 04:59:58.536296 2020] [proxy_fcgi:error] [pid 16411:tid 140602087810816] [client 108.162.229.34:24192] AH01071: Got error 'Primary script unknown\n'
[Sat May 02 04:59:59.224757 2020] [proxy_fcgi:error] [pid 16182:tid 140603103397632] [client 141.101.69.231:59750] AH01071: Got error 'Primary script unknown\n'
[Sat May 02 04:59:59.729498 2020] [proxy_fcgi:error] [pid 16183:tid 140602851120896] [client 141.101.107.114:45144] AH01071: Got error 'Primary script unknown\n'
[Sat May 02 05:00:00.027545 2020] [proxy_fcgi:error] [pid 16182:tid 140602977011456] [client 141.101.98.126:41204] AH01071: Got error 'Primary script unknown\n'
[Sat May 02 05:00:00.358960 2020] [proxy_fcgi:error] [pid 16411:tid 140602096203520] [client 141.101.98.38:51596] AH01071: Got error 'Primary script unknown\n'
[Sat May 02 05:57:36.697659 2020] [proxy_fcgi:error] [pid 27530:tid 140602851186432] [client 172.69.190.28:11234] AH01071: Got error 'Primary script unknown\n'
[Sat May 02 08:44:52.688232 2020] [proxy_fcgi:error] [pid 16182:tid 140602960226048] [client 172.69.190.16:49178] AH01071: Got error 'Primary script unknown\n'
[Sat May 02 08:52:13.988977 2020] [proxy_fcgi:error] [pid 7404:tid 140602985404160] [client 172.69.190.70:42958] AH01071: Got error 'Primary script unknown\n'
[Sat May 02 10:54:34.764596 2020] [proxy_fcgi:error] [pid 16183:tid 140602859513600] [client 172.69.190.28:23544] AH01071: Got error 'Primary script unknown\n'
[Sun May 03 00:24:39.122852 2020] [proxy_http:error] [pid 16411:tid 140603103397632] (70007)The timeout specified has expired: [client 172.68.65.216:64142] AH01102: error reading status line from remote server 127.0.0.1:8888
[Sun May 03 00:24:39.123335 2020] [proxy:error] [pid 16411:tid 140603103397632] [client 172.68.65.216:64142] AH00898: Error reading from remote server returned by /viewpics.cfm
[Sun May 03 00:54:09.290988 2020] [proxy:error] [pid 16182:tid 140602901477120] (110)Connection timed out: AH00957: HTTP: attempt to connect to 127.0.0.1:8888 (*) failed
[Sun May 03 00:54:09.291557 2020] [proxy_http:error] [pid 16182:tid 140602901477120] [client 108.162.245.166:55808] AH01114: HTTP: failed to make connection to backend: 127.0.0.1
[Sun May 03 02:13:08.364166 2020] [proxy:error] [pid 7282:tid 140603120183040] (110)Connection timed out: AH00957: HTTP: attempt to connect to 127.0.0.1:8888 (*) failed
[Sun May 03 02:13:08.364181 2020] [proxy_http:error] [pid 7282:tid 140603120183040] [client 108.162.245.14:38010] AH01114: HTTP: failed to make connection to backend: 127.0.0.1
[Sun May 03 04:13:04.634296 2020] [proxy_fcgi:error] [pid 14692:tid 140602096203520] [client 162.158.89.169:31278] AH01071: Got error 'Primary script unknown\n'
[Sun May 03 04:13:23.714219 2020] [proxy_fcgi:error] [pid 14834:tid 140601911662336] [client 162.158.94.26:22148] AH01071: Got error 'Primary script unknown\n'
[Sun May 03 07:26:59.723165 2020] [proxy:error] [pid 15218:tid 140602649859840] (110)Connection timed out: AH00957: HTTP: attempt to connect to 127.0.0.1:8888 (*) failed
[Sun May 03 07:26:59.723191 2020] [proxy_http:error] [pid 15218:tid 140602649859840] [client 162.158.106.156:23890] AH01114: HTTP: failed to make connection to backend: 127.0.0.1
[Sun May 03 07:40:10.250886 2020] [proxy:error] [pid 14621:tid 140601961985792] (110)Connection timed out: AH00957: HTTP: attempt to connect to 127.0.0.1:8888 (*) failed
[Sun May 03 07:40:10.250937 2020] [proxy_http:error] [pid 14621:tid 140601961985792] [client 162.158.186.18:29806] AH01114: HTTP: failed to make connection to backend: 127.0.0.1
[Sun May 03 07:43:08.427011 2020] [proxy:error] [pid 15296:tid 140601978771200] (110)Connection timed out: AH00957: HTTP: attempt to connect to 127.0.0.1:8888 (*) failed
[Sun May 03 07:43:08.427068 2020] [proxy_http:error] [pid 15296:tid 140601978771200] [client 162.158.187.163:43492] AH01114: HTTP: failed to make connection to backend: 127.0.0.1
[Sun May 03 07:47:40.811452 2020] [proxy:error] [pid 15109:tid 140602859513600] (110)Connection timed out: AH00957: HTTP: attempt to connect to 127.0.0.1:8888 (*) failed
[Sun May 03 07:47:40.811478 2020] [proxy_http:error] [pid 15109:tid 140602859513600] [client 162.158.187.95:58534] AH01114: HTTP: failed to make connection to backend: 127.0.0.1
[Wed May 06 00:15:04.238403 2020] [proxy_fcgi:error] [pid 15039:tid 140602733754112] [client 172.68.38.104:51338] AH01071: Got error 'Primary script unknown\n'
[Wed May 06 00:15:11.445858 2020] [proxy_fcgi:error] [pid 15039:tid 140603120183040] [client 172.68.38.46:36224] AH01071: Got error 'Primary script unknown\n'
[Wed May 06 00:15:12.112644 2020] [proxy_fcgi:error] [pid 15296:tid 140602188490496] [client 172.68.38.128:15072] AH01071: Got error 'Primary script unknown\n'
[Wed May 06 00:15:14.096186 2020] [proxy_fcgi:error] [pid 15296:tid 140602725361408] [client 172.68.38.46:37534] AH01071: Got error 'Primary script unknown\n'
[Wed May 06 01:56:54.260837 2020] [proxy_fcgi:error] [pid 15039:tid 140603103397632] [client 172.69.135.172:14242] AH01071: Got error 'Primary script unknown\n'
[Wed May 06 01:56:54.925162 2020] [proxy_fcgi:error] [pid 14763:tid 140602666645248] [client 162.158.167.12:46752] AH01071: Got error 'Primary script unknown\n'
[Wed May 06 01:56:55.941899 2020] [proxy_fcgi:error] [pid 14763:tid 140602624681728] [client 162.158.165.232:53776] AH01071: Got error 'Primary script unknown\n'
[Wed May 06 01:56:56.615306 2020] [proxy_fcgi:error] [pid 14763:tid 140602079418112] [client 172.69.135.106:17318] AH01071: Got error 'Primary script unknown\n'
[Wed May 06 01:56:57.296954 2020] [proxy_fcgi:error] [pid 14763:tid 140602616289024] [client 172.69.134.195:39182] AH01071: Got error 'Primary script unknown\n'
[Wed May 06 01:56:57.966680 2020] [proxy_fcgi:error] [pid 14692:tid 140602121381632] [client 172.69.134.63:22234] AH01071: Got error 'Primary script unknown\n'
[Fri May 08 04:17:15.043197 2020] [proxy_fcgi:error] [pid 12473:tid 139693735732992] (70007)The timeout specified has expired: [client 108.162.216.238:10614] AH01075: Error dispatching request to : (polling)
[Fri May 08 04:18:33.414956 2020] [proxy:error] [pid 24530:tid 139693844838144] (111)Connection refused: AH00957: HTTP: attempt to connect to 127.0.0.1:8888 (*) failed
[Fri May 08 04:18:33.436032 2020] [proxy_http:error] [pid 24530:tid 139693844838144] [client 162.158.107.91:31738] AH01114: HTTP: failed to make connection to backend: 127.0.0.1
[Fri May 08 04:19:00.363017 2020] [proxy:error] [pid 11170:tid 139693802874624] (111)Connection refused: AH00957: HTTP: attempt to connect to 127.0.0.1:8888 (*) failed
[Fri May 08 04:19:00.363056 2020] [proxy_http:error] [pid 11170:tid 139693802874624] [client 162.158.106.156:17388] AH01114: HTTP: failed to make connection to backend: 127.0.0.1
[Fri May 08 04:21:38.714129 2020] [proxy_fcgi:error] [pid 12473:tid 139693960824576] (70007)The timeout specified has expired: [client 108.162.216.30:24488] AH01075: Error dispatching request to : (polling)
[Fri May 08 04:26:33.263141 2020] [proxy_fcgi:error] [pid 16992:tid 139693802874624] (70007)The timeout specified has expired: [client 162.158.74.233:39302] AH01075: Error dispatching request to : (polling)
[Fri May 08 05:59:45.920816 2020] [proxy:error] [pid 24891:tid 139693064709888] (111)Connection refused: AH00957: HTTP: attempt to connect to 127.0.0.1:8888 (*) failed
[Fri May 08 05:59:45.921288 2020] [proxy_http:error] [pid 24891:tid 139693064709888] [client 162.158.106.78:55758] AH01114: HTTP: failed to make connection to backend: 127.0.0.1
[Fri May 08 07:02:18.664637 2020] [proxy:error] [pid 24685:tid 139693861623552] (111)Connection refused: AH00957: HTTP: attempt to connect to 127.0.0.1:8888 (*) failed
[Fri May 08 07:02:18.665149 2020] [proxy_http:error] [pid 24685:tid 139693861623552] [client 162.158.106.66:17176] AH01114: HTTP: failed to make connection to backend: 127.0.0.1
[Fri May 08 13:56:43.051461 2020] [proxy_fcgi:error] [pid 11171:tid 139693047924480] [client 141.101.97.125:23608] AH01071: Got error 'Primary script unknown\n'
[Fri May 08 13:56:45.744851 2020] [proxy_fcgi:error] [pid 24685:tid 139693994395392] [client 172.68.214.153:28764] AH01071: Got error 'Primary script unknown\n'
[Fri May 08 13:56:52.121824 2020] [proxy_fcgi:error] [pid 11171:tid 139693064709888] [client 141.101.97.125:23608] AH01071: Got error 'Primary script unknown\n'
[Fri May 08 19:02:36.042960 2020] [proxy:error] [pid 1010:tid 140059797866240] (111)Connection refused: AH00957: HTTP: attempt to connect to 127.0.0.1:8888 (*) failed
[Fri May 08 19:02:36.043883 2020] [proxy_http:error] [pid 1010:tid 140059797866240] [client 173.245.54.219:55948] AH01114: HTTP: failed to make connection to backend: 127.0.0.1
[Sat May 09 12:55:54.341940 2020] [proxy_fcgi:error] [pid 28733:tid 139868579469056] [client 108.162.212.79:17482] AH01071: Got error 'Primary script unknown\n'
[Sat May 09 12:56:23.501095 2020] [proxy_fcgi:error] [pid 28451:tid 139868109772544] [client 162.158.186.96:56802] AH01071: Got error 'Primary script unknown\n'
[Sat May 09 12:56:28.484222 2020] [proxy_fcgi:error] [pid 28451:tid 139867983947520] [client 162.158.122.228:41742] AH01071: Got error 'Primary script unknown\n'
[Sat May 09 12:56:44.917856 2020] [proxy_fcgi:error] [pid 28733:tid 139868613039872] [client 162.158.122.12:26914] AH01071: Got error 'Primary script unknown\n'
[Sat May 09 23:58:27.034655 2020] [proxy_fcgi:error] [pid 32295:tid 140371736651520] [client 172.69.63.201:57486] AH01071: Got error 'Primary script unknown\n'
[Sat May 09 23:58:30.314865 2020] [proxy_fcgi:error] [pid 32314:tid 140371627546368] [client 172.69.62.232:53242] AH01071: Got error 'Primary script unknown\n'
[Sat May 09 23:58:30.819785 2020] [proxy_fcgi:error] [pid 29046:tid 140371082315520] [client 172.69.63.201:64992] AH01071: Got error 'Primary script unknown\n'
[Sat May 09 23:58:31.802001 2020] [proxy_fcgi:error] [pid 32293:tid 140371543717632] [client 172.69.63.75:20398] AH01071: Got error 'Primary script unknown\n'
[Sun May 10 04:11:05.392740 2020] [proxy_fcgi:error] [pid 22210:tid 140371350685440] [client 172.68.65.132:22446] AH01071: Got error 'Primary script unknown\n'
[Sun May 10 04:12:32.856722 2020] [proxy_fcgi:error] [pid 22505:tid 140371585582848] [client 173.245.54.85:24726] AH01071: Got error 'Primary script unknown\n'
[Sun May 10 04:12:51.433311 2020] [proxy_fcgi:error] [pid 22505:tid 140371822106368] [client 172.69.63.201:22182] AH01071: Got error 'Primary script unknown\n'
[Sun May 10 04:13:38.607216 2020] [proxy_fcgi:error] [pid 22212:tid 140371728258816] [client 173.245.54.163:18690] AH01071: Got error 'Primary script unknown\n'
[Sun May 10 09:37:59.111516 2020] [proxy_fcgi:error] [pid 18821:tid 140522798704384] [client 172.69.62.232:37630] AH01071: Got error 'Primary script unknown\n'
[Sun May 10 09:37:59.135319 2020] [proxy_fcgi:error] [pid 18821:tid 140523843016448] [client 173.245.54.241:54452] AH01071: Got error 'Primary script unknown\n'
[Sun May 10 14:56:44.890061 2020] [proxy_fcgi:error] [pid 13866:tid 140523511691008] [client 162.158.167.20:57904] AH01067: Failed to read FastCGI header
[Sun May 10 14:56:44.893694 2020] [proxy_fcgi:error] [pid 13866:tid 140523511691008] (104)Connection reset by peer: [client 162.158.167.20:57904] AH01075: Error dispatching request to :
[Sun May 10 14:56:44.892747 2020] [proxy_fcgi:error] [pid 19035:tid 140522798704384] [client 172.68.146.122:35660] AH01067: Failed to read FastCGI header
[Sun May 10 14:56:44.895335 2020] [proxy_fcgi:error] [pid 19035:tid 140522798704384] (104)Connection reset by peer: [client 172.68.146.122:35660] AH01075: Error dispatching request to :
[Sun May 10 14:56:45.391107 2020] [proxy:error] [pid 13661:tid 140523327182592] (111)Connection refused: AH02454: FCGI: attempt to connect to Unix domain socket /run/php-fpm/www.sock (*) failed
[Sun May 10 14:56:45.391153 2020] [proxy_fcgi:error] [pid 13661:tid 140523327182592] [client 172.68.146.134:51260] AH01079: failed to make connection to backend: httpd-UDS
[Sun May 10 14:56:50.894447 2020] [proxy:error] [pid 13661:tid 140523209750272] (111)Connection refused: AH02454: FCGI: attempt to connect to Unix domain socket /run/php-fpm/www.sock (*) failed
[Sun May 10 14:56:50.894484 2020] [proxy_fcgi:error] [pid 13661:tid 140523209750272] [client 162.158.165.244:42142] AH01079: failed to make connection to backend: httpd-UDS
[Sun May 10 14:56:51.378686 2020] [proxy:error] [pid 19035:tid 140523834623744] (111)Connection refused: AH02454: FCGI: attempt to connect to Unix domain socket /run/php-fpm/www.sock (*) failed
[Sun May 10 14:56:51.378720 2020] [proxy_fcgi:error] [pid 19035:tid 140523834623744] [client 162.158.167.20:58746] AH01079: failed to make connection to backend: httpd-UDS
[Sun May 10 15:31:16.422611 2020] [proxy_fcgi:error] [pid 770:tid 140285291976448] [client 162.158.106.108:41372] AH01067: Failed to read FastCGI header
[Sun May 10 15:31:16.422693 2020] [proxy_fcgi:error] [pid 770:tid 140285291976448] (104)Connection reset by peer: [client 162.158.106.108:41372] AH01075: Error dispatching request to :
[Mon May 11 06:45:50.617773 2020] [proxy_fcgi:error] [pid 26650:tid 140457208166144] [client 162.158.75.118:33950] AH01071: Got error 'Primary script unknown\n'
[Mon May 11 06:45:59.917941 2020] [proxy_fcgi:error] [pid 26438:tid 140456780334848] [client 162.158.74.13:18936] AH01071: Got error 'Primary script unknown\n'
[Mon May 11 06:46:01.439256 2020] [proxy_fcgi:error] [pid 26650:tid 140457770215168] [client 162.158.75.180:63422] AH01071: Got error 'Primary script unknown\n'
[Mon May 11 06:46:05.516910 2020] [proxy_fcgi:error] [pid 26650:tid 140457990407936] [client 162.158.75.184:64078] AH01071: Got error 'Primary script unknown\n'
[Mon May 11 16:59:57.445448 2020] [proxy_fcgi:error] [pid 32767:tid 139619580503808] [client 173.245.54.221:64158] AH01071: Got error 'Primary script unknown\n'
[Mon May 11 16:59:58.023024 2020] [proxy_fcgi:error] [pid 6812:tid 139620243199744] [client 173.245.54.87:56550] AH01071: Got error 'Primary script unknown\n'
[Mon May 11 21:15:51.749053 2020] [proxy_fcgi:error] [pid 30345:tid 139700052424448] [client 162.158.75.24:60168] AH01071: Got error 'Primary script unknown\n'
[Mon May 11 21:15:53.271635 2020] [proxy_fcgi:error] [pid 30130:tid 139701193275136] [client 162.158.74.49:55052] AH01071: Got error 'Primary script unknown\n'
[Tue May 12 02:47:45.652632 2020] [proxy_fcgi:error] [pid 4694:tid 139724790351616] [client 173.245.54.163:64386] AH01071: Got error 'Primary script unknown\n'
[Tue May 12 02:47:52.420968 2020] [proxy_fcgi:error] [pid 4694:tid 139725028038400] [client 172.69.63.143:18340] AH01071: Got error 'Primary script unknown\n'
[Tue May 12 23:09:41.006234 2020] [proxy_fcgi:error] [pid 2378:tid 140710653167360] [client 108.162.216.202:23976] AH01071: Got error 'Primary script unknown\n'
[Tue May 12 23:09:43.404076 2020] [proxy_fcgi:error] [pid 2597:tid 140710510589696] [client 162.158.74.21:15726] AH01071: Got error 'Primary script unknown\n'
[Wed May 13 20:00:59.455952 2020] [proxy_fcgi:error] [pid 16332:tid 139998820988672] [client 162.158.74.49:61714] AH01071: Got error 'Primary script unknown\n'
[Thu May 14 05:34:55.637393 2020] [authz_core:error] [pid 4902:tid 140717489911552] [client 162.158.159.140:36050] AH01630: client denied by server configuration: /home/home2/domains/conciergechoiceawardswp.org
[Thu May 14 06:07:40.094162 2020] [authz_core:error] [pid 17485:tid 139981842544384] [client 162.158.78.172:25076] AH01630: client denied by server configuration: /home/home2/domains/conciergechoiceawardswp.org
[Thu May 14 12:29:25.996529 2020] [authz_core:error] [pid 22881:tid 140082497447680] [client 162.158.179.138:24794] AH01630: client denied by server configuration: /home/home2/domains/conciergechoiceawardswp.org
[Thu May 14 18:42:13.323031 2020] [proxy_fcgi:error] [pid 31454:tid 140523838875392] [client 162.158.154.43:9902] AH01071: Got error 'Primary script unknown\n'
[Thu May 14 19:34:06.602301 2020] [proxy_fcgi:error] [pid 31457:tid 140523763373824] [client 162.158.158.151:39000] AH01071: Got error 'Primary script unknown\n'
[Fri May 15 11:08:31.913438 2020] [proxy_fcgi:error] [pid 11487:tid 140567962937088] [client 141.101.107.234:35526] AH01071: Got error 'Primary script unknown\n'
[Fri May 15 16:05:13.847840 2020] [authz_core:error] [pid 12051:tid 140121747740416] [client 162.158.2.228:49478] AH01630: client denied by server configuration: /home/home2/domains/conciergechoiceawardswp.org
[Fri May 15 16:11:28.926640 2020] [proxy_fcgi:error] [pid 12051:tid 140121722562304] [client 162.158.158.39:18982] AH01071: Got error 'Primary script unknown\n'
[Fri May 15 20:53:58.719560 2020] [proxy_fcgi:error] [pid 3331:tid 140106035840768] [client 162.158.75.120:47274] AH01071: Got error 'Primary script unknown\n', referer: conciergechoiceawards.com
[Fri May 15 20:54:27.352986 2020] [proxy_fcgi:error] [pid 3552:tid 140106161698560] [client 108.162.216.54:60436] AH01071: Got error 'Primary script unknown\n', referer: conciergechoiceawards.com
[Fri May 15 20:55:54.093569 2020] [proxy_fcgi:error] [pid 3552:tid 140106170091264] [client 162.158.74.11:49252] AH01071: Got error 'Primary script unknown\n', referer: conciergechoiceawards.com
[Sun May 17 01:33:48.394358 2020] [proxy_fcgi:error] [pid 14268:tid 140556764116736] [client 172.69.69.202:9734] AH01071: Got error 'Primary script unknown\n'
[Sun May 17 01:33:56.770566 2020] [proxy_fcgi:error] [pid 14486:tid 140556890007296] [client 172.69.68.181:9090] AH01071: Got error 'Primary script unknown\n'
[Sun May 17 01:33:58.233191 2020] [proxy_fcgi:error] [pid 14486:tid 140556311172864] [client 172.69.69.202:23816] AH01071: Got error 'Primary script unknown\n'
[Sun May 17 01:34:02.143980 2020] [proxy_fcgi:error] [pid 14486:tid 140556353136384] [client 108.162.221.113:12620] AH01071: Got error 'Primary script unknown\n'
[Mon May 18 07:50:44.268922 2020] [authz_core:error] [pid 4154:tid 139670994286336] [client 162.158.63.8:64974] AH01630: client denied by server configuration: /home/home2/domains/conciergechoiceawardswp.org
[Tue May 19 06:41:27.425217 2020] [authz_core:error] [pid 29637:tid 140016638473984] [client 172.69.34.18:34956] AH01630: client denied by server configuration: /home/home2/domains/conciergechoiceawardswp.org
[Tue May 19 21:16:23.886226 2020] [proxy_fcgi:error] [pid 20110:tid 139955678414592] [client 108.162.246.107:9762] AH01071: Got error 'Primary script unknown\n'
[Wed May 20 20:43:49.387658 2020] [proxy_fcgi:error] [pid 28652:tid 140303134607104] [client 108.162.215.62:58978] AH01071: Got error 'Primary script unknown\n', referer: http://www.conciergechoiceawards.com//radminpass.php
[Thu May 21 07:42:18.765750 2020] [proxy_fcgi:error] [pid 8302:tid 140283446466304] [client 108.162.229.160:60614] AH01071: Got error 'Primary script unknown\n', referer: conciergechoiceawards.com
[Thu May 21 07:43:06.544297 2020] [proxy_fcgi:error] [pid 31505:tid 140283463251712] [client 141.101.69.19:42808] AH01071: Got error 'Primary script unknown\n', referer: conciergechoiceawards.com
[Sat May 23 20:21:14.636153 2020] [proxy_fcgi:error] [pid 567:tid 140010892224256] [client 172.68.11.221:21134] AH01071: Got error 'Primary script unknown\n'
[Mon May 25 13:39:08.583499 2020] [proxy_fcgi:error] [pid 8497:tid 140232418649856] [client 162.158.134.4:30366] AH01071: Got error 'Primary script unknown\n', referer: conciergechoiceawards.com
[Mon May 25 18:04:11.856747 2020] [proxy_fcgi:error] [pid 13509:tid 140253608265472] [client 162.158.62.147:33758] AH01071: Got error 'Primary script unknown\n', referer: conciergechoiceawards.com
[Mon May 25 18:04:38.190550 2020] [proxy_fcgi:error] [pid 13723:tid 140254324614912] [client 162.158.63.118:13156] AH01071: Got error 'Primary script unknown\n', referer: conciergechoiceawards.com
[Mon May 25 18:04:41.821272 2020] [proxy_fcgi:error] [pid 13510:tid 140253876635392] [client 108.162.219.112:36406] AH01071: Got error 'Primary script unknown\n', referer: conciergechoiceawards.com
[Thu May 28 10:44:49.765144 2020] [proxy_fcgi:error] [pid 12246:tid 139899827119872] [client 188.114.103.143:43918] AH01067: Failed to read FastCGI header
[Thu May 28 10:44:49.765811 2020] [proxy_fcgi:error] [pid 12246:tid 139899827119872] (104)Connection reset by peer: [client 188.114.103.143:43918] AH01075: Error dispatching request to :
[Thu May 28 10:44:50.081695 2020] [proxy:error] [pid 12435:tid 139900808541952] (2)No such file or directory: AH02454: FCGI: attempt to connect to Unix domain socket /run/php-fpm/www.sock (*) failed
[Thu May 28 10:44:50.081735 2020] [proxy_fcgi:error] [pid 12435:tid 139900808541952] [client 188.114.103.143:44510] AH01079: failed to make connection to backend: httpd-UDS
[Thu May 28 10:45:09.555111 2020] [proxy:error] [pid 12246:tid 139900212987648] (111)Connection refused: AH02454: FCGI: attempt to connect to Unix domain socket /run/php-fpm/www.sock (*) failed
[Thu May 28 10:45:09.555143 2020] [proxy_fcgi:error] [pid 12246:tid 139900212987648] [client 188.114.103.143:60420] AH01079: failed to make connection to backend: httpd-UDS, referer: https://conciergechoiceawards.com//wp-login.php
[Sat May 30 02:24:25.195177 2020] [proxy_fcgi:error] [pid 22602:tid 140124172052224] [client 172.69.70.149:36560] AH01071: Got error 'Primary script unknown\n'
[Sat May 30 02:24:53.313519 2020] [proxy_fcgi:error] [pid 22602:tid 140124295345920] [client 172.69.70.149:13548] AH01071: Got error 'Primary script unknown\n'
[Sat May 30 02:27:42.135624 2020] [proxy_fcgi:error] [pid 22389:tid 140123945547520] [client 172.69.71.58:24658] AH01071: Got error 'Primary script unknown\n'
[Sat May 30 02:28:04.669176 2020] [proxy_fcgi:error] [pid 22389:tid 140124088125184] [client 108.162.221.227:60478] AH01071: Got error 'Primary script unknown\n'
[Sat May 30 02:28:26.832499 2020] [proxy_fcgi:error] [pid 22602:tid 140124029441792] [client 172.69.68.205:52764] AH01071: Got error 'Primary script unknown\n'
[Sat May 30 02:29:44.387876 2020] [proxy_fcgi:error] [pid 22602:tid 140124021049088] [client 172.69.68.205:18658] AH01071: Got error 'Primary script unknown\n'
[Sat May 30 02:30:10.590173 2020] [proxy_fcgi:error] [pid 22387:tid 140124286953216] [client 172.69.71.58:16396] AH01071: Got error 'Primary script unknown\n'
[Sat May 30 02:31:25.943199 2020] [proxy_fcgi:error] [pid 22602:tid 140124012656384] [client 108.162.221.227:9212] AH01071: Got error 'Primary script unknown\n'
[Sat May 30 02:31:54.584371 2020] [proxy_fcgi:error] [pid 22387:tid 140124113303296] [client 172.69.70.149:9952] AH01071: Got error 'Primary script unknown\n'
[Sat May 30 02:32:18.586964 2020] [proxy_fcgi:error] [pid 22602:tid 140124303738624] [client 172.69.68.205:57716] AH01071: Got error 'Primary script unknown\n'
[Sat May 30 02:32:42.163169 2020] [proxy_fcgi:error] [pid 22602:tid 140123895224064] [client 172.69.70.149:10672] AH01071: Got error 'Primary script unknown\n'
[Sat May 30 02:33:15.417120 2020] [proxy_fcgi:error] [pid 22602:tid 140124180444928] [client 108.162.221.125:27588] AH01071: Got error 'Primary script unknown\n'
[Sat May 30 02:34:04.160629 2020] [proxy_fcgi:error] [pid 22385:tid 140123836475136] [client 108.162.221.125:30968] AH01071: Got error 'Primary script unknown\n'
[Sat May 30 02:34:27.954004 2020] [proxy_fcgi:error] [pid 22602:tid 140124270167808] [client 172.69.69.40:40820] AH01071: Got error 'Primary script unknown\n'
[Sat May 30 02:34:57.111884 2020] [proxy_fcgi:error] [pid 22602:tid 140124029441792] [client 108.162.221.125:37454] AH01071: Got error 'Primary script unknown\n'
[Sat May 30 04:09:52.961340 2020] [proxy_fcgi:error] [pid 3060:tid 140307454752512] [client 108.162.219.90:46020] AH01071: Got error 'Primary script unknown\n', referer: conciergechoiceawards.com
[Sat May 30 05:14:16.058586 2020] [proxy_fcgi:error] [pid 6614:tid 140307102390016] [client 173.245.52.109:30112] AH01071: Got error 'Primary script unknown\n', referer: conciergechoiceawards.com
[Sat May 30 05:15:35.507219 2020] [proxy_fcgi:error] [pid 2841:tid 140307312076544] [client 108.162.219.156:55030] AH01071: Got error 'Primary script unknown\n', referer: conciergechoiceawards.com
[Sat May 30 05:30:09.228537 2020] [proxy_fcgi:error] [pid 2843:tid 140307295291136] [client 172.68.50.74:10306] AH01071: Got error 'Primary script unknown\n', referer: conciergechoiceawards.com
[Sat May 30 11:57:25.485700 2020] [proxy_fcgi:error] [pid 8544:tid 140316682172160] [client 172.69.63.173:57838] AH01071: Got error 'Primary script unknown\n'
[Sat May 30 11:57:26.362747 2020] [proxy_fcgi:error] [pid 8757:tid 140316881299200] [client 173.245.54.249:58696] AH01071: Got error 'Primary script unknown\n'
[Sat May 30 11:57:28.655534 2020] [proxy_fcgi:error] [pid 8757:tid 140316363446016] [client 162.158.79.11:61636] AH01071: Got error 'Primary script unknown\n'
[Sat May 30 11:57:29.560753 2020] [proxy_fcgi:error] [pid 19159:tid 140316346660608] [client 162.158.79.221:23890] AH01071: Got error 'Primary script unknown\n'
[Sat May 30 11:57:30.245149 2020] [proxy_fcgi:error] [pid 8757:tid 140316329875200] [client 162.158.79.221:25260] AH01071: Got error 'Primary script unknown\n'
[Sat May 30 11:57:46.634111 2020] [proxy_fcgi:error] [pid 19159:tid 140316872906496] [client 173.245.54.19:45882] AH01071: Got error 'Primary script unknown\n'
[Sat May 30 11:57:57.246561 2020] [proxy_fcgi:error] [pid 8757:tid 140316346660608] [client 172.69.62.250:62540] AH01071: Got error 'Primary script unknown\n'
[Sat May 30 11:58:07.796437 2020] [proxy_fcgi:error] [pid 19159:tid 140316881299200] [client 172.69.62.58:12004] AH01071: Got error 'Primary script unknown\n'
[Sat May 30 11:58:13.332857 2020] [proxy_fcgi:error] [pid 8544:tid 140316757706496] [client 172.69.63.51:55510] AH01071: Got error 'Primary script unknown\n'
[Sat May 30 12:01:41.663319 2020] [proxy_fcgi:error] [pid 21644:tid 140508445800192] [client 162.158.78.226:17118] AH01071: Got error 'Primary script unknown\n'
[Sun May 31 14:17:02.224533 2020] [proxy_fcgi:error] [pid 26868:tid 140456872589056] [client 162.158.158.233:34694] AH01071: Got error 'Primary script unknown\n'
[Sun May 31 14:17:18.825476 2020] [proxy_fcgi:error] [pid 26938:tid 140455949883136] [client 141.101.98.12:58650] AH01071: Got error 'Primary script unknown\n'
[Sun May 31 14:17:21.093428 2020] [proxy_fcgi:error] [pid 26870:tid 140456637691648] [client 141.101.98.130:63932] AH01071: Got error 'Primary script unknown\n'
[Sun May 31 14:17:27.442419 2020] [proxy_fcgi:error] [pid 27086:tid 140455857596160] [client 162.158.158.191:26360] AH01071: Got error 'Primary script unknown\n'
[Sun May 31 15:11:40.537044 2020] [proxy_fcgi:error] [pid 26868:tid 140456880981760] [client 141.101.98.144:29424] AH01071: Got error 'Primary script unknown\n'
[Sun May 31 15:11:41.566493 2020] [proxy_fcgi:error] [pid 26938:tid 140456763582208] [client 141.101.107.162:50966] AH01071: Got error 'Primary script unknown\n'
[Sun May 31 15:11:49.596905 2020] [proxy_fcgi:error] [pid 26938:tid 140456956516096] [client 162.158.154.91:31572] AH01071: Got error 'Primary script unknown\n'
