403Webshell
Server IP : 104.21.21.239  /  Your IP : 216.73.216.11
Web Server : Apache/2.4.68 (Amazon Linux) OpenSSL/3.5.5
System : Linux ip-172-31-69-123.ec2.internal 6.1.176-223.369.amzn2023.x86_64 #1 SMP PREEMPT_DYNAMIC Fri Jul 24 13:34:27 UTC 2026 x86_64
User : ec2-user ( 1000)
PHP Version : 8.4.23
Disable Function : NONE
MySQL : OFF  |  cURL : ON  |  WGET : ON  |  Perl : ON  |  Python : OFF  |  Sudo : ON  |  Pkexec : ON
Directory :  /home/nymp/wwwdev/

Upload File :
current_dir [ Writeable ] document_root [ Writeable ]

 

Command :


[ Back ]     

Current File : /home/nymp/wwwdev/access_log
162.158.62.13 - - [05/Mar/2020:09:37:00 -0500] "GET / HTTP/1.1" 403 3630 "-" "Mozilla/5.0 (Macintosh; Intel Mac OS X 10_15_3) AppleWebKit/605.1.15 (KHTML, like Gecko) Version/13.0.5 Safari/605.1.15"
108.162.219.26 - - [05/Mar/2020:09:37:02 -0500] "GET / HTTP/1.1" 403 3630 "-" "Mozilla/5.0 (Macintosh; Intel Mac OS X 10_15_3) AppleWebKit/605.1.15 (KHTML, like Gecko) Version/13.0.5 Safari/605.1.15"
108.162.219.26 - - [05/Mar/2020:09:39:29 -0500] "GET / HTTP/1.1" 500 - "-" "Mozilla/5.0 (Macintosh; Intel Mac OS X 10_15_3) AppleWebKit/605.1.15 (KHTML, like Gecko) Version/13.0.5 Safari/605.1.15"
108.162.219.136 - - [05/Mar/2020:09:52:31 -0500] "GET / HTTP/1.1" 500 - "-" "Mozilla/5.0 (Windows NT 6.1; Win64; x64; rv:73.0) Gecko/20100101 Firefox/73.0"
173.245.52.151 - - [05/Mar/2020:09:52:31 -0500] "GET /favicon.ico HTTP/1.1" 404 196 "-" "Mozilla/5.0 (Windows NT 6.1; Win64; x64; rv:73.0) Gecko/20100101 Firefox/73.0"
108.162.219.136 - - [05/Mar/2020:09:52:44 -0500] "GET / HTTP/1.1" 500 - "-" "Mozilla/5.0 (Windows NT 6.1; Win64; x64; rv:73.0) Gecko/20100101 Firefox/73.0"
173.245.52.151 - - [05/Mar/2020:09:52:45 -0500] "GET /favicon.ico HTTP/1.1" 404 196 "-" "Mozilla/5.0 (Windows NT 6.1; Win64; x64; rv:73.0) Gecko/20100101 Firefox/73.0"
162.158.63.60 - - [05/Mar/2020:11:36:35 -0500] "GET / HTTP/1.1" 500 - "-" "Mozilla/5.0 (Windows NT 6.1; Win64; x64; rv:73.0) Gecko/20100101 Firefox/73.0"
108.162.219.100 - - [05/Mar/2020:12:26:38 -0500] "GET /__phpinfo.php HTTP/1.1" 200 8 "-" "Mozilla/5.0 (Windows NT 6.1; Win64; x64; rv:73.0) Gecko/20100101 Firefox/73.0"
108.162.219.100 - - [05/Mar/2020:12:27:08 -0500] "GET /__phpinfo.php HTTP/1.1" 200 97688 "-" "Mozilla/5.0 (Windows NT 6.1; Win64; x64; rv:73.0) Gecko/20100101 Firefox/73.0"
108.162.219.100 - - [05/Mar/2020:12:27:16 -0500] "GET / HTTP/1.1" 500 - "-" "Mozilla/5.0 (Windows NT 6.1; Win64; x64; rv:73.0) Gecko/20100101 Firefox/73.0"
108.162.219.100 - - [05/Mar/2020:12:28:34 -0500] "GET / HTTP/1.1" 500 - "-" "Mozilla/5.0 (Windows NT 6.1; Win64; x64; rv:73.0) Gecko/20100101 Firefox/73.0"
108.162.219.100 - - [05/Mar/2020:12:28:38 -0500] "GET / HTTP/1.1" 500 - "-" "Mozilla/5.0 (Windows NT 6.1; Win64; x64; rv:73.0) Gecko/20100101 Firefox/73.0"
108.162.219.100 - - [05/Mar/2020:12:28:47 -0500] "GET / HTTP/1.1" 500 - "-" "Mozilla/5.0 (Windows NT 6.1; Win64; x64; rv:73.0) Gecko/20100101 Firefox/73.0"
173.245.52.151 - - [05/Mar/2020:12:28:48 -0500] "GET /favicon.ico HTTP/1.1" 404 196 "-" "Mozilla/5.0 (Windows NT 6.1; Win64; x64; rv:73.0) Gecko/20100101 Firefox/73.0"
108.162.219.100 - - [05/Mar/2020:12:31:31 -0500] "GET / HTTP/1.1" 200 5038 "-" "Mozilla/5.0 (Windows NT 6.1; Win64; x64; rv:73.0) Gecko/20100101 Firefox/73.0"
108.162.219.50 - - [05/Mar/2020:12:31:31 -0500] "GET /css/main_mobile.css?ver=1456734643 HTTP/1.1" 200 2351 "https://nympdev.davlermedia.com/" "Mozilla/5.0 (Windows NT 6.1; Win64; x64; rv:73.0) Gecko/20100101 Firefox/73.0"
108.162.219.62 - - [05/Mar/2020:12:31:31 -0500] "GET /js/jquery.slicknav.min.js?ver=1454616436 HTTP/1.1" 200 6665 "https://nympdev.davlermedia.com/" "Mozilla/5.0 (Windows NT 6.1; Win64; x64; rv:73.0) Gecko/20100101 Firefox/73.0"
108.162.219.136 - - [05/Mar/2020:12:31:31 -0500] "GET /js/jquery.wakeup.js?ver=1461595780 HTTP/1.1" 200 2396 "https://nympdev.davlermedia.com/" "Mozilla/5.0 (Windows NT 6.1; Win64; x64; rv:73.0) Gecko/20100101 Firefox/73.0"
108.162.219.178 - - [05/Mar/2020:12:31:31 -0500] "GET /css/slicknav.min.css?ver=1454616447 HTTP/1.1" 200 2353 "https://nympdev.davlermedia.com/" "Mozilla/5.0 (Windows NT 6.1; Win64; x64; rv:73.0) Gecko/20100101 Firefox/73.0"
162.158.62.177 - - [05/Mar/2020:12:31:31 -0500] "GET /css/datePicker.css?ver=1454105334 HTTP/1.1" 200 2415 "https://nympdev.davlermedia.com/" "Mozilla/5.0 (Windows NT 6.1; Win64; x64; rv:73.0) Gecko/20100101 Firefox/73.0"
173.245.52.203 - - [05/Mar/2020:12:31:31 -0500] "GET /js/date.js?ver=1454606615 HTTP/1.1" 200 12767 "https://nympdev.davlermedia.com/" "Mozilla/5.0 (Windows NT 6.1; Win64; x64; rv:73.0) Gecko/20100101 Firefox/73.0"
162.158.62.235 - - [05/Mar/2020:12:31:31 -0500] "GET /css/main.css?ver=1515980047 HTTP/1.1" 200 35855 "https://nympdev.davlermedia.com/" "Mozilla/5.0 (Windows NT 6.1; Win64; x64; rv:73.0) Gecko/20100101 Firefox/73.0"
108.162.219.20 - - [05/Mar/2020:12:31:31 -0500] "GET /js/index.js?ver=1517857683 HTTP/1.1" 200 34837 "https://nympdev.davlermedia.com/" "Mozilla/5.0 (Windows NT 6.1; Win64; x64; rv:73.0) Gecko/20100101 Firefox/73.0"
173.245.52.217 - - [05/Mar/2020:12:31:31 -0500] "GET /js/jquery.form.js?ver=1454606622 HTTP/1.1" 200 39396 "https://nympdev.davlermedia.com/" "Mozilla/5.0 (Windows NT 6.1; Win64; x64; rv:73.0) Gecko/20100101 Firefox/73.0"
108.162.219.20 - - [05/Mar/2020:12:31:31 -0500] "GET /img/close_icon.png HTTP/1.1" 404 196 "https://nympdev.davlermedia.com/" "Mozilla/5.0 (Windows NT 6.1; Win64; x64; rv:73.0) Gecko/20100101 Firefox/73.0"
173.245.52.205 - - [05/Mar/2020:12:31:31 -0500] "GET /img/loading.gif HTTP/1.1" 404 196 "https://nympdev.davlermedia.com/" "Mozilla/5.0 (Windows NT 6.1; Win64; x64; rv:73.0) Gecko/20100101 Firefox/73.0"
173.245.52.85 - - [05/Mar/2020:12:31:31 -0500] "GET /js/json2.min.js?ver=1458875434 HTTP/1.1" 200 3460 "https://nympdev.davlermedia.com/" "Mozilla/5.0 (Windows NT 6.1; Win64; x64; rv:73.0) Gecko/20100101 Firefox/73.0"
162.158.62.153 - - [05/Mar/2020:12:31:31 -0500] "GET /js/jquery.datePicker.js?ver=1454606621 HTTP/1.1" 200 42569 "https://nympdev.davlermedia.com/" "Mozilla/5.0 (Windows NT 6.1; Win64; x64; rv:73.0) Gecko/20100101 Firefox/73.0"
162.158.63.190 - - [05/Mar/2020:12:31:31 -0500] "GET /js/jquery-migrate-1.2.1.min.js?ver=1454606618 HTTP/1.1" 200 7199 "https://nympdev.davlermedia.com/" "Mozilla/5.0 (Windows NT 6.1; Win64; x64; rv:73.0) Gecko/20100101 Firefox/73.0"
173.245.52.193 - - [05/Mar/2020:12:31:31 -0500] "GET /js/jquery-1.11.2.min.js?ver=1454606617 HTTP/1.1" 200 95931 "https://nympdev.davlermedia.com/" "Mozilla/5.0 (Windows NT 6.1; Win64; x64; rv:73.0) Gecko/20100101 Firefox/73.0"
108.162.219.100 - - [05/Mar/2020:12:31:45 -0500] "GET / HTTP/1.1" 200 5038 "-" "Mozilla/5.0 (Windows NT 6.1; Win64; x64; rv:73.0) Gecko/20100101 Firefox/73.0"
162.158.62.235 - - [05/Mar/2020:12:31:45 -0500] "GET /css/main.css?ver=1515980047 HTTP/1.1" 200 35855 "https://nympdev.davlermedia.com/" "Mozilla/5.0 (Windows NT 6.1; Win64; x64; rv:73.0) Gecko/20100101 Firefox/73.0"
108.162.219.20 - - [05/Mar/2020:12:31:45 -0500] "GET /js/index.js?ver=1517857683 HTTP/1.1" 200 34837 "https://nympdev.davlermedia.com/" "Mozilla/5.0 (Windows NT 6.1; Win64; x64; rv:73.0) Gecko/20100101 Firefox/73.0"
162.158.62.153 - - [05/Mar/2020:12:31:45 -0500] "GET /js/jquery.datePicker.js?ver=1454606621 HTTP/1.1" 200 42569 "https://nympdev.davlermedia.com/" "Mozilla/5.0 (Windows NT 6.1; Win64; x64; rv:73.0) Gecko/20100101 Firefox/73.0"
173.245.52.203 - - [05/Mar/2020:12:31:45 -0500] "GET /js/date.js?ver=1454606615 HTTP/1.1" 200 12767 "https://nympdev.davlermedia.com/" "Mozilla/5.0 (Windows NT 6.1; Win64; x64; rv:73.0) Gecko/20100101 Firefox/73.0"
162.158.63.190 - - [05/Mar/2020:12:31:45 -0500] "GET /js/jquery-migrate-1.2.1.min.js?ver=1454606618 HTTP/1.1" 200 7199 "https://nympdev.davlermedia.com/" "Mozilla/5.0 (Windows NT 6.1; Win64; x64; rv:73.0) Gecko/20100101 Firefox/73.0"
162.158.62.177 - - [05/Mar/2020:12:31:45 -0500] "GET /css/datePicker.css?ver=1454105334 HTTP/1.1" 200 2415 "https://nympdev.davlermedia.com/" "Mozilla/5.0 (Windows NT 6.1; Win64; x64; rv:73.0) Gecko/20100101 Firefox/73.0"
173.245.52.217 - - [05/Mar/2020:12:31:45 -0500] "GET /js/jquery.form.js?ver=1454606622 HTTP/1.1" 200 39396 "https://nympdev.davlermedia.com/" "Mozilla/5.0 (Windows NT 6.1; Win64; x64; rv:73.0) Gecko/20100101 Firefox/73.0"
173.245.52.85 - - [05/Mar/2020:12:31:45 -0500] "GET /js/json2.min.js?ver=1458875434 HTTP/1.1" 200 3460 "https://nympdev.davlermedia.com/" "Mozilla/5.0 (Windows NT 6.1; Win64; x64; rv:73.0) Gecko/20100101 Firefox/73.0"
108.162.219.50 - - [05/Mar/2020:12:31:45 -0500] "GET /css/main_mobile.css?ver=1456734643 HTTP/1.1" 200 2351 "https://nympdev.davlermedia.com/" "Mozilla/5.0 (Windows NT 6.1; Win64; x64; rv:73.0) Gecko/20100101 Firefox/73.0"
108.162.219.178 - - [05/Mar/2020:12:31:45 -0500] "GET /css/slicknav.min.css?ver=1454616447 HTTP/1.1" 200 2353 "https://nympdev.davlermedia.com/" "Mozilla/5.0 (Windows NT 6.1; Win64; x64; rv:73.0) Gecko/20100101 Firefox/73.0"
108.162.219.62 - - [05/Mar/2020:12:31:45 -0500] "GET /js/jquery.slicknav.min.js?ver=1454616436 HTTP/1.1" 200 6665 "https://nympdev.davlermedia.com/" "Mozilla/5.0 (Windows NT 6.1; Win64; x64; rv:73.0) Gecko/20100101 Firefox/73.0"
108.162.219.136 - - [05/Mar/2020:12:31:45 -0500] "GET /js/jquery.wakeup.js?ver=1461595780 HTTP/1.1" 200 2396 "https://nympdev.davlermedia.com/" "Mozilla/5.0 (Windows NT 6.1; Win64; x64; rv:73.0) Gecko/20100101 Firefox/73.0"
173.245.52.193 - - [05/Mar/2020:12:31:45 -0500] "GET /js/jquery-1.11.2.min.js?ver=1454606617 HTTP/1.1" 200 95931 "https://nympdev.davlermedia.com/" "Mozilla/5.0 (Windows NT 6.1; Win64; x64; rv:73.0) Gecko/20100101 Firefox/73.0"
108.162.219.100 - - [05/Mar/2020:12:31:54 -0500] "POST / HTTP/1.1" 200 5159 "https://nympdev.davlermedia.com/" "Mozilla/5.0 (Windows NT 6.1; Win64; x64; rv:73.0) Gecko/20100101 Firefox/73.0"
162.158.62.177 - - [05/Mar/2020:12:31:54 -0500] "GET /css/datePicker.css?ver=1454105334 HTTP/1.1" 200 2415 "https://nympdev.davlermedia.com/" "Mozilla/5.0 (Windows NT 6.1; Win64; x64; rv:73.0) Gecko/20100101 Firefox/73.0"
162.158.62.235 - - [05/Mar/2020:12:31:54 -0500] "GET /css/main.css?ver=1515980047 HTTP/1.1" 200 35855 "https://nympdev.davlermedia.com/" "Mozilla/5.0 (Windows NT 6.1; Win64; x64; rv:73.0) Gecko/20100101 Firefox/73.0"
108.162.219.178 - - [05/Mar/2020:12:31:54 -0500] "GET /css/slicknav.min.css?ver=1454616447 HTTP/1.1" 200 2353 "https://nympdev.davlermedia.com/" "Mozilla/5.0 (Windows NT 6.1; Win64; x64; rv:73.0) Gecko/20100101 Firefox/73.0"
108.162.219.100 - - [05/Mar/2020:12:31:54 -0500] "GET /index.php?IX=locations HTTP/1.1" 200 11273 "https://nympdev.davlermedia.com/" "Mozilla/5.0 (Windows NT 6.1; Win64; x64; rv:73.0) Gecko/20100101 Firefox/73.0"
173.245.52.151 - - [05/Mar/2020:12:31:54 -0500] "GET /favicon.ico HTTP/1.1" 404 196 "-" "Mozilla/5.0 (Windows NT 6.1; Win64; x64; rv:73.0) Gecko/20100101 Firefox/73.0"
162.158.62.171 - - [05/Mar/2020:12:31:55 -0500] "GET /img/search_icon.png HTTP/1.1" 200 912 "https://nympdev.davlermedia.com/css/main.css?ver=1515980047" "Mozilla/5.0 (Windows NT 6.1; Win64; x64; rv:73.0) Gecko/20100101 Firefox/73.0"
108.162.219.100 - - [05/Mar/2020:12:31:55 -0500] "GET /ajax.php?div=db_grid_main&call=locations_ajax&func=grid&ix_form=location_form%26ref%3Dlocations%2526region%253D1%26region_id%3D1&scrollbar_width=17&spacer_width=2&sort_col=1&sort_order=0&search_str=&parm1=%2587%25E2%25E5%25E3%2502%257E%257B%255E%255C%25F1%2583%25B4%252A%25B8%25CEX%25D9%25A2%255E%25CE%25C4%25C6j0i%25F3%250Bb&parm2=%2587%25E2%25B5%2593%25F6%250D%252A%2597&parm3=%2587%25E2%25B5%2593%25F6%250D%252A%2597&filter_cols=&old_uid=0&_=1583429523423 HTTP/1.1" 200 5723 "https://nympdev.davlermedia.com/index.php?IX=locations" "Mozilla/5.0 (Windows NT 6.1; Win64; x64; rv:73.0) Gecko/20100101 Firefox/73.0"
108.162.219.172 - - [05/Mar/2020:12:31:55 -0500] "GET /img/sort_asc.png HTTP/1.1" 200 219 "https://nympdev.davlermedia.com/css/main.css?ver=1515980047" "Mozilla/5.0 (Windows NT 6.1; Win64; x64; rv:73.0) Gecko/20100101 Firefox/73.0"
108.162.219.100 - - [05/Mar/2020:12:31:55 -0500] "GET /ajax.php?call=lcs_db_grid_ajax&func=load_block&uid=0352878001583429515&block=1&_=1583429523424 HTTP/1.1" 200 355973 "https://nympdev.davlermedia.com/index.php?IX=locations" "Mozilla/5.0 (Windows NT 6.1; Win64; x64; rv:73.0) Gecko/20100101 Firefox/73.0"
162.158.62.231 - - [05/Mar/2020:12:31:56 -0500] "GET /img/delete_icon.gif HTTP/1.1" 200 604 "https://nympdev.davlermedia.com/index.php?IX=locations" "Mozilla/5.0 (Windows NT 6.1; Win64; x64; rv:73.0) Gecko/20100101 Firefox/73.0"
108.162.219.100 - - [05/Mar/2020:12:31:59 -0500] "GET /index.php?IX=reports HTTP/1.1" 200 17771 "https://nympdev.davlermedia.com/index.php?IX=locations" "Mozilla/5.0 (Windows NT 6.1; Win64; x64; rv:73.0) Gecko/20100101 Firefox/73.0"
108.162.219.100 - - [05/Mar/2020:12:32:17 -0500] "GET /report.php?route_id=10&rpt=route_sheet&type=report&fmt=pdf HTTP/1.1" 200 38566 "https://nympdev.davlermedia.com/index.php?IX=reports" "Mozilla/5.0 (Windows NT 6.1; Win64; x64; rv:73.0) Gecko/20100101 Firefox/73.0"
108.162.219.100 - - [05/Mar/2020:12:32:30 -0500] "GET /ajax.php?call=logout_check&_=1583429528534 HTTP/1.1" 200 12 "https://nympdev.davlermedia.com/index.php?IX=reports" "Mozilla/5.0 (Windows NT 6.1; Win64; x64; rv:73.0) Gecko/20100101 Firefox/73.0"
108.162.219.100 - - [05/Mar/2020:12:32:31 -0500] "GET /report.php?route_id=10&rpt=route_sheet&type=report&fmt=excel HTTP/1.1" 200 749 "https://nympdev.davlermedia.com/index.php?IX=reports" "Mozilla/5.0 (Windows NT 6.1; Win64; x64; rv:73.0) Gecko/20100101 Firefox/73.0"
108.162.219.100 - - [05/Mar/2020:12:32:31 -0500] "GET /mod/_export_excel.php?sql=%87%E2%E3%C2%3Dc%E9%B6%9D%26%5C%C4%3Ff%B3I%01%FA%BB%DA%B6r1%B1GA_2%A4k%D6%F1%80a%9A%B6%E3%DA%E5%BBh4%E2T%BB%F8%E4Me%81t%10HI%D0%F0W5%22%D0%B9%9BR%CAu%11%ECX%E4h%1C%27%B8%DB%A2Q%83%D1%40%B0g%3D%E7%D4H%A5b%9BF%B9%21%C4T%9A%C6%D7%B7z%5Ch%81%3E%A8%CC%7E%EA%D2%F7%B2L%D9%05%89%B1%1FJ%40x%D8%15%93e%7F%8C%08%FA%22%F5T%83%CD%D1T%F5%C9%1CQ%D8%17%1D%B2%D9Z%04%89%928Z%0C%D8%3C_%3A%0DH%D1%0C%DBO%1A4%C2%CF%C2%03%EE%01%88%B5%0D%9E%DD%ECN%C5%B5%2B%9EO%90F%A1%06%C4%60%87%7F%F5%FC%AD%C2%1A%C3%1F%27%0AU%FE%5D%88%C4%8C%FF%A7S%1C%06%18%95%5E%9FW%F5%C9%10d%9A_%5C%E8V%05%16N%F1%BE%24%2C%28%18GO%FB%FF%FFZ%F2%03%14%99%E99%F4%DF%26%BBN%CB%DDe%09%B0%96%F2%0A6%5C%95BP%AA%CD%22%86%A2H%FA%FC%C45%AA%99 HTTP/1.1" 200 11776 "https://nympdev.davlermedia.com/report.php?route_id=10&rpt=route_sheet&type=report&fmt=excel" "Mozilla/5.0 (Windows NT 6.1; Win64; x64; rv:73.0) Gecko/20100101 Firefox/73.0"
108.162.219.100 - - [05/Mar/2020:12:32:43 -0500] "GET /index.php?IX=locations_verify HTTP/1.1" 200 11227 "https://nympdev.davlermedia.com/index.php?IX=reports" "Mozilla/5.0 (Windows NT 6.1; Win64; x64; rv:73.0) Gecko/20100101 Firefox/73.0"
108.162.219.100 - - [05/Mar/2020:12:32:43 -0500] "GET /ajax.php?div=db_grid_main&call=locations_verify_ajax&func=grid&ix_form=location_form%26ref%3Dlocations_verify%2526region%253D1%26region_id%3D1&scrollbar_width=17&spacer_width=2&sort_col=2&sort_order=0&search_str=&parm1=%2587%25E2%2585%2597%25F6%250D%2518%2596%25BF&parm2=%2587%25E2%25B5%2593%25F6%250D%252A%2597&parm3=%2587%25E2%25B5%2593%25F6%250D%252A%2597&filter_cols=&old_uid=0&_=1583429572282 HTTP/1.1" 200 5709 "https://nympdev.davlermedia.com/index.php?IX=locations_verify" "Mozilla/5.0 (Windows NT 6.1; Win64; x64; rv:73.0) Gecko/20100101 Firefox/73.0"
108.162.219.100 - - [05/Mar/2020:12:32:44 -0500] "GET /ajax.php?call=lcs_db_grid_ajax&func=load_block&uid=0983231001583429563&block=1&_=1583429572283 HTTP/1.1" 200 366514 "https://nympdev.davlermedia.com/index.php?IX=locations_verify" "Mozilla/5.0 (Windows NT 6.1; Win64; x64; rv:73.0) Gecko/20100101 Firefox/73.0"
108.162.219.68 - - [05/Mar/2020:12:32:44 -0500] "GET /img/arrow_right.gif HTTP/1.1" 200 337 "https://nympdev.davlermedia.com/index.php?IX=locations_verify" "Mozilla/5.0 (Windows NT 6.1; Win64; x64; rv:73.0) Gecko/20100101 Firefox/73.0"
108.162.219.100 - - [05/Mar/2020:12:32:46 -0500] "GET /index.php?IX=locations HTTP/1.1" 200 11273 "https://nympdev.davlermedia.com/index.php?IX=locations_verify" "Mozilla/5.0 (Windows NT 6.1; Win64; x64; rv:73.0) Gecko/20100101 Firefox/73.0"
162.158.62.235 - - [05/Mar/2020:12:32:47 -0500] "GET /css/main.css?ver=1515980047 HTTP/1.1" 200 35855 "https://nympdev.davlermedia.com/index.php?IX=locations" "Mozilla/5.0 (Windows NT 6.1; Win64; x64; rv:73.0) Gecko/20100101 Firefox/73.0"
108.162.219.178 - - [05/Mar/2020:12:32:47 -0500] "GET /css/slicknav.min.css?ver=1454616447 HTTP/1.1" 200 2353 "https://nympdev.davlermedia.com/index.php?IX=locations" "Mozilla/5.0 (Windows NT 6.1; Win64; x64; rv:73.0) Gecko/20100101 Firefox/73.0"
108.162.219.100 - - [05/Mar/2020:12:32:47 -0500] "GET /ajax.php?div=db_grid_main&call=locations_ajax&func=grid&ix_form=location_form%26ref%3Dlocations%2526region%253D1%26region_id%3D1&scrollbar_width=17&spacer_width=2&sort_col=1&sort_order=0&search_str=&parm1=%2587%25E2%25E5%25E3%2502%257E%257B%255E%255C%25F1%2583%25B4%252A%25B8%25CEX%25D9%25A2%255E%25CE%25C4%25C6j0i%25F3%250Bb&parm2=%2587%25E2%25B5%2593%25F6%250D%252A%2597&parm3=%2587%25E2%25B5%2593%25F6%250D%252A%2597&filter_cols=&old_uid=0&_=1583429575473 HTTP/1.1" 200 5723 "https://nympdev.davlermedia.com/index.php?IX=locations" "Mozilla/5.0 (Windows NT 6.1; Win64; x64; rv:73.0) Gecko/20100101 Firefox/73.0"
108.162.219.100 - - [05/Mar/2020:12:32:47 -0500] "GET /ajax.php?call=lcs_db_grid_ajax&func=load_block&uid=0361927001583429567&block=1&_=1583429575474 HTTP/1.1" 200 355973 "https://nympdev.davlermedia.com/index.php?IX=locations" "Mozilla/5.0 (Windows NT 6.1; Win64; x64; rv:73.0) Gecko/20100101 Firefox/73.0"
108.162.219.100 - - [05/Mar/2020:12:32:52 -0500] "GET /ajax.php?div=db_grid_main&call=locations_ajax&func=grid&ix_form=location_form%26ref%3Dlocations%2526region%253D1%26region_id%3D1&scrollbar_width=17&spacer_width=2&sort_col=1&sort_order=0&search_str=her&parm1=%2587%25E2%25E5%25E3%2502%257E%257B%255E%255C%25F1%2583%25B4%252A%25B8%25CEX%25D9%25A2%255E%25CE%25C4%25C6j0i%25F3%250Bb&parm2=%2587%25E2%25B5%2593%25F6%250D%252A%2597&parm3=%2587%25E2%25B5%2593%25F6%250D%252A%2597&filter_cols=0,0,0,0,0,0,0,0,0&old_uid=0361927001583429567&_=1583429575475 HTTP/1.1" 200 5825 "https://nympdev.davlermedia.com/index.php?IX=locations" "Mozilla/5.0 (Windows NT 6.1; Win64; x64; rv:73.0) Gecko/20100101 Firefox/73.0"
108.162.219.100 - - [05/Mar/2020:12:32:52 -0500] "GET /ajax.php?call=lcs_db_grid_ajax&func=load_block&uid=0295496001583429572&block=1&_=1583429575476 HTTP/1.1" 200 66000 "https://nympdev.davlermedia.com/index.php?IX=locations" "Mozilla/5.0 (Windows NT 6.1; Win64; x64; rv:73.0) Gecko/20100101 Firefox/73.0"
108.162.219.100 - - [05/Mar/2020:12:32:57 -0500] "GET /mod/_export_excel.php?sql=%87%E2%1B%C1%BBb%A8%D6%9D%27%E2%16%87%2C%93%DE%B3%E4%9F%CD%90%E3%3E%CA%B0%F7%17%06%15%FF%DF%FC%D2%EB%B1S%F3%9A%A3%9BPl%DB%9A%A0%D8%21%EE6%E8m%C5%1E%90fn%AE%1Ee%3C%80%EF_%18%AD%E9%B8%F2%96%99%12%D5%2A%C0h%19%C8%D2g%03r%F74QA%1C%E4%A2%F1.%CF%97%BD2%E83%A6X%21%CE%00%88%89%FF%AF%DC%90%21G%D3V1b6%08%CA%89%D4J%F3h%5Boqu%88Y%EE%40qK%C0%A9%3Df%9A%60%BE%7B%2F%40S%A4%3C%1Dt%CA%9F%05%DB%86%E1%FE%C3%93%F1%F0w%97%11%8D%CE%AD%B3%2B%06VA%7D%A7u%13%09%22o%93%25%8D%88%21k%E5%3B%0D%98vQ%19%C1%CEl%84%07%D5%21%A3%99%FF%A0%DBxd%A5%9FE%01%2B%3D%0A%06S%AB%21%8D%D4%D5%B8%D4%D9%12%8B%29k%40%96%CB%A4%5Bb%C6%D4%19%95%16%82W%A5M%06%FFli%25%AA%29%CC%FC%D2%1Bs%F5W%DF%10%28%D1%C3L%06m%23%FBo%11%E8%D7%E77%7Bo%DA%1D%17yZ%C3%0EtZW%22-%B8%98Qr%CFH%C6%A5%A9%FE%81%FDf%B0%ED%9D%C6%D2%15%FF%00uE%3C%E2%8B%19F%19%D7%9Du%3B2%87%60%93%12%10zf%98%7F%E6%A2%01 HTTP/1.1" 200 13824 "https://nympdev.davlermedia.com/index.php?IX=locations" "Mozilla/5.0 (Windows NT 6.1; Win64; x64; rv:73.0) Gecko/20100101 Firefox/73.0"
173.245.52.79 - - [05/Mar/2020:12:33:13 -0500] "GET /css/print.css?1583429601 HTTP/1.1" 200 945 "https://nympdev.davlermedia.com/index.php?IX=locations" "Mozilla/5.0 (Windows NT 6.1; Win64; x64; rv:73.0) Gecko/20100101 Firefox/73.0"
162.158.63.118 - - [05/Mar/2020:12:33:13 -0500] "GET /css/main.css?1583429601 HTTP/1.1" 200 35855 "https://nympdev.davlermedia.com/index.php?IX=locations" "Mozilla/5.0 (Windows NT 6.1; Win64; x64; rv:73.0) Gecko/20100101 Firefox/73.0"
108.162.219.100 - - [05/Mar/2020:12:33:17 -0500] "GET /ajax.php?call=logout_check&_=1583429575477 HTTP/1.1" 200 12 "https://nympdev.davlermedia.com/index.php?IX=locations" "Mozilla/5.0 (Windows NT 6.1; Win64; x64; rv:73.0) Gecko/20100101 Firefox/73.0"
172.69.63.179 - - [05/Mar/2020:12:33:17 -0500] "GET /css/main.css?1583429606 HTTP/1.1" 200 35855 "-" "-"
162.158.78.172 - - [05/Mar/2020:12:33:17 -0500] "GET /css/pdf.css?1583429606 HTTP/1.1" 200 704 "-" "-"
172.68.65.42 - - [05/Mar/2020:12:33:17 -0500] "GET /img/sort_asc.png HTTP/1.1" 200 219 "-" "-"
108.162.219.100 - - [05/Mar/2020:12:33:17 -0500] "POST /ajax.php?call=genpdf&header= HTTP/1.1" 200 57777 "https://nympdev.davlermedia.com/index.php?IX=locations" "Mozilla/5.0 (Windows NT 6.1; Win64; x64; rv:73.0) Gecko/20100101 Firefox/73.0"
108.162.219.100 - - [05/Mar/2020:12:33:39 -0500] "GET /index.php?IX=users HTTP/1.1" 200 10425 "https://nympdev.davlermedia.com/index.php?IX=locations" "Mozilla/5.0 (Windows NT 6.1; Win64; x64; rv:73.0) Gecko/20100101 Firefox/73.0"
108.162.219.100 - - [05/Mar/2020:12:33:40 -0500] "GET /ajax.php?div=db_grid_main&call=users_ajax&func=grid&ix_form=user_form%26ref%3Dusers&scrollbar_width=17&spacer_width=2&sort_col=0&sort_order=0&search_str=&parm1=%2587%25E2%25B5%2593%25F6%250D%252A%2597&parm2=%2587%25E2%25B5%2593%25F6%250D%252A%2597&parm3=%2587%25E2%25B5%2593%25F6%250D%252A%2597&filter_cols=0,0,0,1&old_uid=0&_=1583429628222 HTTP/1.1" 200 3872 "https://nympdev.davlermedia.com/index.php?IX=users" "Mozilla/5.0 (Windows NT 6.1; Win64; x64; rv:73.0) Gecko/20100101 Firefox/73.0"
108.162.219.66 - - [05/Mar/2020:12:33:40 -0500] "GET /img/filter_icon.png HTTP/1.1" 200 415 "https://nympdev.davlermedia.com/index.php?IX=users" "Mozilla/5.0 (Windows NT 6.1; Win64; x64; rv:73.0) Gecko/20100101 Firefox/73.0"
108.162.219.100 - - [05/Mar/2020:12:33:40 -0500] "GET /ajax.php?call=lcs_db_grid_ajax&func=load_block&uid=0114141001583429620&block=1&_=1583429628223 HTTP/1.1" 200 16892 "https://nympdev.davlermedia.com/index.php?IX=users" "Mozilla/5.0 (Windows NT 6.1; Win64; x64; rv:73.0) Gecko/20100101 Firefox/73.0"
108.162.219.100 - - [05/Mar/2020:12:33:42 -0500] "GET /index.php?IX=user_form&ref=users&id=10 HTTP/1.1" 200 16920 "https://nympdev.davlermedia.com/index.php?IX=users" "Mozilla/5.0 (Windows NT 6.1; Win64; x64; rv:73.0) Gecko/20100101 Firefox/73.0"
108.162.219.98 - - [05/Mar/2020:12:33:43 -0500] "GET /img/important_icon.png HTTP/1.1" 200 785 "https://nympdev.davlermedia.com/css/main.css?ver=1515980047" "Mozilla/5.0 (Windows NT 6.1; Win64; x64; rv:73.0) Gecko/20100101 Firefox/73.0"
108.162.219.100 - - [05/Mar/2020:12:33:45 -0500] "GET /ajax.php?div=db_grid_log&call=user_log_ajax&func=grid&ix_form=&scrollbar_width=17&spacer_width=2&sort_col=1&sort_order=1&search_str=&parm1=%2587%25E2%2585%25A7%25F6%250D%252A%2502%258D%25B8&parm2=%2587%25E2%25B5%2593%25F6%250D%252A%2597&parm3=%2587%25E2%25B5%2593%25F6%250D%252A%2597&filter_cols=&old_uid=0&_=1583429631450 HTTP/1.1" 200 2845 "https://nympdev.davlermedia.com/index.php?IX=user_form&ref=users&id=10" "Mozilla/5.0 (Windows NT 6.1; Win64; x64; rv:73.0) Gecko/20100101 Firefox/73.0"
108.162.219.60 - - [05/Mar/2020:12:33:45 -0500] "GET /img/sort_desc.png HTTP/1.1" 200 216 "https://nympdev.davlermedia.com/css/main.css?ver=1515980047" "Mozilla/5.0 (Windows NT 6.1; Win64; x64; rv:73.0) Gecko/20100101 Firefox/73.0"
108.162.219.100 - - [05/Mar/2020:12:33:45 -0500] "GET /ajax.php?call=lcs_db_grid_ajax&func=load_block&uid=0288225001583429625&block=1&_=1583429631451 HTTP/1.1" 200 135313 "https://nympdev.davlermedia.com/index.php?IX=user_form&ref=users&id=10" "Mozilla/5.0 (Windows NT 6.1; Win64; x64; rv:73.0) Gecko/20100101 Firefox/73.0"
108.162.219.100 - - [05/Mar/2020:12:33:48 -0500] "GET /index.php?IX=users&search_db_grid_main=&scol_db_grid_main=1&sorder_db_grid_main=0&fcols_db_grid_main=0%2C0%2C0%2C1 HTTP/1.1" 200 10427 "https://nympdev.davlermedia.com/index.php?IX=user_form&ref=users&id=10" "Mozilla/5.0 (Windows NT 6.1; Win64; x64; rv:73.0) Gecko/20100101 Firefox/73.0"
108.162.219.100 - - [05/Mar/2020:12:33:49 -0500] "GET /ajax.php?div=db_grid_main&call=users_ajax&func=grid&ix_form=user_form%26ref%3Dusers&scrollbar_width=17&spacer_width=2&sort_col=1&sort_order=0&search_str=&parm1=%2587%25E2%25B5%2593%25F6%250D%252A%2597&parm2=%2587%25E2%25B5%2593%25F6%250D%252A%2597&parm3=%2587%25E2%25B5%2593%25F6%250D%252A%2597&filter_cols=0,0,0,1&old_uid=0&_=1583429637405 HTTP/1.1" 200 3872 "https://nympdev.davlermedia.com/index.php?IX=users&search_db_grid_main=&scol_db_grid_main=1&sorder_db_grid_main=0&fcols_db_grid_main=0%2C0%2C0%2C1" "Mozilla/5.0 (Windows NT 6.1; Win64; x64; rv:73.0) Gecko/20100101 Firefox/73.0"
108.162.219.100 - - [05/Mar/2020:12:33:49 -0500] "GET /ajax.php?call=lcs_db_grid_ajax&func=load_block&uid=0283508001583429629&block=1&_=1583429637406 HTTP/1.1" 200 16892 "https://nympdev.davlermedia.com/index.php?IX=users&search_db_grid_main=&scol_db_grid_main=1&sorder_db_grid_main=0&fcols_db_grid_main=0%2C0%2C0%2C1" "Mozilla/5.0 (Windows NT 6.1; Win64; x64; rv:73.0) Gecko/20100101 Firefox/73.0"
108.162.219.100 - - [05/Mar/2020:12:33:51 -0500] "GET /index.php?IX=user_form&ref=users&id=11 HTTP/1.1" 200 16946 "https://nympdev.davlermedia.com/index.php?IX=users&search_db_grid_main=&scol_db_grid_main=1&sorder_db_grid_main=0&fcols_db_grid_main=0%2C0%2C0%2C1" "Mozilla/5.0 (Windows NT 6.1; Win64; x64; rv:73.0) Gecko/20100101 Firefox/73.0"
108.162.219.100 - - [05/Mar/2020:12:33:53 -0500] "GET /ajax.php?div=db_grid_log&call=user_log_ajax&func=grid&ix_form=&scrollbar_width=17&spacer_width=2&sort_col=1&sort_order=1&search_str=&parm1=%2587%25E2%2585%25A7%25F2%250D%252A%2503%258D%25B9&parm2=%2587%25E2%25B5%2593%25F6%250D%252A%2597&parm3=%2587%25E2%25B5%2593%25F6%250D%252A%2597&filter_cols=&old_uid=0&_=1583429640175 HTTP/1.1" 200 2842 "https://nympdev.davlermedia.com/index.php?IX=user_form&ref=users&id=11" "Mozilla/5.0 (Windows NT 6.1; Win64; x64; rv:73.0) Gecko/20100101 Firefox/73.0"
108.162.219.100 - - [05/Mar/2020:12:33:53 -0500] "GET /ajax.php?call=lcs_db_grid_ajax&func=load_block&uid=0598064001583429633&block=1&_=1583429640176 HTTP/1.1" 200 135316 "https://nympdev.davlermedia.com/index.php?IX=user_form&ref=users&id=11" "Mozilla/5.0 (Windows NT 6.1; Win64; x64; rv:73.0) Gecko/20100101 Firefox/73.0"
108.162.219.100 - - [05/Mar/2020:12:34:10 -0500] "GET /index.php?IX=data_load HTTP/1.1" 200 8449 "https://nympdev.davlermedia.com/index.php?IX=user_form&ref=users&id=11" "Mozilla/5.0 (Windows NT 6.1; Win64; x64; rv:73.0) Gecko/20100101 Firefox/73.0"
108.162.219.100 - - [05/Mar/2020:12:34:17 -0500] "GET /index.php?IX=reports HTTP/1.1" 200 17771 "https://nympdev.davlermedia.com/index.php?IX=data_load" "Mozilla/5.0 (Windows NT 6.1; Win64; x64; rv:73.0) Gecko/20100101 Firefox/73.0"
108.162.219.100 - - [05/Mar/2020:12:34:19 -0500] "GET /index.php?IX=neighborhoods HTTP/1.1" 200 10482 "https://nympdev.davlermedia.com/index.php?IX=reports" "Mozilla/5.0 (Windows NT 6.1; Win64; x64; rv:73.0) Gecko/20100101 Firefox/73.0"
108.162.219.100 - - [05/Mar/2020:12:34:19 -0500] "GET /ajax.php?div=db_grid_main&call=neighborhoods_ajax&func=grid&ix_form=neighborhood_form%26ref%3Dneighborhoods&scrollbar_width=17&spacer_width=2&sort_col=0&sort_order=0&search_str=&parm1=%2587%25E2%25B5%2593%25F6%250D%252A%2597&parm2=%2587%25E2%25B5%2593%25F6%250D%252A%2597&parm3=%2587%25E2%25B5%2593%25F6%250D%252A%2597&filter_cols=&old_uid=0&_=1583429668022 HTTP/1.1" 200 2881 "https://nympdev.davlermedia.com/index.php?IX=neighborhoods" "Mozilla/5.0 (Windows NT 6.1; Win64; x64; rv:73.0) Gecko/20100101 Firefox/73.0"
108.162.219.100 - - [05/Mar/2020:12:34:20 -0500] "GET /ajax.php?call=lcs_db_grid_ajax&func=load_block&uid=0913962001583429659&block=1&_=1583429668023 HTTP/1.1" 200 4429 "https://nympdev.davlermedia.com/index.php?IX=neighborhoods" "Mozilla/5.0 (Windows NT 6.1; Win64; x64; rv:73.0) Gecko/20100101 Firefox/73.0"
108.162.219.100 - - [05/Mar/2020:12:34:22 -0500] "GET /index.php?IX=neighborhood_form&ref=neighborhoods&id=4 HTTP/1.1" 200 16352 "https://nympdev.davlermedia.com/index.php?IX=neighborhoods" "Mozilla/5.0 (Windows NT 6.1; Win64; x64; rv:73.0) Gecko/20100101 Firefox/73.0"
108.162.219.100 - - [05/Mar/2020:12:34:24 -0500] "GET /ajax.php?div=db_grid_locations&call=locations_ajax&func=grid&ix_form=location_form%26ref%3Dneighborhood_form%2526tab%253Dlocations%2526id%253D4%26neighborhood_id%3D4&scrollbar_width=17&spacer_width=2&sort_col=1&sort_order=0&search_str=&parm1=%2587%25E2%25E5%25E3%2502%257E%257B%255E%25C6%2517%25856%25AD%25BE.%2519%25ED%2540%25FD%2580%25B5%252A%25B2v%25D7w%2590%259A%25B5%253B%25D3V&parm2=%2587%25E2%25B5%2593%25F6%250D%252A%2597&parm3=%2587%25E2%25B5%2593%25F6%250D%252A%2597&filter_cols=&old_uid=0&_=1583429671324 HTTP/1.1" 200 6221 "https://nympdev.davlermedia.com/index.php?IX=neighborhood_form&ref=neighborhoods&id=4" "Mozilla/5.0 (Windows NT 6.1; Win64; x64; rv:73.0) Gecko/20100101 Firefox/73.0"
108.162.219.100 - - [05/Mar/2020:12:34:24 -0500] "GET /ajax.php?call=lcs_db_grid_ajax&func=load_block&uid=0468872001583429664&block=1&_=1583429671325 HTTP/1.1" 200 18189 "https://nympdev.davlermedia.com/index.php?IX=neighborhood_form&ref=neighborhoods&id=4" "Mozilla/5.0 (Windows NT 6.1; Win64; x64; rv:73.0) Gecko/20100101 Firefox/73.0"
108.162.219.100 - - [05/Mar/2020:12:34:27 -0500] "GET /index.php?IX=regions HTTP/1.1" 200 10434 "https://nympdev.davlermedia.com/index.php?IX=neighborhood_form&ref=neighborhoods&id=4" "Mozilla/5.0 (Windows NT 6.1; Win64; x64; rv:73.0) Gecko/20100101 Firefox/73.0"
108.162.219.100 - - [05/Mar/2020:12:34:28 -0500] "GET /ajax.php?div=db_grid_main&call=regions_ajax&func=grid&ix_form=region_form%26ref%3Dregions&scrollbar_width=17&spacer_width=2&sort_col=0&sort_order=0&search_str=&parm1=%2587%25E2%25B5%2593%25F6%250D%252A%2597&parm2=%2587%25E2%25B5%2593%25F6%250D%252A%2597&parm3=%2587%25E2%25B5%2593%25F6%250D%252A%2597&filter_cols=&old_uid=0&_=1583429676345 HTTP/1.1" 200 2325 "https://nympdev.davlermedia.com/index.php?IX=regions" "Mozilla/5.0 (Windows NT 6.1; Win64; x64; rv:73.0) Gecko/20100101 Firefox/73.0"
108.162.219.100 - - [05/Mar/2020:12:34:28 -0500] "GET /ajax.php?call=lcs_db_grid_ajax&func=load_block&uid=0035660001583429668&block=1&_=1583429676346 HTTP/1.1" 200 3321 "https://nympdev.davlermedia.com/index.php?IX=regions" "Mozilla/5.0 (Windows NT 6.1; Win64; x64; rv:73.0) Gecko/20100101 Firefox/73.0"
108.162.219.100 - - [05/Mar/2020:12:34:29 -0500] "GET /index.php?IX=region_form&ref=regions&id=2 HTTP/1.1" 200 15143 "https://nympdev.davlermedia.com/index.php?IX=regions" "Mozilla/5.0 (Windows NT 6.1; Win64; x64; rv:73.0) Gecko/20100101 Firefox/73.0"
108.162.219.100 - - [05/Mar/2020:12:34:32 -0500] "GET /ajax.php?div=db_grid_locations&call=locations_ajax&func=grid&ix_form=location_form%26ref%3Dregion_form%2526tab%253Dlocations%2526id%253D2%26region_id%3D2&scrollbar_width=17&spacer_width=2&sort_col=1&sort_order=0&search_str=&parm1=%2587%25E2%25E5%25E3%2502%257E%257B%25BE%25C7%2597%25065%252A%25FF%25CE%259F%25B3%25A3z%258C%2583C%25E3e%25FB%25D6&parm2=%2587%25E2%25B5%2593%25F6%250D%252A%2597&parm3=%2587%25E2%25B5%2593%25F6%250D%252A%2597&filter_cols=&old_uid=0&_=1583429678625 HTTP/1.1" 200 5953 "https://nympdev.davlermedia.com/index.php?IX=region_form&ref=regions&id=2" "Mozilla/5.0 (Windows NT 6.1; Win64; x64; rv:73.0) Gecko/20100101 Firefox/73.0"
108.162.219.100 - - [05/Mar/2020:12:34:32 -0500] "GET /ajax.php?call=lcs_db_grid_ajax&func=load_block&uid=0384191001583429672&block=1&_=1583429678626 HTTP/1.1" 200 360617 "https://nympdev.davlermedia.com/index.php?IX=region_form&ref=regions&id=2" "Mozilla/5.0 (Windows NT 6.1; Win64; x64; rv:73.0) Gecko/20100101 Firefox/73.0"
108.162.219.100 - - [05/Mar/2020:12:34:39 -0500] "GET /index.php?IX=locations HTTP/1.1" 200 11273 "https://nympdev.davlermedia.com/index.php?IX=region_form&ref=regions&id=2" "Mozilla/5.0 (Windows NT 6.1; Win64; x64; rv:73.0) Gecko/20100101 Firefox/73.0"
173.245.52.205 - - [05/Mar/2020:12:34:39 -0500] "GET /img/loading.gif HTTP/1.1" 404 196 "https://nympdev.davlermedia.com/index.php?IX=locations" "Mozilla/5.0 (Windows NT 6.1; Win64; x64; rv:73.0) Gecko/20100101 Firefox/73.0"
108.162.219.20 - - [05/Mar/2020:12:34:39 -0500] "GET /img/close_icon.png HTTP/1.1" 404 196 "https://nympdev.davlermedia.com/index.php?IX=locations" "Mozilla/5.0 (Windows NT 6.1; Win64; x64; rv:73.0) Gecko/20100101 Firefox/73.0"
108.162.219.100 - - [05/Mar/2020:12:34:40 -0500] "GET /ajax.php?div=db_grid_main&call=locations_ajax&func=grid&ix_form=location_form%26ref%3Dlocations%2526region%253D1%26region_id%3D1&scrollbar_width=17&spacer_width=2&sort_col=1&sort_order=0&search_str=&parm1=%2587%25E2%25E5%25E3%2502%257E%257B%255E%255C%25F1%2583%25B4%252A%25B8%25CEX%25D9%25A2%255E%25CE%25C4%25C6j0i%25F3%250Bb&parm2=%2587%25E2%25B5%2593%25F6%250D%252A%2597&parm3=%2587%25E2%25B5%2593%25F6%250D%252A%2597&filter_cols=&old_uid=0&_=1583429688159 HTTP/1.1" 200 5723 "https://nympdev.davlermedia.com/index.php?IX=locations" "Mozilla/5.0 (Windows NT 6.1; Win64; x64; rv:73.0) Gecko/20100101 Firefox/73.0"
108.162.219.100 - - [05/Mar/2020:12:34:40 -0500] "GET /ajax.php?call=lcs_db_grid_ajax&func=load_block&uid=0027323001583429680&block=1&_=1583429688160 HTTP/1.1" 200 355973 "https://nympdev.davlermedia.com/index.php?IX=locations" "Mozilla/5.0 (Windows NT 6.1; Win64; x64; rv:73.0) Gecko/20100101 Firefox/73.0"
108.162.219.100 - - [05/Mar/2020:12:34:44 -0500] "GET /index.php?IX=locations&region=2 HTTP/1.1" 200 11294 "https://nympdev.davlermedia.com/index.php?IX=locations" "Mozilla/5.0 (Windows NT 6.1; Win64; x64; rv:73.0) Gecko/20100101 Firefox/73.0"
108.162.219.100 - - [05/Mar/2020:12:34:44 -0500] "GET /ajax.php?div=db_grid_main&call=locations_ajax&func=grid&ix_form=location_form%26ref%3Dlocations%2526region%253D2%26region_id%3D2&scrollbar_width=17&spacer_width=2&sort_col=1&sort_order=0&search_str=&parm1=%2587%25E2%25E5%25E3%2502%257E%257B%255E%255C%25F1%2583%25B4%252A%25B8%25CEX%25D9%25A2%255E%25CE%25C4%25C6l0i%25F2%250Bc&parm2=%2587%25E2%25B5%2593%25F6%250D%252A%2597&parm3=%2587%25E2%25B5%2593%25F6%250D%252A%2597&filter_cols=&old_uid=0&_=1583429692943 HTTP/1.1" 200 5692 "https://nympdev.davlermedia.com/index.php?IX=locations&region=2" "Mozilla/5.0 (Windows NT 6.1; Win64; x64; rv:73.0) Gecko/20100101 Firefox/73.0"
108.162.219.100 - - [05/Mar/2020:12:34:44 -0500] "GET /ajax.php?call=lcs_db_grid_ajax&func=load_block&uid=0647728001583429684&block=1&_=1583429692944 HTTP/1.1" 200 356417 "https://nympdev.davlermedia.com/index.php?IX=locations&region=2" "Mozilla/5.0 (Windows NT 6.1; Win64; x64; rv:73.0) Gecko/20100101 Firefox/73.0"
108.162.219.100 - - [05/Mar/2020:12:34:47 -0500] "GET /ajax.php?div=db_grid_main&call=locations_ajax&func=grid&ix_form=location_form%26ref%3Dlocations%2526region%253D2%26region_id%3D2&scrollbar_width=17&spacer_width=2&sort_col=3&sort_order=0&search_str=&parm1=%2587%25E2%25E5%25E3%2502%257E%257B%255E%255C%25F1%2583%25B4%252A%25B8%25CEX%25D9%25A2%255E%25CE%25C4%25C6l0i%25F2%250Bc&parm2=%2587%25E2%25B5%2593%25F6%250D%252A%2597&parm3=%2587%25E2%25B5%2593%25F6%250D%252A%2597&filter_cols=0,0&old_uid=0647728001583429684&_=1583429692945 HTTP/1.1" 200 5711 "https://nympdev.davlermedia.com/index.php?IX=locations&region=2" "Mozilla/5.0 (Windows NT 6.1; Win64; x64; rv:73.0) Gecko/20100101 Firefox/73.0"
108.162.219.100 - - [05/Mar/2020:12:34:48 -0500] "GET /ajax.php?call=lcs_db_grid_ajax&func=load_block&uid=0727959001583429687&block=1&_=1583429692946 HTTP/1.1" 200 355173 "https://nympdev.davlermedia.com/index.php?IX=locations&region=2" "Mozilla/5.0 (Windows NT 6.1; Win64; x64; rv:73.0) Gecko/20100101 Firefox/73.0"
108.162.219.100 - - [05/Mar/2020:12:34:50 -0500] "GET /ajax.php?div=db_grid_main&call=locations_ajax&func=grid&ix_form=location_form%26ref%3Dlocations%2526region%253D2%26region_id%3D2&scrollbar_width=17&spacer_width=2&sort_col=3&sort_order=1&search_str=&parm1=%2587%25E2%25E5%25E3%2502%257E%257B%255E%255C%25F1%2583%25B4%252A%25B8%25CEX%25D9%25A2%255E%25CE%25C4%25C6l0i%25F2%250Bc&parm2=%2587%25E2%25B5%2593%25F6%250D%252A%2597&parm3=%2587%25E2%25B5%2593%25F6%250D%252A%2597&filter_cols=0,0&old_uid=0727959001583429687&_=1583429692947 HTTP/1.1" 200 5686 "https://nympdev.davlermedia.com/index.php?IX=locations&region=2" "Mozilla/5.0 (Windows NT 6.1; Win64; x64; rv:73.0) Gecko/20100101 Firefox/73.0"
108.162.219.100 - - [05/Mar/2020:12:34:50 -0500] "GET /ajax.php?call=lcs_db_grid_ajax&func=load_block&uid=0205222001583429690&block=1&_=1583429692948 HTTP/1.1" 200 356602 "https://nympdev.davlermedia.com/index.php?IX=locations&region=2" "Mozilla/5.0 (Windows NT 6.1; Win64; x64; rv:73.0) Gecko/20100101 Firefox/73.0"
108.162.219.100 - - [05/Mar/2020:12:34:53 -0500] "GET /ajax.php?div=db_grid_main&call=locations_ajax&func=grid&ix_form=location_form%26ref%3Dlocations%2526region%253D2%26region_id%3D2&scrollbar_width=17&spacer_width=2&sort_col=2&sort_order=0&search_str=&parm1=%2587%25E2%25E5%25E3%2502%257E%257B%255E%255C%25F1%2583%25B4%252A%25B8%25CEX%25D9%25A2%255E%25CE%25C4%25C6l0i%25F2%250Bc&parm2=%2587%25E2%25B5%2593%25F6%250D%252A%2597&parm3=%2587%25E2%25B5%2593%25F6%250D%252A%2597&filter_cols=0,0&old_uid=0205222001583429690&_=1583429692949 HTTP/1.1" 200 5708 "https://nympdev.davlermedia.com/index.php?IX=locations&region=2" "Mozilla/5.0 (Windows NT 6.1; Win64; x64; rv:73.0) Gecko/20100101 Firefox/73.0"
108.162.219.100 - - [05/Mar/2020:12:34:53 -0500] "GET /ajax.php?call=lcs_db_grid_ajax&func=load_block&uid=0402920001583429693&block=1&_=1583429692950 HTTP/1.1" 200 356568 "https://nympdev.davlermedia.com/index.php?IX=locations&region=2" "Mozilla/5.0 (Windows NT 6.1; Win64; x64; rv:73.0) Gecko/20100101 Firefox/73.0"
108.162.219.100 - - [05/Mar/2020:12:34:56 -0500] "GET /ajax.php?div=db_grid_main&call=locations_ajax&func=grid&ix_form=location_form%26ref%3Dlocations%2526region%253D2%26region_id%3D2&scrollbar_width=17&spacer_width=2&sort_col=2&sort_order=1&search_str=&parm1=%2587%25E2%25E5%25E3%2502%257E%257B%255E%255C%25F1%2583%25B4%252A%25B8%25CEX%25D9%25A2%255E%25CE%25C4%25C6l0i%25F2%250Bc&parm2=%2587%25E2%25B5%2593%25F6%250D%252A%2597&parm3=%2587%25E2%25B5%2593%25F6%250D%252A%2597&filter_cols=0,0&old_uid=0402920001583429693&_=1583429692951 HTTP/1.1" 200 5694 "https://nympdev.davlermedia.com/index.php?IX=locations&region=2" "Mozilla/5.0 (Windows NT 6.1; Win64; x64; rv:73.0) Gecko/20100101 Firefox/73.0"
108.162.219.100 - - [05/Mar/2020:12:34:56 -0500] "GET /ajax.php?call=lcs_db_grid_ajax&func=load_block&uid=0565322001583429696&block=1&_=1583429692952 HTTP/1.1" 200 355832 "https://nympdev.davlermedia.com/index.php?IX=locations&region=2" "Mozilla/5.0 (Windows NT 6.1; Win64; x64; rv:73.0) Gecko/20100101 Firefox/73.0"
108.162.219.100 - - [05/Mar/2020:12:35:00 -0500] "GET /ajax.php?div=db_grid_main&call=locations_ajax&func=grid&ix_form=location_form%26ref%3Dlocations%2526region%253D2%26region_id%3D2&scrollbar_width=17&spacer_width=2&sort_col=7&sort_order=0&search_str=&parm1=%2587%25E2%25E5%25E3%2502%257E%257B%255E%255C%25F1%2583%25B4%252A%25B8%25CEX%25D9%25A2%255E%25CE%25C4%25C6l0i%25F2%250Bc&parm2=%2587%25E2%25B5%2593%25F6%250D%252A%2597&parm3=%2587%25E2%25B5%2593%25F6%250D%252A%2597&filter_cols=0,0,0,0,0,0&old_uid=0565322001583429696&_=1583429692953 HTTP/1.1" 200 5734 "https://nympdev.davlermedia.com/index.php?IX=locations&region=2" "Mozilla/5.0 (Windows NT 6.1; Win64; x64; rv:73.0) Gecko/20100101 Firefox/73.0"
108.162.219.100 - - [05/Mar/2020:12:35:01 -0500] "GET /ajax.php?call=lcs_db_grid_ajax&func=load_block&uid=0775301001583429700&block=1&_=1583429692954 HTTP/1.1" 200 355792 "https://nympdev.davlermedia.com/index.php?IX=locations&region=2" "Mozilla/5.0 (Windows NT 6.1; Win64; x64; rv:73.0) Gecko/20100101 Firefox/73.0"
108.162.219.100 - - [05/Mar/2020:12:35:06 -0500] "GET /ajax.php?call=lcs_db_grid_ajax&func=load_block&uid=0775301001583429700&block=2&_=1583429692955 HTTP/1.1" 200 355934 "https://nympdev.davlermedia.com/index.php?IX=locations&region=2" "Mozilla/5.0 (Windows NT 6.1; Win64; x64; rv:73.0) Gecko/20100101 Firefox/73.0"
108.162.219.100 - - [05/Mar/2020:12:35:12 -0500] "GET /ajax.php?div=db_grid_main&call=locations_ajax&func=grid&ix_form=location_form%26ref%3Dlocations%2526region%253D2%26region_id%3D2&scrollbar_width=17&spacer_width=2&sort_col=7&sort_order=0&search_str=no&parm1=%2587%25E2%25E5%25E3%2502%257E%257B%255E%255C%25F1%2583%25B4%252A%25B8%25CEX%25D9%25A2%255E%25CE%25C4%25C6l0i%25F2%250Bc&parm2=%2587%25E2%25B5%2593%25F6%250D%252A%2597&parm3=%2587%25E2%25B5%2593%25F6%250D%252A%2597&filter_cols=0,0,0,0,0,0,0,0,0&old_uid=0775301001583429700&_=1583429692956 HTTP/1.1" 200 5814 "https://nympdev.davlermedia.com/index.php?IX=locations&region=2" "Mozilla/5.0 (Windows NT 6.1; Win64; x64; rv:73.0) Gecko/20100101 Firefox/73.0"
108.162.219.100 - - [05/Mar/2020:12:35:13 -0500] "GET /ajax.php?call=lcs_db_grid_ajax&func=load_block&uid=0707087001583429712&block=1&_=1583429692957 HTTP/1.1" 200 66015 "https://nympdev.davlermedia.com/index.php?IX=locations&region=2" "Mozilla/5.0 (Windows NT 6.1; Win64; x64; rv:73.0) Gecko/20100101 Firefox/73.0"
108.162.219.100 - - [05/Mar/2020:12:35:14 -0500] "GET /ajax.php?call=logout_check&_=1583429692958 HTTP/1.1" 200 12 "https://nympdev.davlermedia.com/index.php?IX=locations&region=2" "Mozilla/5.0 (Windows NT 6.1; Win64; x64; rv:73.0) Gecko/20100101 Firefox/73.0"
108.162.219.100 - - [05/Mar/2020:12:35:22 -0500] "GET /ajax.php?div=db_grid_main&call=locations_ajax&func=grid&ix_form=location_form%26ref%3Dlocations%2526region%253D2%26region_id%3D2&scrollbar_width=17&spacer_width=2&sort_col=7&sort_order=0&search_str=nos&parm1=%2587%25E2%25E5%25E3%2502%257E%257B%255E%255C%25F1%2583%25B4%252A%25B8%25CEX%25D9%25A2%255E%25CE%25C4%25C6l0i%25F2%250Bc&parm2=%2587%25E2%25B5%2593%25F6%250D%252A%2597&parm3=%2587%25E2%25B5%2593%25F6%250D%252A%2597&filter_cols=0,0,0,0,0,0,0,0,0&old_uid=0707087001583429712&_=1583429692959 HTTP/1.1" 200 5797 "https://nympdev.davlermedia.com/index.php?IX=locations&region=2" "Mozilla/5.0 (Windows NT 6.1; Win64; x64; rv:73.0) Gecko/20100101 Firefox/73.0"
108.162.219.100 - - [05/Mar/2020:12:35:22 -0500] "GET /ajax.php?call=lcs_db_grid_ajax&func=load_block&uid=0471777001583429722&block=1&_=1583429692960 HTTP/1.1" 200 23224 "https://nympdev.davlermedia.com/index.php?IX=locations&region=2" "Mozilla/5.0 (Windows NT 6.1; Win64; x64; rv:73.0) Gecko/20100101 Firefox/73.0"
108.162.219.100 - - [05/Mar/2020:12:35:44 -0500] "GET /ajax.php?call=logout_check&_=1583429692961 HTTP/1.1" 200 12 "https://nympdev.davlermedia.com/index.php?IX=locations&region=2" "Mozilla/5.0 (Windows NT 6.1; Win64; x64; rv:73.0) Gecko/20100101 Firefox/73.0"
108.162.219.100 - - [05/Mar/2020:12:36:14 -0500] "GET /ajax.php?call=logout_check&_=1583429692962 HTTP/1.1" 200 12 "https://nympdev.davlermedia.com/index.php?IX=locations&region=2" "Mozilla/5.0 (Windows NT 6.1; Win64; x64; rv:73.0) Gecko/20100101 Firefox/73.0"
108.162.219.100 - - [05/Mar/2020:12:36:22 -0500] "GET /ajax.php?call=lcs_db_grid_ajax&func=keep_alive&uid=0471777001583429722&bypass_session_timeout=true&_=1583429692963 HTTP/1.1" 200 27 "https://nympdev.davlermedia.com/index.php?IX=locations&region=2" "Mozilla/5.0 (Windows NT 6.1; Win64; x64; rv:73.0) Gecko/20100101 Firefox/73.0"
108.162.219.100 - - [05/Mar/2020:12:36:44 -0500] "GET /ajax.php?call=logout_check&_=1583429692964 HTTP/1.1" 200 12 "https://nympdev.davlermedia.com/index.php?IX=locations&region=2" "Mozilla/5.0 (Windows NT 6.1; Win64; x64; rv:73.0) Gecko/20100101 Firefox/73.0"
108.162.219.100 - - [05/Mar/2020:12:37:14 -0500] "GET /ajax.php?call=logout_check&_=1583429692965 HTTP/1.1" 200 12 "https://nympdev.davlermedia.com/index.php?IX=locations&region=2" "Mozilla/5.0 (Windows NT 6.1; Win64; x64; rv:73.0) Gecko/20100101 Firefox/73.0"
108.162.219.100 - - [05/Mar/2020:12:37:22 -0500] "GET /ajax.php?call=lcs_db_grid_ajax&func=keep_alive&uid=0471777001583429722&bypass_session_timeout=true&_=1583429692966 HTTP/1.1" 200 27 "https://nympdev.davlermedia.com/index.php?IX=locations&region=2" "Mozilla/5.0 (Windows NT 6.1; Win64; x64; rv:73.0) Gecko/20100101 Firefox/73.0"
108.162.219.100 - - [05/Mar/2020:12:37:44 -0500] "GET /ajax.php?call=logout_check&_=1583429692967 HTTP/1.1" 200 12 "https://nympdev.davlermedia.com/index.php?IX=locations&region=2" "Mozilla/5.0 (Windows NT 6.1; Win64; x64; rv:73.0) Gecko/20100101 Firefox/73.0"
108.162.219.100 - - [05/Mar/2020:12:38:14 -0500] "GET /ajax.php?call=logout_check&_=1583429692968 HTTP/1.1" 200 12 "https://nympdev.davlermedia.com/index.php?IX=locations&region=2" "Mozilla/5.0 (Windows NT 6.1; Win64; x64; rv:73.0) Gecko/20100101 Firefox/73.0"
108.162.219.100 - - [05/Mar/2020:12:38:22 -0500] "GET /ajax.php?call=lcs_db_grid_ajax&func=keep_alive&uid=0471777001583429722&bypass_session_timeout=true&_=1583429692969 HTTP/1.1" 200 27 "https://nympdev.davlermedia.com/index.php?IX=locations&region=2" "Mozilla/5.0 (Windows NT 6.1; Win64; x64; rv:73.0) Gecko/20100101 Firefox/73.0"
108.162.219.100 - - [05/Mar/2020:12:38:44 -0500] "GET /ajax.php?call=logout_check&_=1583429692970 HTTP/1.1" 200 12 "https://nympdev.davlermedia.com/index.php?IX=locations&region=2" "Mozilla/5.0 (Windows NT 6.1; Win64; x64; rv:73.0) Gecko/20100101 Firefox/73.0"
108.162.219.100 - - [05/Mar/2020:12:39:13 -0500] "GET /index.php?IX=drivers HTTP/1.1" 200 11161 "https://nympdev.davlermedia.com/index.php?IX=locations&region=2" "Mozilla/5.0 (Windows NT 6.1; Win64; x64; rv:73.0) Gecko/20100101 Firefox/73.0"
108.162.219.20 - - [05/Mar/2020:12:39:13 -0500] "GET /img/close_icon.png HTTP/1.1" 404 196 "https://nympdev.davlermedia.com/index.php?IX=drivers" "Mozilla/5.0 (Windows NT 6.1; Win64; x64; rv:73.0) Gecko/20100101 Firefox/73.0"
173.245.52.205 - - [05/Mar/2020:12:39:13 -0500] "GET /img/loading.gif HTTP/1.1" 404 196 "https://nympdev.davlermedia.com/index.php?IX=drivers" "Mozilla/5.0 (Windows NT 6.1; Win64; x64; rv:73.0) Gecko/20100101 Firefox/73.0"
108.162.219.100 - - [05/Mar/2020:12:39:13 -0500] "GET /ajax.php?div=db_grid_main&call=drivers_ajax&func=grid&ix_form=driver_form%26ref%3Ddrivers%2526region%253D1%26region_id%3D1&scrollbar_width=17&spacer_width=2&sort_col=1&sort_order=0&search_str=&parm1=%2587%25E2%2585%2597%25F6%250D%2518%2596%25BF&parm2=%2587%25E2%25B5%2593%25F6%250D%252A%2597&parm3=%2587%25E2%25B5%2593%25F6%250D%252A%2597&filter_cols=&old_uid=0&_=1583429962084 HTTP/1.1" 200 3327 "https://nympdev.davlermedia.com/index.php?IX=drivers" "Mozilla/5.0 (Windows NT 6.1; Win64; x64; rv:73.0) Gecko/20100101 Firefox/73.0"
108.162.219.100 - - [05/Mar/2020:12:39:14 -0500] "GET /ajax.php?call=lcs_db_grid_ajax&func=load_block&uid=0983904001583429953&block=1&_=1583429962085 HTTP/1.1" 200 5261 "https://nympdev.davlermedia.com/index.php?IX=drivers" "Mozilla/5.0 (Windows NT 6.1; Win64; x64; rv:73.0) Gecko/20100101 Firefox/73.0"
108.162.219.100 - - [05/Mar/2020:12:39:16 -0500] "GET /index.php?IX=driver_form&ref=drivers%26region%3D1&region_id=1&id=31 HTTP/1.1" 200 5922 "https://nympdev.davlermedia.com/index.php?IX=drivers" "Mozilla/5.0 (Windows NT 6.1; Win64; x64; rv:73.0) Gecko/20100101 Firefox/73.0"
108.162.219.100 - - [05/Mar/2020:12:39:28 -0500] "GET /index.php?IX=drivers HTTP/1.1" 200 11161 "https://nympdev.davlermedia.com/index.php?IX=driver_form&ref=drivers%26region%3D1&region_id=1&id=31" "Mozilla/5.0 (Windows NT 6.1; Win64; x64; rv:73.0) Gecko/20100101 Firefox/73.0"
108.162.219.100 - - [05/Mar/2020:12:39:28 -0500] "GET /ajax.php?div=db_grid_main&call=drivers_ajax&func=grid&ix_form=driver_form%26ref%3Ddrivers%2526region%253D1%26region_id%3D1&scrollbar_width=17&spacer_width=2&sort_col=1&sort_order=0&search_str=&parm1=%2587%25E2%2585%2597%25F6%250D%2518%2596%25BF&parm2=%2587%25E2%25B5%2593%25F6%250D%252A%2597&parm3=%2587%25E2%25B5%2593%25F6%250D%252A%2597&filter_cols=&old_uid=0&_=1583429977059 HTTP/1.1" 200 3327 "https://nympdev.davlermedia.com/index.php?IX=drivers" "Mozilla/5.0 (Windows NT 6.1; Win64; x64; rv:73.0) Gecko/20100101 Firefox/73.0"
108.162.219.100 - - [05/Mar/2020:12:39:29 -0500] "GET /ajax.php?call=lcs_db_grid_ajax&func=load_block&uid=0968695001583429968&block=1&_=1583429977060 HTTP/1.1" 200 5261 "https://nympdev.davlermedia.com/index.php?IX=drivers" "Mozilla/5.0 (Windows NT 6.1; Win64; x64; rv:73.0) Gecko/20100101 Firefox/73.0"
108.162.219.100 - - [05/Mar/2020:12:39:30 -0500] "GET /index.php?IX=driver_form&ref=drivers%26region%3D1&region_id=1&id=25 HTTP/1.1" 200 5922 "https://nympdev.davlermedia.com/index.php?IX=drivers" "Mozilla/5.0 (Windows NT 6.1; Win64; x64; rv:73.0) Gecko/20100101 Firefox/73.0"
108.162.219.100 - - [05/Mar/2020:12:39:34 -0500] "GET /index.php?IX=locations HTTP/1.1" 200 11273 "https://nympdev.davlermedia.com/index.php?IX=driver_form&ref=drivers%26region%3D1&region_id=1&id=25" "Mozilla/5.0 (Windows NT 6.1; Win64; x64; rv:73.0) Gecko/20100101 Firefox/73.0"
108.162.219.100 - - [05/Mar/2020:12:39:34 -0500] "GET /ajax.php?div=db_grid_main&call=locations_ajax&func=grid&ix_form=location_form%26ref%3Dlocations%2526region%253D1%26region_id%3D1&scrollbar_width=17&spacer_width=2&sort_col=1&sort_order=0&search_str=&parm1=%2587%25E2%25E5%25E3%2502%257E%257B%255E%255C%25F1%2583%25B4%252A%25B8%25CEX%25D9%25A2%255E%25CE%25C4%25C6j0i%25F3%250Bb&parm2=%2587%25E2%25B5%2593%25F6%250D%252A%2597&parm3=%2587%25E2%25B5%2593%25F6%250D%252A%2597&filter_cols=&old_uid=0&_=1583429983096 HTTP/1.1" 200 5723 "https://nympdev.davlermedia.com/index.php?IX=locations" "Mozilla/5.0 (Windows NT 6.1; Win64; x64; rv:73.0) Gecko/20100101 Firefox/73.0"
108.162.219.100 - - [05/Mar/2020:12:39:34 -0500] "GET /ajax.php?call=lcs_db_grid_ajax&func=load_block&uid=0809443001583429974&block=1&_=1583429983097 HTTP/1.1" 200 355973 "https://nympdev.davlermedia.com/index.php?IX=locations" "Mozilla/5.0 (Windows NT 6.1; Win64; x64; rv:73.0) Gecko/20100101 Firefox/73.0"
