2a06:98c0:3600::103 - - [03/Oct/2020:22:32:04 -0400] "GET /js/jquery.wakeup.js?ver=1461595780 HTTP/2.0" 200 2396 "https://nympdev.davlermedia.com/index.php?IX=home" "Mozilla/5.0 (Windows NT 10.0; Win64; x64) AppleWebKit/537.36 (KHTML, like Gecko) Chrome/85.0.4183.121 Safari/537.36"
2a06:98c0:3600::103 - - [03/Oct/2020:22:32:04 -0400] "GET /js/jquery.datePicker.js?ver=1454606621 HTTP/1.1" 200 42569 "https://nympdev.davlermedia.com/index.php?IX=home" "Mozilla/5.0 (Windows NT 10.0; Win64; x64) AppleWebKit/537.36 (KHTML, like Gecko) Chrome/85.0.4183.121 Safari/537.36"
2a06:98c0:3600::103 - - [03/Oct/2020:22:32:04 -0400] "GET /js/jquery.slicknav.min.js?ver=1454616436 HTTP/1.1" 200 6665 "https://nympdev.davlermedia.com/index.php?IX=home" "Mozilla/5.0 (Windows NT 10.0; Win64; x64) AppleWebKit/537.36 (KHTML, like Gecko) Chrome/85.0.4183.121 Safari/537.36"
2a06:98c0:3600::103 - - [03/Oct/2020:22:32:04 -0400] "GET /js/date.js?ver=1454606615 HTTP/1.1" 200 12767 "https://nympdev.davlermedia.com/index.php?IX=home" "Mozilla/5.0 (Windows NT 10.0; Win64; x64) AppleWebKit/537.36 (KHTML, like Gecko) Chrome/85.0.4183.121 Safari/537.36"
2a06:98c0:3600::103 - - [03/Oct/2020:22:32:04 -0400] "GET /js/jquery.form.js?ver=1454606622 HTTP/1.1" 200 39396 "https://nympdev.davlermedia.com/index.php?IX=home" "Mozilla/5.0 (Windows NT 10.0; Win64; x64) AppleWebKit/537.36 (KHTML, like Gecko) Chrome/85.0.4183.121 Safari/537.36"
2a06:98c0:3600::103 - - [03/Oct/2020:22:32:04 -0400] "GET /js/index.js?ver=1517857683 HTTP/1.1" 200 34837 "https://nympdev.davlermedia.com/index.php?IX=home" "Mozilla/5.0 (Windows NT 10.0; Win64; x64) AppleWebKit/537.36 (KHTML, like Gecko) Chrome/85.0.4183.121 Safari/537.36"
2a06:98c0:3600::103 - - [03/Oct/2020:22:32:04 -0400] "GET /js/json2.min.js?ver=1458875434 HTTP/1.1" 200 3460 "https://nympdev.davlermedia.com/index.php?IX=home" "Mozilla/5.0 (Windows NT 10.0; Win64; x64) AppleWebKit/537.36 (KHTML, like Gecko) Chrome/85.0.4183.121 Safari/537.36"
2a06:98c0:3600::103 - - [03/Oct/2020:22:32:04 -0400] "GET /css/main_mobile.css?ver=1456734643 HTTP/1.1" 200 2351 "https://nympdev.davlermedia.com/index.php?IX=home" "Mozilla/5.0 (Windows NT 10.0; Win64; x64) AppleWebKit/537.36 (KHTML, like Gecko) Chrome/85.0.4183.121 Safari/537.36"
2a06:98c0:3600::103 - - [03/Oct/2020:22:32:04 -0400] "GET /js/jquery-1.11.2.min.js?ver=1454606617 HTTP/1.1" 200 95931 "https://nympdev.davlermedia.com/index.php?IX=home" "Mozilla/5.0 (Windows NT 10.0; Win64; x64) AppleWebKit/537.36 (KHTML, like Gecko) Chrome/85.0.4183.121 Safari/537.36"
2a06:98c0:3600::103 - - [03/Oct/2020:22:32:04 -0400] "GET /css/datePicker.css?ver=1454105334 HTTP/1.1" 200 2415 "https://nympdev.davlermedia.com/index.php?IX=home" "Mozilla/5.0 (Windows NT 10.0; Win64; x64) AppleWebKit/537.36 (KHTML, like Gecko) Chrome/85.0.4183.121 Safari/537.36 Edg/85.0.564.63"
2a06:98c0:3600::103 - - [03/Oct/2020:22:32:04 -0400] "GET /css/main_mobile.css?ver=1456734643 HTTP/1.1" 200 2351 "https://nympdev.davlermedia.com/index.php?IX=home" "Mozilla/5.0 (Windows NT 10.0; Win64; x64) AppleWebKit/537.36 (KHTML, like Gecko) Chrome/85.0.4183.121 Safari/537.36 Edg/85.0.564.63"
2a06:98c0:3600::103 - - [03/Oct/2020:22:32:04 -0400] "GET /css/main.css?ver=1515980047 HTTP/1.1" 200 35855 "https://nympdev.davlermedia.com/index.php?IX=home" "Mozilla/5.0 (Windows NT 10.0; Win64; x64) AppleWebKit/537.36 (KHTML, like Gecko) Chrome/85.0.4183.121 Safari/537.36 Edg/85.0.564.63"
2a06:98c0:3600::103 - - [03/Oct/2020:22:32:04 -0400] "GET /js/jquery-migrate-1.2.1.min.js?ver=1454606618 HTTP/1.1" 200 7199 "https://nympdev.davlermedia.com/index.php?IX=home" "Mozilla/5.0 (Windows NT 10.0; Win64; x64) AppleWebKit/537.36 (KHTML, like Gecko) Chrome/85.0.4183.121 Safari/537.36 Edg/85.0.564.63"
2a06:98c0:3600::103 - - [03/Oct/2020:22:32:04 -0400] "GET /js/json2.min.js?ver=1458875434 HTTP/1.1" 200 3460 "https://nympdev.davlermedia.com/index.php?IX=home" "Mozilla/5.0 (Windows NT 10.0; Win64; x64) AppleWebKit/537.36 (KHTML, like Gecko) Chrome/85.0.4183.121 Safari/537.36 Edg/85.0.564.63"
2a06:98c0:3600::103 - - [03/Oct/2020:22:32:04 -0400] "GET /js/jquery.slicknav.min.js?ver=1454616436 HTTP/1.1" 200 6665 "https://nympdev.davlermedia.com/index.php?IX=home" "Mozilla/5.0 (Windows NT 10.0; Win64; x64) AppleWebKit/537.36 (KHTML, like Gecko) Chrome/85.0.4183.121 Safari/537.36 Edg/85.0.564.63"
2a06:98c0:3600::103 - - [03/Oct/2020:22:32:04 -0400] "GET /css/slicknav.min.css?ver=1454616447 HTTP/1.1" 200 2353 "https://nympdev.davlermedia.com/index.php?IX=home" "Mozilla/5.0 (Windows NT 10.0; Win64; x64) AppleWebKit/537.36 (KHTML, like Gecko) Chrome/85.0.4183.121 Safari/537.36 Edg/85.0.564.63"
2a06:98c0:3600::103 - - [03/Oct/2020:22:32:04 -0400] "GET /js/jquery.form.js?ver=1454606622 HTTP/1.1" 200 39396 "https://nympdev.davlermedia.com/index.php?IX=home" "Mozilla/5.0 (Windows NT 10.0; Win64; x64) AppleWebKit/537.36 (KHTML, like Gecko) Chrome/85.0.4183.121 Safari/537.36 Edg/85.0.564.63"
2a06:98c0:3600::103 - - [03/Oct/2020:22:32:04 -0400] "GET /js/jquery.wakeup.js?ver=1461595780 HTTP/1.1" 200 2396 "https://nympdev.davlermedia.com/index.php?IX=home" "Mozilla/5.0 (Windows NT 10.0; Win64; x64) AppleWebKit/537.36 (KHTML, like Gecko) Chrome/85.0.4183.121 Safari/537.36 Edg/85.0.564.63"
2a06:98c0:3600::103 - - [03/Oct/2020:22:32:04 -0400] "GET /js/jquery.datePicker.js?ver=1454606621 HTTP/1.1" 200 42569 "https://nympdev.davlermedia.com/index.php?IX=home" "Mozilla/5.0 (Windows NT 10.0; Win64; x64) AppleWebKit/537.36 (KHTML, like Gecko) Chrome/85.0.4183.121 Safari/537.36 Edg/85.0.564.63"
2a06:98c0:3600::103 - - [03/Oct/2020:22:32:04 -0400] "GET /js/index.js?ver=1517857683 HTTP/1.1" 200 34837 "https://nympdev.davlermedia.com/index.php?IX=home" "Mozilla/5.0 (Windows NT 10.0; Win64; x64) AppleWebKit/537.36 (KHTML, like Gecko) Chrome/85.0.4183.121 Safari/537.36 Edg/85.0.564.63"
2a06:98c0:3600::103 - - [03/Oct/2020:22:32:04 -0400] "GET /js/jquery-1.11.2.min.js?ver=1454606617 HTTP/1.1" 200 95931 "https://nympdev.davlermedia.com/index.php?IX=home" "Mozilla/5.0 (Windows NT 10.0; Win64; x64) AppleWebKit/537.36 (KHTML, like Gecko) Chrome/85.0.4183.121 Safari/537.36 Edg/85.0.564.63"
2a06:98c0:3600::103 - - [03/Oct/2020:22:32:04 -0400] "GET /js/date.js?ver=1454606615 HTTP/1.1" 200 12767 "https://nympdev.davlermedia.com/index.php?IX=home" "Mozilla/5.0 (Windows NT 10.0; Win64; x64) AppleWebKit/537.36 (KHTML, like Gecko) Chrome/85.0.4183.121 Safari/537.36 Edg/85.0.564.63"
2001:4ca0:108:42::15 - - [04/Oct/2020:04:09:30 -0400] "HEAD / HTTP/1.1" 200 - "-" "Mozilla/5.0 (Windows NT 6.1; Win64; x64) AppleWebKit/537.36 (KHTML, like Gecko) Chrome/40.0.2214.85 Safari/537.36"
2001:4ca0:108:42::15 - - [04/Oct/2020:07:34:59 -0400] "HEAD / HTTP/1.1" 200 - "-" "Mozilla/5.0 (Windows NT 6.1; Win64; x64) AppleWebKit/537.36 (KHTML, like Gecko) Chrome/40.0.2214.85 Safari/537.36"
2a06:98c0:3600::103 - - [04/Oct/2020:11:29:27 -0400] "GET / HTTP/1.1" 200 5031 "http://nympdev.davlermedia.com/" "Mozilla/5.0 zgrab/0.x"
2a06:98c0:3600::103 - - [05/Oct/2020:11:30:17 -0400] "GET / HTTP/1.1" 200 5031 "http://nympdev.davlermedia.com/" "Mozilla/5.0 zgrab/0.x"
2a06:98c0:3600::103 - - [06/Oct/2020:04:03:07 -0400] "GET / HTTP/2.0" 200 5031 "-" "Mozilla/5.0 (compatible; NetcraftSurveyAgent/1.0; [email protected])"
209.17.97.34 - - [06/Oct/2020:04:41:39 -0400] "GET / HTTP/1.1" 200 5031 "-" "Mozilla/5.0 (compatible; Nimbostratus-Bot/v1.3.2; http://cloudsystemnetworks.com)"
2a03:b0c0:3:e0::185:d001 - - [06/Oct/2020:07:52:48 -0400] "GET /wp-login.php HTTP/1.1" 404 16 "http://nympdev.davlermedia.com/wp-login.php" "Mozilla/5.0 (X11; Ubuntu; Linux x86_64; rv:62.0) Gecko/20100101 Firefox/62.0"
82.165.126.41 - - [06/Oct/2020:07:52:53 -0400] "GET /wp-login.php HTTP/1.1" 404 16 "http://nympdev.davlermedia.com/wp-login.php" "Mozilla/5.0 (X11; Ubuntu; Linux x86_64; rv:62.0) Gecko/20100101 Firefox/62.0"
2a06:98c0:3600::103 - - [06/Oct/2020:08:34:33 -0400] "GET / HTTP/1.1" 200 5031 "http://nympdev.davlermedia.com/" "Mozilla/5.0 zgrab/0.x"
2a06:98c0:3600::103 - - [06/Oct/2020:23:29:36 -0400] "GET /wp-login.php HTTP/1.1" 404 16 "-" "Mozilla/5.0"
2a06:98c0:3600::103 - - [07/Oct/2020:08:22:11 -0400] "GET / HTTP/1.1" 200 5031 "http://nympdev.davlermedia.com/" "Mozilla/5.0 zgrab/0.x"
209.17.96.170 - - [07/Oct/2020:10:09:30 -0400] "GET / HTTP/1.1" 200 5031 "-" "Mozilla/5.0 (compatible; Nimbostratus-Bot/v1.3.2; http://cloudsystemnetworks.com)"
138.197.96.84 - - [07/Oct/2020:13:08:59 -0400] "GET / HTTP/1.1" 200 5031 "-" "Mozilla/5.0 (compatible; NetcraftSurveyAgent/1.0; [email protected])"
165.22.45.191 - - [07/Oct/2020:13:29:53 -0400] "GET / HTTP/1.1" 200 5031 "-" "Mozilla/5.0 (compatible; NetcraftSurveyAgent/1.0; [email protected])"
51.68.19.126 - - [07/Oct/2020:15:11:58 -0400] "GET /wp-login.php HTTP/1.1" 404 16 "http://nympdev.davlermedia.com/wp-login.php" "Mozilla/5.0 (X11; Ubuntu; Linux x86_64; rv:62.0) Gecko/20100101 Firefox/62.0"
134.209.172.214 - - [07/Oct/2020:15:46:20 -0400] "GET / HTTP/1.1" 200 5031 "-" "Mozilla/5.0 (compatible; NetcraftSurveyAgent/1.0; [email protected])"
104.143.83.241 - - [08/Oct/2020:11:42:46 -0400] "GET / HTTP/1.1" 200 5031 "http://nympdev.davlermedia.com/" "Mozilla/5.0 zgrab/0.x"
209.17.96.210 - - [08/Oct/2020:18:33:37 -0400] "GET / HTTP/1.1" 200 5031 "-" "Mozilla/5.0 (compatible; Nimbostratus-Bot/v1.3.2; http://cloudsystemnetworks.com)"
138.246.253.15 - - [09/Oct/2020:08:52:49 -0400] "HEAD / HTTP/1.1" 200 - "-" "Mozilla/5.0 (Windows NT 6.1; Win64; x64) AppleWebKit/537.36 (KHTML, like Gecko) Chrome/40.0.2214.85 Safari/537.36"
209.17.96.34 - - [09/Oct/2020:09:29:08 -0400] "GET / HTTP/1.1" 200 5031 "-" "Mozilla/5.0 (compatible; Nimbostratus-Bot/v1.3.2; http://cloudsystemnetworks.com)"
138.246.253.15 - - [09/Oct/2020:11:25:20 -0400] "HEAD / HTTP/1.1" 200 - "-" "Mozilla/5.0 (Windows NT 6.1; Win64; x64) AppleWebKit/537.36 (KHTML, like Gecko) Chrome/40.0.2214.85 Safari/537.36"
104.143.83.241 - - [09/Oct/2020:11:37:10 -0400] "GET / HTTP/2.0" 200 5031 "http://nympdev.davlermedia.com/" "Mozilla/5.0 zgrab/0.x"
209.17.96.242 - - [10/Oct/2020:01:14:23 -0400] "GET / HTTP/1.1" 200 5031 "-" "Mozilla/5.0 (compatible; Nimbostratus-Bot/v1.3.2; http://cloudsystemnetworks.com)"
104.143.83.241 - - [10/Oct/2020:08:42:26 -0400] "GET / HTTP/1.1" 200 5031 "http://nympdev.davlermedia.com/" "Mozilla/5.0 zgrab/0.x"
138.246.253.15 - - [10/Oct/2020:16:42:44 -0400] "HEAD / HTTP/1.1" 200 - "-" "Mozilla/5.0 (Windows NT 6.1; Win64; x64) AppleWebKit/537.36 (KHTML, like Gecko) Chrome/40.0.2214.85 Safari/537.36"
2001:4ca0:108:42::15 - - [10/Oct/2020:22:08:53 -0400] "HEAD / HTTP/1.1" 200 - "-" "Mozilla/5.0 (Windows NT 6.1; Win64; x64) AppleWebKit/537.36 (KHTML, like Gecko) Chrome/40.0.2214.85 Safari/537.36"
2001:4ca0:108:42::15 - - [11/Oct/2020:02:18:37 -0400] "HEAD / HTTP/1.1" 200 - "-" "Mozilla/5.0 (Windows NT 6.1; Win64; x64) AppleWebKit/537.36 (KHTML, like Gecko) Chrome/40.0.2214.85 Safari/537.36"
104.143.83.241 - - [11/Oct/2020:08:43:22 -0400] "GET / HTTP/1.1" 200 5031 "http://nympdev.davlermedia.com/" "Mozilla/5.0 zgrab/0.x"
2001:4ca0:108:42::15 - - [11/Oct/2020:08:51:02 -0400] "HEAD / HTTP/1.1" 200 - "-" "Mozilla/5.0 (Windows NT 6.1; Win64; x64) AppleWebKit/537.36 (KHTML, like Gecko) Chrome/40.0.2214.85 Safari/537.36"
157.55.39.20 - - [11/Oct/2020:19:39:10 -0400] "GET /robots.txt HTTP/1.1" 404 196 "-" "Mozilla/5.0 (compatible; bingbot/2.0; +http://www.bing.com/bingbot.htm)"
207.46.13.12 - - [11/Oct/2020:19:39:58 -0400] "GET / HTTP/1.1" 200 5031 "-" "Mozilla/5.0 (compatible; bingbot/2.0; +http://www.bing.com/bingbot.htm)"
104.143.83.241 - - [12/Oct/2020:08:44:24 -0400] "GET / HTTP/1.1" 200 5031 "http://nympdev.davlermedia.com/" "Mozilla/5.0 zgrab/0.x"
188.166.213.145 - - [12/Oct/2020:20:17:21 -0400] "GET /blog/wp-login.php HTTP/1.1" 404 196 "http://nympdev.davlermedia.com/blog/wp-login.php" "Mozilla/5.0 (X11; Ubuntu; Linux x86_64; rv:62.0) Gecko/20100101 Firefox/62.0"
123.31.12.227 - - [13/Oct/2020:03:26:06 -0400] "GET /wp/wp-login.php HTTP/1.1" 404 196 "http://nympdev.davlermedia.com/wp/wp-login.php" "Mozilla/5.0 (X11; Ubuntu; Linux x86_64; rv:62.0) Gecko/20100101 Firefox/62.0"
37.59.47.61 - - [13/Oct/2020:03:50:48 -0400] "POST //wp-content/plugins/wp-file-manager/lib/php/connector.minimal.php HTTP/1.1" 404 196 "-" "curl/7.68.0"
37.59.47.61 - - [13/Oct/2020:03:51:06 -0400] "GET //wp-content/plugins/wp-file-manager/lib/files/badmin1.php HTTP/1.1" 404 196 "-" "curl/7.68.0"
37.59.47.61 - - [13/Oct/2020:03:51:22 -0400] "GET ////nette.micro?callback=shell_exec&cmd=ifconfig HTTP/1.1" 404 196 "-" "Mozilla/5.0 (Windows NT 6.1; WOW64) AppleWebKit/537.36 (KHTML, like Gecko) Chrome/42.0.2311.90 Safari/537.36"
37.59.47.61 - - [13/Oct/2020:03:51:34 -0400] "GET ///wp-content/plugins/wp-file-manager/lib/php/connector.minimal.php HTTP/1.1" 404 196 "-" "curl/7.68.0"
37.59.47.61 - - [13/Oct/2020:03:51:46 -0400] "GET ///wp-content/plugins/wp-file-manager/lib/files/badmin1.php HTTP/1.1" 404 196 "-" "curl/7.68.0"
37.59.47.61 - - [13/Oct/2020:03:52:05 -0400] "GET /////nette.micro?callback=shell_exec&cmd=ifconfig HTTP/1.1" 404 196 "-" "Mozilla/5.0 (Windows NT 6.1; WOW64) AppleWebKit/537.36 (KHTML, like Gecko) Chrome/42.0.2311.90 Safari/537.36"
104.143.83.241 - - [13/Oct/2020:08:08:46 -0400] "GET / HTTP/1.1" 200 5031 "http://nympdev.davlermedia.com/" "Mozilla/5.0 zgrab/0.x"
104.143.83.241 - - [14/Oct/2020:07:34:19 -0400] "GET / HTTP/1.1" 200 5031 "http://nympdev.davlermedia.com/" "Mozilla/5.0 zgrab/0.x"
104.143.83.241 - - [15/Oct/2020:07:31:09 -0400] "GET / HTTP/1.1" 200 5031 "http://nympdev.davlermedia.com/" "Mozilla/5.0 zgrab/0.x"
34.227.67.33 - - [15/Oct/2020:12:01:47 -0400] "GET / HTTP/1.1" 200 5031 "-" "Mozilla/5.0 (Windows NT 10.0; Win64; x64) AppleWebKit/537.36 (KHTML, like Gecko) Chrome/78.0.3904.108 Safari/537.36"
34.227.67.33 - - [15/Oct/2020:12:01:47 -0400] "GET //wp-includes/wlwmanifest.xml HTTP/1.1" 404 196 "-" "Mozilla/5.0 (Windows NT 10.0; Win64; x64) AppleWebKit/537.36 (KHTML, like Gecko) Chrome/78.0.3904.108 Safari/537.36"
34.227.67.33 - - [15/Oct/2020:12:01:48 -0400] "GET //xmlrpc.php?rsd HTTP/1.1" 404 16 "-" "Mozilla/5.0 (Windows NT 10.0; Win64; x64) AppleWebKit/537.36 (KHTML, like Gecko) Chrome/78.0.3904.108 Safari/537.36"
34.227.67.33 - - [15/Oct/2020:12:01:48 -0400] "GET / HTTP/1.1" 200 5031 "-" "Mozilla/5.0 (Windows NT 10.0; Win64; x64) AppleWebKit/537.36 (KHTML, like Gecko) Chrome/78.0.3904.108 Safari/537.36"
34.227.67.33 - - [15/Oct/2020:12:01:48 -0400] "GET //blog/wp-includes/wlwmanifest.xml HTTP/1.1" 404 196 "-" "Mozilla/5.0 (Windows NT 10.0; Win64; x64) AppleWebKit/537.36 (KHTML, like Gecko) Chrome/78.0.3904.108 Safari/537.36"
34.227.67.33 - - [15/Oct/2020:12:01:48 -0400] "GET //web/wp-includes/wlwmanifest.xml HTTP/1.1" 404 196 "-" "Mozilla/5.0 (Windows NT 10.0; Win64; x64) AppleWebKit/537.36 (KHTML, like Gecko) Chrome/78.0.3904.108 Safari/537.36"
34.227.67.33 - - [15/Oct/2020:12:01:48 -0400] "GET //wordpress/wp-includes/wlwmanifest.xml HTTP/1.1" 404 196 "-" "Mozilla/5.0 (Windows NT 10.0; Win64; x64) AppleWebKit/537.36 (KHTML, like Gecko) Chrome/78.0.3904.108 Safari/537.36"
34.227.67.33 - - [15/Oct/2020:12:01:48 -0400] "GET //website/wp-includes/wlwmanifest.xml HTTP/1.1" 404 196 "-" "Mozilla/5.0 (Windows NT 10.0; Win64; x64) AppleWebKit/537.36 (KHTML, like Gecko) Chrome/78.0.3904.108 Safari/537.36"
34.227.67.33 - - [15/Oct/2020:12:01:48 -0400] "GET //wp/wp-includes/wlwmanifest.xml HTTP/1.1" 404 196 "-" "Mozilla/5.0 (Windows NT 10.0; Win64; x64) AppleWebKit/537.36 (KHTML, like Gecko) Chrome/78.0.3904.108 Safari/537.36"
34.227.67.33 - - [15/Oct/2020:12:01:48 -0400] "GET //news/wp-includes/wlwmanifest.xml HTTP/1.1" 404 196 "-" "Mozilla/5.0 (Windows NT 10.0; Win64; x64) AppleWebKit/537.36 (KHTML, like Gecko) Chrome/78.0.3904.108 Safari/537.36"
34.227.67.33 - - [15/Oct/2020:12:01:48 -0400] "GET //2018/wp-includes/wlwmanifest.xml HTTP/1.1" 404 196 "-" "Mozilla/5.0 (Windows NT 10.0; Win64; x64) AppleWebKit/537.36 (KHTML, like Gecko) Chrome/78.0.3904.108 Safari/537.36"
34.227.67.33 - - [15/Oct/2020:12:01:48 -0400] "GET //2019/wp-includes/wlwmanifest.xml HTTP/1.1" 404 196 "-" "Mozilla/5.0 (Windows NT 10.0; Win64; x64) AppleWebKit/537.36 (KHTML, like Gecko) Chrome/78.0.3904.108 Safari/537.36"
34.227.67.33 - - [15/Oct/2020:12:01:48 -0400] "GET //shop/wp-includes/wlwmanifest.xml HTTP/1.1" 404 196 "-" "Mozilla/5.0 (Windows NT 10.0; Win64; x64) AppleWebKit/537.36 (KHTML, like Gecko) Chrome/78.0.3904.108 Safari/537.36"
34.227.67.33 - - [15/Oct/2020:12:01:48 -0400] "GET //wp1/wp-includes/wlwmanifest.xml HTTP/1.1" 404 196 "-" "Mozilla/5.0 (Windows NT 10.0; Win64; x64) AppleWebKit/537.36 (KHTML, like Gecko) Chrome/78.0.3904.108 Safari/537.36"
34.227.67.33 - - [15/Oct/2020:12:01:48 -0400] "GET //test/wp-includes/wlwmanifest.xml HTTP/1.1" 404 196 "-" "Mozilla/5.0 (Windows NT 10.0; Win64; x64) AppleWebKit/537.36 (KHTML, like Gecko) Chrome/78.0.3904.108 Safari/537.36"
34.227.67.33 - - [15/Oct/2020:12:01:48 -0400] "GET //media/wp-includes/wlwmanifest.xml HTTP/1.1" 404 196 "-" "Mozilla/5.0 (Windows NT 10.0; Win64; x64) AppleWebKit/537.36 (KHTML, like Gecko) Chrome/78.0.3904.108 Safari/537.36"
34.227.67.33 - - [15/Oct/2020:12:01:48 -0400] "GET //wp2/wp-includes/wlwmanifest.xml HTTP/1.1" 404 196 "-" "Mozilla/5.0 (Windows NT 10.0; Win64; x64) AppleWebKit/537.36 (KHTML, like Gecko) Chrome/78.0.3904.108 Safari/537.36"
34.227.67.33 - - [15/Oct/2020:12:01:48 -0400] "GET //site/wp-includes/wlwmanifest.xml HTTP/1.1" 404 196 "-" "Mozilla/5.0 (Windows NT 10.0; Win64; x64) AppleWebKit/537.36 (KHTML, like Gecko) Chrome/78.0.3904.108 Safari/537.36"
34.227.67.33 - - [15/Oct/2020:12:01:48 -0400] "GET //cms/wp-includes/wlwmanifest.xml HTTP/1.1" 404 196 "-" "Mozilla/5.0 (Windows NT 10.0; Win64; x64) AppleWebKit/537.36 (KHTML, like Gecko) Chrome/78.0.3904.108 Safari/537.36"
34.227.67.33 - - [15/Oct/2020:12:01:48 -0400] "GET //sito/wp-includes/wlwmanifest.xml HTTP/1.1" 404 196 "-" "Mozilla/5.0 (Windows NT 10.0; Win64; x64) AppleWebKit/537.36 (KHTML, like Gecko) Chrome/78.0.3904.108 Safari/537.36"
142.93.34.169 - - [15/Oct/2020:23:03:07 -0400] "GET /wp-login.php HTTP/2.0" 404 16 "http://nympdev.davlermedia.com/wp-login.php" "Mozilla/5.0 (X11; Ubuntu; Linux x86_64; rv:62.0) Gecko/20100101 Firefox/62.0"
138.246.253.15 - - [16/Oct/2020:04:56:01 -0400] "HEAD / HTTP/1.1" 200 - "-" "Mozilla/5.0 (Windows NT 6.1; Win64; x64) AppleWebKit/537.36 (KHTML, like Gecko) Chrome/40.0.2214.85 Safari/537.36"
104.143.83.241 - - [16/Oct/2020:09:51:14 -0400] "GET / HTTP/1.1" 200 5031 "http://nympdev.davlermedia.com/" "Mozilla/5.0 zgrab/0.x"
51.89.203.194 - - [16/Oct/2020:18:50:35 -0400] "GET /vendor/phpunit/phpunit/LICENSE HTTP/1.1" 404 196 "-" "Mozilla/5.0 (X11; Ubuntu; Linux i686; rv:28.0) Gecko/20100101 Firefox/28.0"
138.246.253.15 - - [16/Oct/2020:21:32:42 -0400] "HEAD / HTTP/1.1" 200 - "-" "Mozilla/5.0 (Windows NT 6.1; Win64; x64) AppleWebKit/537.36 (KHTML, like Gecko) Chrome/40.0.2214.85 Safari/537.36"
64.202.184.249 - - [17/Oct/2020:09:02:13 -0400] "GET /wp-login.php HTTP/1.1" 404 16 "http://nympdev.davlermedia.com/wp-login.php" "Mozilla/5.0 (X11; Ubuntu; Linux x86_64; rv:62.0) Gecko/20100101 Firefox/62.0"
64.202.184.249 - - [17/Oct/2020:09:02:13 -0400] "GET /wp-login.php HTTP/1.1" 404 16 "http://nympdev.davlermedia.com/wp-login.php" "Mozilla/5.0 (X11; Ubuntu; Linux x86_64; rv:62.0) Gecko/20100101 Firefox/62.0"
64.202.184.249 - - [17/Oct/2020:09:02:13 -0400] "GET /wp-login.php HTTP/1.1" 404 16 "http://nympdev.davlermedia.com/wp-login.php" "Mozilla/5.0 (X11; Ubuntu; Linux x86_64; rv:62.0) Gecko/20100101 Firefox/62.0"
104.143.83.241 - - [17/Oct/2020:09:58:29 -0400] "GET / HTTP/1.1" 200 5031 "http://nympdev.davlermedia.com/" "Mozilla/5.0 zgrab/0.x"
138.246.253.15 - - [17/Oct/2020:15:54:04 -0400] "HEAD / HTTP/1.1" 200 - "-" "Mozilla/5.0 (Windows NT 6.1; Win64; x64) AppleWebKit/537.36 (KHTML, like Gecko) Chrome/40.0.2214.85 Safari/537.36"
82.165.252.190 - - [17/Oct/2020:19:51:37 -0400] "GET //vendor/phpunit/phpunit/phpunit.xsd HTTP/1.1" 404 196 "-" "Mozilla/5.0 (X11; Linux x86_64; rv:52.0) Gecko/20100101 Firefox/52.0"
2001:4ca0:108:42::15 - - [18/Oct/2020:00:01:46 -0400] "HEAD / HTTP/1.1" 200 - "-" "Mozilla/5.0 (Windows NT 6.1; Win64; x64) AppleWebKit/537.36 (KHTML, like Gecko) Chrome/40.0.2214.85 Safari/537.36"
2001:4ca0:108:42::15 - - [18/Oct/2020:04:00:42 -0400] "HEAD / HTTP/1.1" 200 - "-" "Mozilla/5.0 (Windows NT 6.1; Win64; x64) AppleWebKit/537.36 (KHTML, like Gecko) Chrome/40.0.2214.85 Safari/537.36"
2001:4ca0:108:42::15 - - [18/Oct/2020:06:59:20 -0400] "HEAD / HTTP/1.1" 200 - "-" "Mozilla/5.0 (Windows NT 6.1; Win64; x64) AppleWebKit/537.36 (KHTML, like Gecko) Chrome/40.0.2214.85 Safari/537.36"
104.143.83.241 - - [18/Oct/2020:10:13:30 -0400] "GET / HTTP/1.1" 200 5031 "http://nympdev.davlermedia.com/" "Mozilla/5.0 zgrab/0.x"
157.55.183.80 - - [18/Oct/2020:11:30:38 -0400] "GET /.env HTTP/1.1" 404 196 "-" "python-requests/2.24.0"
157.55.183.80 - - [18/Oct/2020:11:30:39 -0400] "GET /vendor/phpunit/phpunit/src/Util/PHP/eval-stdin.php HTTP/2.0" 404 196 "-" "python-requests/2.24.0"
104.143.83.241 - - [19/Oct/2020:10:10:20 -0400] "GET / HTTP/1.1" 200 5031 "http://nympdev.davlermedia.com/" "Mozilla/5.0 zgrab/0.x"
13.235.94.4 - - [19/Oct/2020:10:26:34 -0400] "GET /wp-login.php HTTP/1.1" 404 16 "http://nympdev.davlermedia.com/wp-login.php" "Mozilla/5.0 (X11; Ubuntu; Linux x86_64; rv:62.0) Gecko/20100101 Firefox/62.0"
195.201.94.49 - - [19/Oct/2020:20:06:50 -0400] "GET / HTTP/1.1" 200 5031 "-" "Mozilla/5.0 (Windows NT 10.0; Win64; x64) AppleWebKit/537.36 (KHTML, like Gecko) Chrome/78.0.3904.108 Safari/537.36"
195.201.94.49 - - [19/Oct/2020:20:06:50 -0400] "GET //wp-includes/wlwmanifest.xml HTTP/2.0" 404 196 "-" "Mozilla/5.0 (Windows NT 10.0; Win64; x64) AppleWebKit/537.36 (KHTML, like Gecko) Chrome/78.0.3904.108 Safari/537.36"
195.201.94.49 - - [19/Oct/2020:20:06:50 -0400] "GET //xmlrpc.php?rsd HTTP/1.1" 404 16 "-" "Mozilla/5.0 (Windows NT 10.0; Win64; x64) AppleWebKit/537.36 (KHTML, like Gecko) Chrome/78.0.3904.108 Safari/537.36"
195.201.94.49 - - [19/Oct/2020:20:06:51 -0400] "GET / HTTP/1.1" 200 5031 "-" "Mozilla/5.0 (Windows NT 10.0; Win64; x64) AppleWebKit/537.36 (KHTML, like Gecko) Chrome/78.0.3904.108 Safari/537.36"
195.201.94.49 - - [19/Oct/2020:20:06:51 -0400] "GET //blog/wp-includes/wlwmanifest.xml HTTP/1.1" 404 196 "-" "Mozilla/5.0 (Windows NT 10.0; Win64; x64) AppleWebKit/537.36 (KHTML, like Gecko) Chrome/78.0.3904.108 Safari/537.36"
195.201.94.49 - - [19/Oct/2020:20:06:52 -0400] "GET //web/wp-includes/wlwmanifest.xml HTTP/1.1" 404 196 "-" "Mozilla/5.0 (Windows NT 10.0; Win64; x64) AppleWebKit/537.36 (KHTML, like Gecko) Chrome/78.0.3904.108 Safari/537.36"
195.201.94.49 - - [19/Oct/2020:20:06:52 -0400] "GET //wordpress/wp-includes/wlwmanifest.xml HTTP/1.1" 404 196 "-" "Mozilla/5.0 (Windows NT 10.0; Win64; x64) AppleWebKit/537.36 (KHTML, like Gecko) Chrome/78.0.3904.108 Safari/537.36"
195.201.94.49 - - [19/Oct/2020:20:06:53 -0400] "GET //website/wp-includes/wlwmanifest.xml HTTP/1.1" 404 196 "-" "Mozilla/5.0 (Windows NT 10.0; Win64; x64) AppleWebKit/537.36 (KHTML, like Gecko) Chrome/78.0.3904.108 Safari/537.36"
195.201.94.49 - - [19/Oct/2020:20:06:53 -0400] "GET //wp/wp-includes/wlwmanifest.xml HTTP/1.1" 404 196 "-" "Mozilla/5.0 (Windows NT 10.0; Win64; x64) AppleWebKit/537.36 (KHTML, like Gecko) Chrome/78.0.3904.108 Safari/537.36"
195.201.94.49 - - [19/Oct/2020:20:06:53 -0400] "GET //news/wp-includes/wlwmanifest.xml HTTP/1.1" 404 196 "-" "Mozilla/5.0 (Windows NT 10.0; Win64; x64) AppleWebKit/537.36 (KHTML, like Gecko) Chrome/78.0.3904.108 Safari/537.36"
195.201.94.49 - - [19/Oct/2020:20:06:54 -0400] "GET //2018/wp-includes/wlwmanifest.xml HTTP/1.1" 404 196 "-" "Mozilla/5.0 (Windows NT 10.0; Win64; x64) AppleWebKit/537.36 (KHTML, like Gecko) Chrome/78.0.3904.108 Safari/537.36"
195.201.94.49 - - [19/Oct/2020:20:06:54 -0400] "GET //2019/wp-includes/wlwmanifest.xml HTTP/1.1" 404 196 "-" "Mozilla/5.0 (Windows NT 10.0; Win64; x64) AppleWebKit/537.36 (KHTML, like Gecko) Chrome/78.0.3904.108 Safari/537.36"
195.201.94.49 - - [19/Oct/2020:20:06:54 -0400] "GET //shop/wp-includes/wlwmanifest.xml HTTP/1.1" 404 196 "-" "Mozilla/5.0 (Windows NT 10.0; Win64; x64) AppleWebKit/537.36 (KHTML, like Gecko) Chrome/78.0.3904.108 Safari/537.36"
195.201.94.49 - - [19/Oct/2020:20:06:54 -0400] "GET //wp1/wp-includes/wlwmanifest.xml HTTP/1.1" 404 196 "-" "Mozilla/5.0 (Windows NT 10.0; Win64; x64) AppleWebKit/537.36 (KHTML, like Gecko) Chrome/78.0.3904.108 Safari/537.36"
195.201.94.49 - - [19/Oct/2020:20:06:55 -0400] "GET //test/wp-includes/wlwmanifest.xml HTTP/1.1" 404 196 "-" "Mozilla/5.0 (Windows NT 10.0; Win64; x64) AppleWebKit/537.36 (KHTML, like Gecko) Chrome/78.0.3904.108 Safari/537.36"
195.201.94.49 - - [19/Oct/2020:20:06:55 -0400] "GET //media/wp-includes/wlwmanifest.xml HTTP/1.1" 404 196 "-" "Mozilla/5.0 (Windows NT 10.0; Win64; x64) AppleWebKit/537.36 (KHTML, like Gecko) Chrome/78.0.3904.108 Safari/537.36"
195.201.94.49 - - [19/Oct/2020:20:06:55 -0400] "GET //wp2/wp-includes/wlwmanifest.xml HTTP/2.0" 404 196 "-" "Mozilla/5.0 (Windows NT 10.0; Win64; x64) AppleWebKit/537.36 (KHTML, like Gecko) Chrome/78.0.3904.108 Safari/537.36"
195.201.94.49 - - [19/Oct/2020:20:06:56 -0400] "GET //site/wp-includes/wlwmanifest.xml HTTP/1.1" 404 196 "-" "Mozilla/5.0 (Windows NT 10.0; Win64; x64) AppleWebKit/537.36 (KHTML, like Gecko) Chrome/78.0.3904.108 Safari/537.36"
195.201.94.49 - - [19/Oct/2020:20:06:56 -0400] "GET //cms/wp-includes/wlwmanifest.xml HTTP/1.1" 404 196 "-" "Mozilla/5.0 (Windows NT 10.0; Win64; x64) AppleWebKit/537.36 (KHTML, like Gecko) Chrome/78.0.3904.108 Safari/537.36"
195.201.94.49 - - [19/Oct/2020:20:06:56 -0400] "GET //sito/wp-includes/wlwmanifest.xml HTTP/1.1" 404 196 "-" "Mozilla/5.0 (Windows NT 10.0; Win64; x64) AppleWebKit/537.36 (KHTML, like Gecko) Chrome/78.0.3904.108 Safari/537.36"
192.99.0.98 - - [20/Oct/2020:04:45:59 -0400] "GET /wp-login.php HTTP/1.1" 404 16 "-" "Mozilla/5.0 (Windows NT 10.0; WOW64) AppleWebKit/537.36 (KHTML, like Gecko) Chrome/46.0.2490.80 Safari/537.36"
192.99.0.98 - - [20/Oct/2020:04:46:12 -0400] "GET /robots.txt HTTP/1.1" 404 196 "-" "Mozilla/5.0 (Windows NT 10.0; WOW64) AppleWebKit/537.36 (KHTML, like Gecko) Chrome/46.0.2490.80 Safari/537.36"
104.143.83.241 - - [20/Oct/2020:07:40:50 -0400] "GET / HTTP/1.1" 200 5031 "http://nympdev.davlermedia.com/" "Mozilla/5.0 zgrab/0.x"
188.165.210.14 - - [21/Oct/2020:01:46:53 -0400] "GET / HTTP/1.1" 200 5031 "-" "curl/7.68.0"
104.143.83.241 - - [21/Oct/2020:07:45:23 -0400] "GET / HTTP/1.1" 200 5031 "http://nympdev.davlermedia.com/" "Mozilla/5.0 zgrab/0.x"
104.143.83.241 - - [22/Oct/2020:07:45:20 -0400] "GET / HTTP/1.1" 200 5031 "http://nympdev.davlermedia.com/" "Mozilla/5.0 zgrab/0.x"
178.93.58.29 - - [22/Oct/2020:17:36:03 -0400] "GET /adminer.php HTTP/1.1" 404 16 "-" "Mozilla/5.0 (Windows NT 6.1; WOW64; rv:50.0) Gecko/20100101 Firefox/50.0"
104.143.83.241 - - [23/Oct/2020:11:34:25 -0400] "GET / HTTP/1.1" 200 5031 "http://nympdev.davlermedia.com/" "Mozilla/5.0 zgrab/0.x"
2001:41d0:303:533:: - - [23/Oct/2020:15:01:27 -0400] "GET /wp-login.php HTTP/1.1" 404 16 "http://nympdev.davlermedia.com/wp-login.php" "Mozilla/5.0 (X11; Ubuntu; Linux x86_64; rv:62.0) Gecko/20100101 Firefox/62.0"
178.62.111.50 - - [23/Oct/2020:15:52:04 -0400] "GET /adm.php HTTP/1.1" 404 16 "-" "Mozilla/5.0 (Windows NT 6.1; WOW64; rv:50.0) Gecko/20100101 Firefox/50.0"
138.246.253.15 - - [24/Oct/2020:03:43:44 -0400] "HEAD / HTTP/1.1" 200 - "-" "Mozilla/5.0 (Windows NT 6.1; Win64; x64) AppleWebKit/537.36 (KHTML, like Gecko) Chrome/40.0.2214.85 Safari/537.36"
104.143.83.241 - - [24/Oct/2020:11:36:46 -0400] "GET / HTTP/1.1" 200 5031 "http://nympdev.davlermedia.com/" "Mozilla/5.0 zgrab/0.x"
138.246.253.15 - - [24/Oct/2020:17:59:03 -0400] "HEAD / HTTP/1.1" 200 - "-" "Mozilla/5.0 (Windows NT 6.1; Win64; x64) AppleWebKit/537.36 (KHTML, like Gecko) Chrome/40.0.2214.85 Safari/537.36"
138.246.253.15 - - [24/Oct/2020:18:45:36 -0400] "HEAD / HTTP/2.0" 200 - "-" "Mozilla/5.0 (Windows NT 6.1; Win64; x64) AppleWebKit/537.36 (KHTML, like Gecko) Chrome/40.0.2214.85 Safari/537.36"
104.143.83.241 - - [25/Oct/2020:11:50:15 -0400] "GET / HTTP/1.1" 200 5031 "http://nympdev.davlermedia.com/" "Mozilla/5.0 zgrab/0.x"
2001:4ca0:108:42::15 - - [25/Oct/2020:12:23:59 -0400] "HEAD / HTTP/1.1" 200 - "-" "Mozilla/5.0 (Windows NT 6.1; Win64; x64) AppleWebKit/537.36 (KHTML, like Gecko) Chrome/40.0.2214.85 Safari/537.36"
2001:4ca0:108:42::15 - - [25/Oct/2020:14:09:23 -0400] "HEAD / HTTP/1.1" 200 - "-" "Mozilla/5.0 (Windows NT 6.1; Win64; x64) AppleWebKit/537.36 (KHTML, like Gecko) Chrome/40.0.2214.85 Safari/537.36"
2001:4ca0:108:42::15 - - [25/Oct/2020:14:19:52 -0400] "HEAD / HTTP/1.1" 200 - "-" "Mozilla/5.0 (Windows NT 6.1; Win64; x64) AppleWebKit/537.36 (KHTML, like Gecko) Chrome/40.0.2214.85 Safari/537.36"
104.143.83.241 - - [26/Oct/2020:11:50:57 -0400] "GET / HTTP/1.1" 200 5031 "http://nympdev.davlermedia.com/" "Mozilla/5.0 zgrab/0.x"
45.77.204.237 - - [26/Oct/2020:12:33:33 -0400] "GET / HTTP/1.1" 200 5031 "-" "Mozilla/5.0 (Windows NT 10.0; Win64; x64) AppleWebKit/537.36 (KHTML, like Gecko) Chrome/78.0.3904.108 Safari/537.36"
45.77.204.237 - - [26/Oct/2020:12:33:33 -0400] "GET //wp-includes/wlwmanifest.xml HTTP/1.1" 404 196 "-" "Mozilla/5.0 (Windows NT 10.0; Win64; x64) AppleWebKit/537.36 (KHTML, like Gecko) Chrome/78.0.3904.108 Safari/537.36"
45.77.204.237 - - [26/Oct/2020:12:33:33 -0400] "GET //xmlrpc.php?rsd HTTP/1.1" 404 16 "-" "Mozilla/5.0 (Windows NT 10.0; Win64; x64) AppleWebKit/537.36 (KHTML, like Gecko) Chrome/78.0.3904.108 Safari/537.36"
45.77.204.237 - - [26/Oct/2020:12:33:33 -0400] "GET / HTTP/1.1" 200 5031 "-" "Mozilla/5.0 (Windows NT 10.0; Win64; x64) AppleWebKit/537.36 (KHTML, like Gecko) Chrome/78.0.3904.108 Safari/537.36"
45.77.204.237 - - [26/Oct/2020:12:33:33 -0400] "GET //blog/wp-includes/wlwmanifest.xml HTTP/1.1" 404 196 "-" "Mozilla/5.0 (Windows NT 10.0; Win64; x64) AppleWebKit/537.36 (KHTML, like Gecko) Chrome/78.0.3904.108 Safari/537.36"
45.77.204.237 - - [26/Oct/2020:12:33:33 -0400] "GET //web/wp-includes/wlwmanifest.xml HTTP/1.1" 404 196 "-" "Mozilla/5.0 (Windows NT 10.0; Win64; x64) AppleWebKit/537.36 (KHTML, like Gecko) Chrome/78.0.3904.108 Safari/537.36"
45.77.204.237 - - [26/Oct/2020:12:33:33 -0400] "GET //wordpress/wp-includes/wlwmanifest.xml HTTP/1.1" 404 196 "-" "Mozilla/5.0 (Windows NT 10.0; Win64; x64) AppleWebKit/537.36 (KHTML, like Gecko) Chrome/78.0.3904.108 Safari/537.36"
45.77.204.237 - - [26/Oct/2020:12:33:33 -0400] "GET //website/wp-includes/wlwmanifest.xml HTTP/1.1" 404 196 "-" "Mozilla/5.0 (Windows NT 10.0; Win64; x64) AppleWebKit/537.36 (KHTML, like Gecko) Chrome/78.0.3904.108 Safari/537.36"
45.77.204.237 - - [26/Oct/2020:12:33:34 -0400] "GET //wp/wp-includes/wlwmanifest.xml HTTP/1.1" 404 196 "-" "Mozilla/5.0 (Windows NT 10.0; Win64; x64) AppleWebKit/537.36 (KHTML, like Gecko) Chrome/78.0.3904.108 Safari/537.36"
45.77.204.237 - - [26/Oct/2020:12:33:34 -0400] "GET //news/wp-includes/wlwmanifest.xml HTTP/1.1" 404 196 "-" "Mozilla/5.0 (Windows NT 10.0; Win64; x64) AppleWebKit/537.36 (KHTML, like Gecko) Chrome/78.0.3904.108 Safari/537.36"
45.77.204.237 - - [26/Oct/2020:12:33:34 -0400] "GET //2018/wp-includes/wlwmanifest.xml HTTP/1.1" 404 196 "-" "Mozilla/5.0 (Windows NT 10.0; Win64; x64) AppleWebKit/537.36 (KHTML, like Gecko) Chrome/78.0.3904.108 Safari/537.36"
45.77.204.237 - - [26/Oct/2020:12:33:34 -0400] "GET //2019/wp-includes/wlwmanifest.xml HTTP/1.1" 404 196 "-" "Mozilla/5.0 (Windows NT 10.0; Win64; x64) AppleWebKit/537.36 (KHTML, like Gecko) Chrome/78.0.3904.108 Safari/537.36"
45.77.204.237 - - [26/Oct/2020:12:33:34 -0400] "GET //shop/wp-includes/wlwmanifest.xml HTTP/1.1" 404 196 "-" "Mozilla/5.0 (Windows NT 10.0; Win64; x64) AppleWebKit/537.36 (KHTML, like Gecko) Chrome/78.0.3904.108 Safari/537.36"
45.77.204.237 - - [26/Oct/2020:12:33:34 -0400] "GET //wp1/wp-includes/wlwmanifest.xml HTTP/1.1" 404 196 "-" "Mozilla/5.0 (Windows NT 10.0; Win64; x64) AppleWebKit/537.36 (KHTML, like Gecko) Chrome/78.0.3904.108 Safari/537.36"
45.77.204.237 - - [26/Oct/2020:12:33:34 -0400] "GET //test/wp-includes/wlwmanifest.xml HTTP/1.1" 404 196 "-" "Mozilla/5.0 (Windows NT 10.0; Win64; x64) AppleWebKit/537.36 (KHTML, like Gecko) Chrome/78.0.3904.108 Safari/537.36"
45.77.204.237 - - [26/Oct/2020:12:33:34 -0400] "GET //media/wp-includes/wlwmanifest.xml HTTP/1.1" 404 196 "-" "Mozilla/5.0 (Windows NT 10.0; Win64; x64) AppleWebKit/537.36 (KHTML, like Gecko) Chrome/78.0.3904.108 Safari/537.36"
45.77.204.237 - - [26/Oct/2020:12:33:34 -0400] "GET //wp2/wp-includes/wlwmanifest.xml HTTP/1.1" 404 196 "-" "Mozilla/5.0 (Windows NT 10.0; Win64; x64) AppleWebKit/537.36 (KHTML, like Gecko) Chrome/78.0.3904.108 Safari/537.36"
45.77.204.237 - - [26/Oct/2020:12:33:34 -0400] "GET //site/wp-includes/wlwmanifest.xml HTTP/1.1" 404 196 "-" "Mozilla/5.0 (Windows NT 10.0; Win64; x64) AppleWebKit/537.36 (KHTML, like Gecko) Chrome/78.0.3904.108 Safari/537.36"
45.77.204.237 - - [26/Oct/2020:12:33:34 -0400] "GET //cms/wp-includes/wlwmanifest.xml HTTP/1.1" 404 196 "-" "Mozilla/5.0 (Windows NT 10.0; Win64; x64) AppleWebKit/537.36 (KHTML, like Gecko) Chrome/78.0.3904.108 Safari/537.36"
45.77.204.237 - - [26/Oct/2020:12:33:34 -0400] "GET //sito/wp-includes/wlwmanifest.xml HTTP/1.1" 404 196 "-" "Mozilla/5.0 (Windows NT 10.0; Win64; x64) AppleWebKit/537.36 (KHTML, like Gecko) Chrome/78.0.3904.108 Safari/537.36"
2400:8901::f03c:92ff:fe29:14b9 - - [26/Oct/2020:21:33:13 -0400] "GET /.env HTTP/1.1" 404 196 "-" "Mozilla/5.0 (X11; Linux x86_64) AppleWebKit/537.36 (KHTML, like Gecko) Chrome/81.0.4044.129 Safari/537.36"
2400:8901::f03c:92ff:fe29:14b9 - - [26/Oct/2020:21:33:14 -0400] "POST / HTTP/1.1" 200 5031 "-" "Mozilla/5.0 (X11; Linux x86_64) AppleWebKit/537.36 (KHTML, like Gecko) Chrome/81.0.4044.129 Safari/537.36"
104.143.83.241 - - [27/Oct/2020:11:55:01 -0400] "GET / HTTP/1.1" 200 5031 "http://nympdev.davlermedia.com/" "Mozilla/5.0 zgrab/0.x"
192.99.0.98 - - [28/Oct/2020:10:50:33 -0400] "GET /wp-login.php HTTP/1.1" 404 16 "-" "Mozilla/5.0 (Windows NT 10.0; WOW64) AppleWebKit/537.36 (KHTML, like Gecko) Chrome/46.0.2490.80 Safari/537.36"
192.99.0.98 - - [28/Oct/2020:10:50:55 -0400] "GET /robots.txt HTTP/1.1" 404 196 "-" "Mozilla/5.0 (Windows NT 10.0; WOW64) AppleWebKit/537.36 (KHTML, like Gecko) Chrome/46.0.2490.80 Safari/537.36"
104.143.83.241 - - [28/Oct/2020:11:52:49 -0400] "GET / HTTP/1.1" 200 5031 "http://nympdev.davlermedia.com/" "Mozilla/5.0 zgrab/0.x"
179.187.152.177 - - [29/Oct/2020:06:47:25 -0400] "GET /sql.php HTTP/1.1" 404 16 "-" "Mozilla/5.0 (Windows NT 6.1; WOW64; rv:50.0) Gecko/20100101 Firefox/50.0"
104.143.83.241 - - [29/Oct/2020:10:39:46 -0400] "GET / HTTP/1.1" 200 5031 "http://nympdev.davlermedia.com/" "Mozilla/5.0 zgrab/0.x"
138.246.253.15 - - [29/Oct/2020:11:35:40 -0400] "HEAD / HTTP/1.1" 200 - "-" "Mozilla/5.0 (Windows NT 6.1; Win64; x64) AppleWebKit/537.36 (KHTML, like Gecko) Chrome/40.0.2214.85 Safari/537.36"
138.246.253.15 - - [30/Oct/2020:00:50:42 -0400] "HEAD / HTTP/1.1" 200 - "-" "Mozilla/5.0 (Windows NT 6.1; Win64; x64) AppleWebKit/537.36 (KHTML, like Gecko) Chrome/40.0.2214.85 Safari/537.36"
3.125.33.142 - - [30/Oct/2020:06:03:09 -0400] "GET / HTTP/1.1" 200 5031 "-" "Mozilla/5.0 (Windows NT 10.0; Win64; x64) AppleWebKit/537.36 (KHTML, like Gecko; compatible; BW/1.1; bit.ly/2W6Px8S) Chrome/84.0.4147.105 Safari/537.36"
3.125.33.142 - - [30/Oct/2020:06:03:10 -0400] "GET /robots.txt HTTP/1.1" 404 196 "-" "Mozilla/5.0 (Windows NT 10.0; Win64; x64) AppleWebKit/537.36 (KHTML, like Gecko; compatible; BW/1.1; bit.ly/2W6Px8S) Chrome/84.0.4147.105 Safari/537.36"
104.143.83.241 - - [30/Oct/2020:10:42:36 -0400] "GET / HTTP/1.1" 200 5031 "http://nympdev.davlermedia.com/" "Mozilla/5.0 zgrab/0.x"
138.246.253.15 - - [31/Oct/2020:05:09:20 -0400] "HEAD / HTTP/1.1" 200 - "-" "Mozilla/5.0 (Windows NT 6.1; Win64; x64) AppleWebKit/537.36 (KHTML, like Gecko) Chrome/40.0.2214.85 Safari/537.36"
104.143.83.241 - - [31/Oct/2020:10:42:02 -0400] "GET / HTTP/1.1" 200 5031 "http://nympdev.davlermedia.com/" "Mozilla/5.0 zgrab/0.x"
52.252.97.130 - - [31/Oct/2020:19:55:25 -0400] "GET /vendor/phpunit/phpunit/LICENSE HTTP/1.1" 404 196 "-" "Mozilla/5.0 (X11; Ubuntu; Linux i686; rv:28.0) Gecko/20100101 Firefox/28.0"
2001:4ca0:108:42::15 - - [31/Oct/2020:23:58:48 -0400] "HEAD / HTTP/1.1" 200 - "-" "Mozilla/5.0 (Windows NT 6.1; Win64; x64) AppleWebKit/537.36 (KHTML, like Gecko) Chrome/40.0.2214.85 Safari/537.36"
2001:4ca0:108:42::15 - - [01/Nov/2020:03:36:12 -0500] "HEAD / HTTP/1.1" 200 - "-" "Mozilla/5.0 (Windows NT 6.1; Win64; x64) AppleWebKit/537.36 (KHTML, like Gecko) Chrome/40.0.2214.85 Safari/537.36"
2001:4ca0:108:42::15 - - [01/Nov/2020:05:54:53 -0500] "HEAD / HTTP/1.1" 200 - "-" "Mozilla/5.0 (Windows NT 6.1; Win64; x64) AppleWebKit/537.36 (KHTML, like Gecko) Chrome/40.0.2214.85 Safari/537.36"
104.143.83.241 - - [01/Nov/2020:09:16:27 -0500] "GET / HTTP/1.1" 200 5031 "http://nympdev.davlermedia.com/" "Mozilla/5.0 zgrab/0.x"
31.13.191.87 - - [01/Nov/2020:21:58:40 -0500] "GET / HTTP/1.1" 200 5031 "-" "Mozilla/5.0 (Windows NT 6.1; rv:17.0) Gecko/17.0 Firefox/17.0"
52.252.97.130 - - [02/Nov/2020:01:19:23 -0500] "GET /wp-content/plugins/wp-file-manager/lib/php/connector.minimal.php HTTP/1.1" 404 196 "www.google.com" "Mozlila/5.0 (Linux; Android 7.0; SM-G892A Bulid/NRD90M; wv) AppleWebKit/537.36 (KHTML, like Gecko) Version/4.0 Chrome/60.0.3112.107 Moblie Safari/537.36"
104.143.83.241 - - [02/Nov/2020:09:28:21 -0500] "GET / HTTP/1.1" 200 5031 "http://nympdev.davlermedia.com/" "Mozilla/5.0 zgrab/0.x"
52.252.97.130 - - [02/Nov/2020:12:49:18 -0500] "GET /wp-content/plugins/ioptimization/IOptimize.php?rchk HTTP/1.1" 404 196 "www.google.com" "Mozlila/5.0 (Linux; Android 7.0; SM-G892A Bulid/NRD90M; wv) AppleWebKit/537.36 (KHTML, like Gecko) Version/4.0 Chrome/60.0.3112.107 Moblie Safari/537.36"
18.140.246.27 - - [02/Nov/2020:16:26:49 -0500] "GET / HTTP/1.1" 200 5031 "-" "-"
18.140.246.27 - - [02/Nov/2020:16:26:50 -0500] "GET /vendor/composer/installed.json HTTP/2.0" 404 196 "-" "-"
104.143.83.241 - - [03/Nov/2020:09:27:26 -0500] "GET / HTTP/1.1" 200 5031 "http://nympdev.davlermedia.com/" "Mozilla/5.0 zgrab/0.x"
13.66.139.2 - - [03/Nov/2020:11:00:57 -0500] "GET /index.php?IX=home HTTP/1.1" 200 5031 "-" "Mozilla/5.0 (compatible; bingbot/2.0; +http://www.bing.com/bingbot.htm)"
18.140.246.27 - - [03/Nov/2020:18:39:21 -0500] "GET / HTTP/1.1" 200 5031 "-" "-"
18.140.246.27 - - [03/Nov/2020:18:39:22 -0500] "GET /vendor/composer/installed.json HTTP/1.1" 404 196 "-" "-"
104.143.83.241 - - [04/Nov/2020:09:27:19 -0500] "GET / HTTP/1.1" 200 5031 "http://nympdev.davlermedia.com/" "Mozilla/5.0 zgrab/0.x"
207.46.13.246 - - [04/Nov/2020:11:22:45 -0500] "GET /robots.txt HTTP/1.1" 404 196 "-" "Mozilla/5.0 (compatible; bingbot/2.0; +http://www.bing.com/bingbot.htm)"
13.66.139.2 - - [04/Nov/2020:11:22:57 -0500] "GET /index.php?IX=home HTTP/1.1" 200 5031 "-" "Mozilla/5.0 (compatible; bingbot/2.0; +http://www.bing.com/bingbot.htm)"
52.183.60.91 - - [04/Nov/2020:12:50:55 -0500] "GET / HTTP/1.1" 200 5031 "-" "python-requests/2.24.0"
138.246.253.15 - - [05/Nov/2020:02:05:08 -0500] "HEAD / HTTP/1.1" 200 - "-" "Mozilla/5.0 (Windows NT 6.1; Win64; x64) AppleWebKit/537.36 (KHTML, like Gecko) Chrome/40.0.2214.85 Safari/537.36"
104.143.83.241 - - [05/Nov/2020:09:26:48 -0500] "GET / HTTP/1.1" 200 5031 "http://nympdev.davlermedia.com/" "Mozilla/5.0 zgrab/0.x"
13.66.139.2 - - [05/Nov/2020:12:28:47 -0500] "GET /index.php?IX=home HTTP/1.1" 200 5031 "-" "Mozilla/5.0 (compatible; bingbot/2.0; +http://www.bing.com/bingbot.htm)"
137.74.206.80 - - [05/Nov/2020:17:09:32 -0500] "GET /wp-login.php HTTP/1.1" 404 16 "http://nympdev.davlermedia.com/wp-login.php" "Mozilla/5.0 (X11; Ubuntu; Linux x86_64; rv:62.0) Gecko/20100101 Firefox/62.0"
104.131.187.134 - - [06/Nov/2020:04:19:53 -0500] "GET / HTTP/1.1" 200 5031 "-" "Mozilla/5.0 (compatible; NetcraftSurveyAgent/1.0; [email protected])"
138.246.253.15 - - [06/Nov/2020:05:25:15 -0500] "HEAD / HTTP/1.1" 200 - "-" "Mozilla/5.0 (Windows NT 6.1; Win64; x64) AppleWebKit/537.36 (KHTML, like Gecko) Chrome/40.0.2214.85 Safari/537.36"
104.131.188.26 - - [06/Nov/2020:06:23:41 -0500] "GET / HTTP/1.1" 200 5031 "-" "Mozilla/5.0 (compatible; NetcraftSurveyAgent/1.0; [email protected])"
104.143.83.241 - - [06/Nov/2020:08:51:59 -0500] "GET / HTTP/2.0" 200 5031 "http://nympdev.davlermedia.com/" "Mozilla/5.0 zgrab/0.x"
104.131.77.130 - - [06/Nov/2020:18:18:50 -0500] "GET / HTTP/1.1" 200 5031 "-" "Mozilla/5.0 (compatible; NetcraftSurveyAgent/1.0; [email protected])"
138.246.253.15 - - [07/Nov/2020:02:27:14 -0500] "HEAD / HTTP/1.1" 200 - "-" "Mozilla/5.0 (Windows NT 6.1; Win64; x64) AppleWebKit/537.36 (KHTML, like Gecko) Chrome/40.0.2214.85 Safari/537.36"
104.143.83.241 - - [07/Nov/2020:09:22:26 -0500] "GET / HTTP/1.1" 200 5031 "http://nympdev.davlermedia.com/" "Mozilla/5.0 zgrab/0.x"
2001:4ca0:108:42::15 - - [07/Nov/2020:21:06:21 -0500] "HEAD / HTTP/1.1" 200 - "-" "Mozilla/5.0 (Windows NT 6.1; Win64; x64) AppleWebKit/537.36 (KHTML, like Gecko) Chrome/40.0.2214.85 Safari/537.36"
2001:4ca0:108:42::15 - - [08/Nov/2020:01:37:42 -0500] "HEAD / HTTP/1.1" 200 - "-" "Mozilla/5.0 (Windows NT 6.1; Win64; x64) AppleWebKit/537.36 (KHTML, like Gecko) Chrome/40.0.2214.85 Safari/537.36"
104.143.83.241 - - [08/Nov/2020:09:22:19 -0500] "GET / HTTP/1.1" 200 5031 "http://nympdev.davlermedia.com/" "Mozilla/5.0 zgrab/0.x"
2001:4ca0:108:42::15 - - [08/Nov/2020:12:29:07 -0500] "HEAD / HTTP/1.1" 200 - "-" "Mozilla/5.0 (Windows NT 6.1; Win64; x64) AppleWebKit/537.36 (KHTML, like Gecko) Chrome/40.0.2214.85 Safari/537.36"
104.143.83.241 - - [09/Nov/2020:09:25:36 -0500] "GET / HTTP/1.1" 200 5031 "http://nympdev.davlermedia.com/" "Mozilla/5.0 zgrab/0.x"
104.143.83.241 - - [10/Nov/2020:09:23:12 -0500] "GET / HTTP/1.1" 200 5031 "http://nympdev.davlermedia.com/" "Mozilla/5.0 zgrab/0.x"
31.13.191.88 - - [10/Nov/2020:14:05:54 -0500] "GET / HTTP/1.1" 200 5031 "-" "Mozilla/5.0 (Windows NT 6.1; rv:17.0) Gecko/17.0 Firefox/17.0"
104.143.83.241 - - [11/Nov/2020:09:21:10 -0500] "GET / HTTP/1.1" 200 5031 "http://nympdev.davlermedia.com/" "Mozilla/5.0 zgrab/0.x"
104.143.83.241 - - [12/Nov/2020:09:25:13 -0500] "GET / HTTP/1.1" 200 5031 "http://nympdev.davlermedia.com/" "Mozilla/5.0 zgrab/0.x"
104.143.83.241 - - [13/Nov/2020:07:50:56 -0500] "GET / HTTP/1.1" 200 5031 "http://nympdev.davlermedia.com/" "Mozilla/5.0 zgrab/0.x"
138.246.253.15 - - [13/Nov/2020:13:05:26 -0500] "HEAD / HTTP/1.1" 200 - "-" "Mozilla/5.0 (Windows NT 6.1; Win64; x64) AppleWebKit/537.36 (KHTML, like Gecko) Chrome/40.0.2214.85 Safari/537.36"
192.99.8.102 - - [13/Nov/2020:15:03:40 -0500] "GET /wp-login.php HTTP/1.1" 404 16 "-" "Mozilla/5.0 (Windows NT 10.0; WOW64) AppleWebKit/537.36 (KHTML, like Gecko) Chrome/46.0.2490.80 Safari/537.36"
192.99.8.102 - - [13/Nov/2020:15:04:15 -0500] "GET /robots.txt HTTP/2.0" 404 196 "-" "Mozilla/5.0 (Windows NT 10.0; WOW64) AppleWebKit/537.36 (KHTML, like Gecko) Chrome/46.0.2490.80 Safari/537.36"
138.246.253.15 - - [14/Nov/2020:02:41:48 -0500] "HEAD / HTTP/1.1" 200 - "-" "Mozilla/5.0 (Windows NT 6.1; Win64; x64) AppleWebKit/537.36 (KHTML, like Gecko) Chrome/40.0.2214.85 Safari/537.36"
104.143.83.241 - - [14/Nov/2020:07:54:23 -0500] "GET / HTTP/1.1" 200 5031 "http://nympdev.davlermedia.com/" "Mozilla/5.0 zgrab/0.x"
138.246.253.15 - - [14/Nov/2020:09:24:45 -0500] "HEAD / HTTP/1.1" 200 - "-" "Mozilla/5.0 (Windows NT 6.1; Win64; x64) AppleWebKit/537.36 (KHTML, like Gecko) Chrome/40.0.2214.85 Safari/537.36"
2a01:4f8:c2c:b6cc::1 - - [14/Nov/2020:23:33:54 -0500] "GET //wp-admin/install.php?step=1 HTTP/1.1" 404 196 "-" "Mozilla/5.0 (X11; Linux x86_64; rv:52.0) Gecko/20100101 Firefox/52.0"
2a01:4f8:c2c:b6cc::1 - - [14/Nov/2020:23:33:54 -0500] "GET /old/wp-admin/install.php?step=1 HTTP/1.1" 404 196 "-" "Mozilla/5.0 (X11; Linux x86_64; rv:52.0) Gecko/20100101 Firefox/52.0"
2a01:4f8:c2c:b6cc::1 - - [14/Nov/2020:23:33:55 -0500] "GET /new/wp-admin/install.php?step=1 HTTP/1.1" 404 196 "-" "Mozilla/5.0 (X11; Linux x86_64; rv:52.0) Gecko/20100101 Firefox/52.0"
2a01:4f8:c2c:b6cc::1 - - [14/Nov/2020:23:33:55 -0500] "GET /wp/wp-admin/install.php?step=1 HTTP/1.1" 404 196 "-" "Mozilla/5.0 (X11; Linux x86_64; rv:52.0) Gecko/20100101 Firefox/52.0"
2a01:4f8:c2c:b6cc::1 - - [14/Nov/2020:23:33:56 -0500] "GET /wordpress/wp-admin/install.php?step=1 HTTP/1.1" 404 196 "-" "Mozilla/5.0 (X11; Linux x86_64; rv:52.0) Gecko/20100101 Firefox/52.0"
2a01:4f8:c2c:b6cc::1 - - [14/Nov/2020:23:33:56 -0500] "GET /test/wp-admin/install.php?step=1 HTTP/1.1" 404 196 "-" "Mozilla/5.0 (X11; Linux x86_64; rv:52.0) Gecko/20100101 Firefox/52.0"
2a01:4f8:c2c:b6cc::1 - - [14/Nov/2020:23:33:57 -0500] "GET /blog/wp-admin/install.php?step=1 HTTP/1.1" 404 196 "-" "Mozilla/5.0 (X11; Linux x86_64; rv:52.0) Gecko/20100101 Firefox/52.0"
2a01:4f8:c2c:b6cc::1 - - [14/Nov/2020:23:33:57 -0500] "GET //vendor/phpunit/phpunit/phpunit.xsd HTTP/1.1" 404 196 "-" "Mozilla/5.0 (X11; Linux x86_64; rv:52.0) Gecko/20100101 Firefox/52.0"
2a01:4f8:c2c:b6cc::1 - - [14/Nov/2020:23:33:58 -0500] "GET //wp-admin/setup-config.php HTTP/1.1" 404 196 "-" "Mozilla/5.0 (X11; Linux x86_64; rv:52.0) Gecko/20100101 Firefox/52.0"
2a01:4f8:c2c:b6cc::1 - - [14/Nov/2020:23:33:58 -0500] "GET /old/wp-admin/setup-config.php HTTP/1.1" 404 196 "-" "Mozilla/5.0 (X11; Linux x86_64; rv:52.0) Gecko/20100101 Firefox/52.0"
2a01:4f8:c2c:b6cc::1 - - [14/Nov/2020:23:33:58 -0500] "GET /new/wp-admin/setup-config.php HTTP/1.1" 404 196 "-" "Mozilla/5.0 (X11; Linux x86_64; rv:52.0) Gecko/20100101 Firefox/52.0"
2a01:4f8:c2c:b6cc::1 - - [14/Nov/2020:23:33:59 -0500] "GET /wp/wp-admin/setup-config.php HTTP/1.1" 404 196 "-" "Mozilla/5.0 (X11; Linux x86_64; rv:52.0) Gecko/20100101 Firefox/52.0"
2a01:4f8:c2c:b6cc::1 - - [14/Nov/2020:23:33:59 -0500] "GET /wordpress/wp-admin/setup-config.php HTTP/1.1" 404 196 "-" "Mozilla/5.0 (X11; Linux x86_64; rv:52.0) Gecko/20100101 Firefox/52.0"
2a01:4f8:c2c:b6cc::1 - - [14/Nov/2020:23:34:00 -0500] "GET /test/wp-admin/setup-config.php HTTP/2.0" 404 196 "-" "Mozilla/5.0 (X11; Linux x86_64; rv:52.0) Gecko/20100101 Firefox/52.0"
2a01:4f8:c2c:b6cc::1 - - [14/Nov/2020:23:34:00 -0500] "GET /blog/wp-admin/setup-config.php HTTP/1.1" 404 196 "-" "Mozilla/5.0 (X11; Linux x86_64; rv:52.0) Gecko/20100101 Firefox/52.0"
2a01:4f8:c2c:b6cc::1 - - [14/Nov/2020:23:34:01 -0500] "GET /wp-admin/admin-ajax.php HTTP/1.1" 404 196 "-" "Mozilla/5.0 (X11; Linux x86_64; rv:52.0) Gecko/20100101 Firefox/52.0"
2a01:4f8:c2c:b6cc::1 - - [14/Nov/2020:23:34:01 -0500] "GET /wp-admin HTTP/1.1" 404 196 "-" "python-requests/2.25.0"
2a01:4f8:c2c:b6cc::1 - - [14/Nov/2020:23:34:02 -0500] "GET //wp-content/plugins/wp-file-manager/lib/php/connector.minimal.php HTTP/2.0" 404 196 "-" "Mozilla/5.0 (X11; Linux x86_64; rv:52.0) Gecko/20100101 Firefox/52.0"
104.143.83.241 - - [15/Nov/2020:10:27:28 -0500] "GET / HTTP/1.1" 200 5031 "http://nympdev.davlermedia.com/" "Mozilla/5.0 zgrab/0.x"
104.143.83.241 - - [16/Nov/2020:10:58:37 -0500] "GET / HTTP/1.1" 200 5031 "http://nympdev.davlermedia.com/" "Mozilla/5.0 zgrab/0.x"
104.143.83.241 - - [17/Nov/2020:10:25:10 -0500] "GET / HTTP/1.1" 200 5031 "http://nympdev.davlermedia.com/" "Mozilla/5.0 zgrab/0.x"
104.143.83.241 - - [18/Nov/2020:10:27:02 -0500] "GET / HTTP/2.0" 200 5031 "http://nympdev.davlermedia.com/" "Mozilla/5.0 zgrab/0.x"
104.143.83.241 - - [19/Nov/2020:07:41:03 -0500] "GET / HTTP/1.1" 200 5031 "http://nympdev.davlermedia.com/" "Mozilla/5.0 zgrab/0.x"
163.172.50.9 - - [19/Nov/2020:11:26:27 -0500] "GET /wp-login.php HTTP/1.1" 404 16 "http://nympdev.davlermedia.com/wp-login.php" "Mozilla/5.0 (X11; Ubuntu; Linux x86_64; rv:62.0) Gecko/20100101 Firefox/62.0"
207.46.13.223 - - [19/Nov/2020:19:30:53 -0500] "GET /robots.txt HTTP/1.1" 404 196 "-" "Mozilla/5.0 (compatible; bingbot/2.0; +http://www.bing.com/bingbot.htm)"
13.66.139.150 - - [19/Nov/2020:19:31:01 -0500] "GET /index.php?IX=home HTTP/1.1" 200 5031 "-" "Mozilla/5.0 (compatible; bingbot/2.0; +http://www.bing.com/bingbot.htm)"
104.143.83.241 - - [20/Nov/2020:10:31:37 -0500] "GET / HTTP/1.1" 200 5031 "http://nympdev.davlermedia.com/" "Mozilla/5.0 zgrab/0.x"
193.70.60.82 - - [21/Nov/2020:08:55:18 -0500] "GET /vendor/phpunit/phpunit/LICENSE HTTP/1.1" 404 196 "-" "Mozilla/5.0 (X11; Ubuntu; Linux i686; rv:28.0) Gecko/20100101 Firefox/28.0"
104.143.83.241 - - [21/Nov/2020:10:01:01 -0500] "GET / HTTP/2.0" 200 5031 "http://nympdev.davlermedia.com/" "Mozilla/5.0 zgrab/0.x"
138.246.253.24 - - [22/Nov/2020:09:32:34 -0500] "HEAD / HTTP/1.1" 200 - "-" "Mozilla/5.0 (Windows NT 6.1; Win64; x64) AppleWebKit/537.36 (KHTML, like Gecko) Chrome/40.0.2214.85 Safari/537.36"
104.143.83.241 - - [22/Nov/2020:09:56:12 -0500] "GET / HTTP/1.1" 200 5031 "http://nympdev.davlermedia.com/" "Mozilla/5.0 zgrab/0.x"
185.206.225.142 - - [22/Nov/2020:12:01:44 -0500] "GET /index.php?param1=assert&param2=print(md5(57575848371)); HTTP/1.1" 200 5031 "-" "Mozilla/5.0 (Windows NT 6.1; WOW64; rv:54.0) Gecko/20100101 Firefox/54.0"
138.246.253.24 - - [23/Nov/2020:03:18:02 -0500] "HEAD / HTTP/1.1" 200 - "-" "Mozilla/5.0 (Windows NT 6.1; Win64; x64) AppleWebKit/537.36 (KHTML, like Gecko) Chrome/40.0.2214.85 Safari/537.36"
104.143.83.241 - - [23/Nov/2020:07:38:46 -0500] "GET / HTTP/1.1" 200 5031 "http://nympdev.davlermedia.com/" "Mozilla/5.0 zgrab/0.x"
207.46.13.223 - - [23/Nov/2020:14:55:03 -0500] "GET /robots.txt HTTP/1.1" 404 196 "-" "Mozilla/5.0 (compatible; bingbot/2.0; +http://www.bing.com/bingbot.htm)"
157.55.39.189 - - [23/Nov/2020:14:55:11 -0500] "GET /index.php?IX=home HTTP/1.1" 200 5031 "-" "Mozilla/5.0 (compatible; bingbot/2.0; +http://www.bing.com/bingbot.htm)"
207.46.13.220 - - [23/Nov/2020:14:56:55 -0500] "GET /robots.txt HTTP/1.1" 404 196 "-" "Mozilla/5.0 (compatible; bingbot/2.0; +http://www.bing.com/bingbot.htm)"
157.55.39.173 - - [23/Nov/2020:14:57:18 -0500] "GET /js/jquery.form.js?ver=1454606622 HTTP/1.1" 200 39396 "-" "Mozilla/5.0 (compatible; bingbot/2.0; +http://www.bing.com/bingbot.htm)"
