157.55.39.173 - - [23/Nov/2020:14:57:19 -0500] "GET /js/jquery.wakeup.js?ver=1461595780 HTTP/1.1" 200 2396 "-" "Mozilla/5.0 (compatible; bingbot/2.0; +http://www.bing.com/bingbot.htm)"
207.46.13.100 - - [23/Nov/2020:14:57:23 -0500] "GET /css/main_mobile.css?ver=1456734643 HTTP/1.1" 200 2351 "-" "Mozilla/5.0 (compatible; bingbot/2.0; +http://www.bing.com/bingbot.htm)"
207.46.13.100 - - [23/Nov/2020:14:57:23 -0500] "GET /js/date.js?ver=1454606615 HTTP/1.1" 200 12767 "-" "Mozilla/5.0 (compatible; bingbot/2.0; +http://www.bing.com/bingbot.htm)"
207.46.13.100 - - [23/Nov/2020:14:57:23 -0500] "GET /js/json2.min.js?ver=1458875434 HTTP/1.1" 200 3460 "-" "Mozilla/5.0 (compatible; bingbot/2.0; +http://www.bing.com/bingbot.htm)"
40.77.167.21 - - [23/Nov/2020:14:57:28 -0500] "GET /css/slicknav.min.css?ver=1454616447 HTTP/1.1" 200 2353 "-" "Mozilla/5.0 (compatible; bingbot/2.0; +http://www.bing.com/bingbot.htm)"
157.55.39.216 - - [23/Nov/2020:14:57:33 -0500] "GET /js/jquery-migrate-1.2.1.min.js?ver=1454606618 HTTP/1.1" 200 7199 "-" "Mozilla/5.0 (compatible; bingbot/2.0; +http://www.bing.com/bingbot.htm)"
207.46.13.47 - - [23/Nov/2020:14:57:37 -0500] "GET /js/jquery.slicknav.min.js?ver=1454616436 HTTP/1.1" 200 6665 "-" "Mozilla/5.0 (compatible; bingbot/2.0; +http://www.bing.com/bingbot.htm)"
207.46.13.108 - - [23/Nov/2020:14:57:46 -0500] "GET /js/jquery-1.11.2.min.js?ver=1454606617 HTTP/1.1" 200 95931 "-" "Mozilla/5.0 (compatible; bingbot/2.0; +http://www.bing.com/bingbot.htm)"
51.158.108.77 - - [23/Nov/2020:15:15:38 -0500] "GET / HTTP/1.1" 200 5031 "-" "-"
40.77.191.49 - - [23/Nov/2020:16:39:10 -0500] "GET /css/datePicker.css?ver=1454105334 HTTP/1.1" 200 2415 "-" "Mozilla/5.0 (Windows NT 6.1; WOW64) AppleWebKit/534+ (KHTML, like Gecko) BingPreview/1.0b"
40.77.191.49 - - [23/Nov/2020:16:39:10 -0500] "GET /css/main.css?ver=1515980047 HTTP/1.1" 200 35855 "-" "Mozilla/5.0 (Windows NT 6.1; WOW64) AppleWebKit/534+ (KHTML, like Gecko) BingPreview/1.0b"
40.77.191.49 - - [23/Nov/2020:16:39:11 -0500] "GET /js/index.js?ver=1517857683 HTTP/2.0" 200 34837 "-" "Mozilla/5.0 (Windows NT 6.1; WOW64) AppleWebKit/534+ (KHTML, like Gecko) BingPreview/1.0b"
40.77.191.49 - - [23/Nov/2020:16:39:11 -0500] "GET /js/jquery.datePicker.js?ver=1454606621 HTTP/1.1" 200 42569 "-" "Mozilla/5.0 (Windows NT 6.1; WOW64) AppleWebKit/534+ (KHTML, like Gecko) BingPreview/1.0b"
40.77.191.49 - - [23/Nov/2020:16:39:11 -0500] "GET /js/date.js?ver=1454606615 HTTP/1.1" 200 12767 "-" "Mozilla/5.0 (Windows NT 6.1; WOW64) AppleWebKit/534+ (KHTML, like Gecko) BingPreview/1.0b"
138.246.253.24 - - [23/Nov/2020:18:02:07 -0500] "HEAD / HTTP/1.1" 200 - "-" "Mozilla/5.0 (Windows NT 6.1; Win64; x64) AppleWebKit/537.36 (KHTML, like Gecko) Chrome/40.0.2214.85 Safari/537.36"
104.143.83.241 - - [24/Nov/2020:07:44:40 -0500] "GET / HTTP/1.1" 200 5031 "http://nympdev.davlermedia.com/" "Mozilla/5.0 zgrab/0.x"
18.192.100.87 - - [25/Nov/2020:08:35:41 -0500] "GET / HTTP/1.1" 200 5031 "-" "Mozilla/5.0 (Windows NT 10.0; Win64; x64) AppleWebKit/537.36 (KHTML, like Gecko; compatible; BW/1.1; bit.ly/2W6Px8S) Chrome/84.0.4147.105 Safari/537.36"
18.192.100.87 - - [25/Nov/2020:08:35:41 -0500] "GET /robots.txt HTTP/1.1" 404 196 "-" "Mozilla/5.0 (Windows NT 10.0; Win64; x64) AppleWebKit/537.36 (KHTML, like Gecko; compatible; BW/1.1; bit.ly/2W6Px8S) Chrome/84.0.4147.105 Safari/537.36"
18.192.100.87 - - [25/Nov/2020:08:36:00 -0500] "GET /js/date.js?ver=1454606615 HTTP/1.1" 200 12767 "https://nympdev.davlermedia.com/" "Mozilla/5.0 (linux) AppleWebKit/537.36 (KHTML, like Gecko) jsdom/16.2.2"
18.192.100.87 - - [25/Nov/2020:08:36:00 -0500] "GET /js/jquery.wakeup.js?ver=1461595780 HTTP/1.1" 200 2396 "https://nympdev.davlermedia.com/" "Mozilla/5.0 (linux) AppleWebKit/537.36 (KHTML, like Gecko) jsdom/16.2.2"
18.192.100.87 - - [25/Nov/2020:08:36:00 -0500] "GET /js/jquery.slicknav.min.js?ver=1454616436 HTTP/1.1" 200 6665 "https://nympdev.davlermedia.com/" "Mozilla/5.0 (linux) AppleWebKit/537.36 (KHTML, like Gecko) jsdom/16.2.2"
18.192.100.87 - - [25/Nov/2020:08:36:00 -0500] "GET /js/jquery.datePicker.js?ver=1454606621 HTTP/1.1" 200 42569 "https://nympdev.davlermedia.com/" "Mozilla/5.0 (linux) AppleWebKit/537.36 (KHTML, like Gecko) jsdom/16.2.2"
18.192.100.87 - - [25/Nov/2020:08:36:00 -0500] "GET /js/jquery-migrate-1.2.1.min.js?ver=1454606618 HTTP/1.1" 200 7199 "https://nympdev.davlermedia.com/" "Mozilla/5.0 (linux) AppleWebKit/537.36 (KHTML, like Gecko) jsdom/16.2.2"
18.192.100.87 - - [25/Nov/2020:08:36:00 -0500] "GET /js/jquery.form.js?ver=1454606622 HTTP/1.1" 200 39396 "https://nympdev.davlermedia.com/" "Mozilla/5.0 (linux) AppleWebKit/537.36 (KHTML, like Gecko) jsdom/16.2.2"
18.192.100.87 - - [25/Nov/2020:08:36:00 -0500] "GET /js/index.js?ver=1517857683 HTTP/1.1" 200 34837 "https://nympdev.davlermedia.com/" "Mozilla/5.0 (linux) AppleWebKit/537.36 (KHTML, like Gecko) jsdom/16.2.2"
18.192.100.87 - - [25/Nov/2020:08:36:00 -0500] "GET /js/jquery-1.11.2.min.js?ver=1454606617 HTTP/1.1" 200 95931 "https://nympdev.davlermedia.com/" "Mozilla/5.0 (linux) AppleWebKit/537.36 (KHTML, like Gecko) jsdom/16.2.2"
18.192.100.87 - - [25/Nov/2020:08:36:00 -0500] "GET /js/json2.min.js?ver=1458875434 HTTP/1.1" 200 3460 "https://nympdev.davlermedia.com/" "Mozilla/5.0 (linux) AppleWebKit/537.36 (KHTML, like Gecko) jsdom/16.2.2"
18.192.100.87 - - [25/Nov/2020:08:36:13 -0500] "GET /js/index.js?ver=1517857683 HTTP/2.0" 200 34837 "-" "Mozilla/5.0 (Windows NT 10.0; Win64; x64) AppleWebKit/537.36 (KHTML, like Gecko; compatible; BW/1.1; bit.ly/2W6Px8S) Chrome/84.0.4147.105 Safari/537.36"
18.192.100.87 - - [25/Nov/2020:08:36:13 -0500] "GET /js/json2.min.js?ver=1458875434 HTTP/1.1" 200 3460 "-" "Mozilla/5.0 (Windows NT 10.0; Win64; x64) AppleWebKit/537.36 (KHTML, like Gecko; compatible; BW/1.1; bit.ly/2W6Px8S) Chrome/84.0.4147.105 Safari/537.36"
18.192.100.87 - - [25/Nov/2020:08:36:13 -0500] "GET /js/date.js?ver=1454606615 HTTP/1.1" 200 12767 "-" "Mozilla/5.0 (Windows NT 10.0; Win64; x64) AppleWebKit/537.36 (KHTML, like Gecko; compatible; BW/1.1; bit.ly/2W6Px8S) Chrome/84.0.4147.105 Safari/537.36"
18.192.100.87 - - [25/Nov/2020:08:36:14 -0500] "GET /ads.txt HTTP/1.1" 404 196 "-" "Mozilla/5.0 (Windows NT 10.0; Win64; x64) AppleWebKit/537.36 (KHTML, like Gecko; compatible; BW/1.1; bit.ly/2W6Px8S) Chrome/84.0.4147.105 Safari/537.36"
104.143.83.241 - - [25/Nov/2020:09:48:17 -0500] "GET / HTTP/1.1" 200 5031 "http://nympdev.davlermedia.com/" "Mozilla/5.0 zgrab/0.x"
5.39.64.29 - - [26/Nov/2020:05:25:55 -0500] "GET /wp-login.php HTTP/2.0" 404 16 "-" "Mozilla/5.0 (Windows NT 10.0; WOW64) AppleWebKit/537.36 (KHTML, like Gecko) Chrome/46.0.2490.80 Safari/537.36"
5.39.64.29 - - [26/Nov/2020:05:26:09 -0500] "GET /robots.txt HTTP/1.1" 404 196 "-" "Mozilla/5.0 (Windows NT 10.0; WOW64) AppleWebKit/537.36 (KHTML, like Gecko) Chrome/46.0.2490.80 Safari/537.36"
2600:3c01::f03c:91ff:fedf:2cbb - - [26/Nov/2020:06:09:23 -0500] "GET / HTTP/1.1" 200 5031 "-" "python-requests/2.18.4"
104.143.83.241 - - [26/Nov/2020:07:39:18 -0500] "GET / HTTP/1.1" 200 5031 "http://nympdev.davlermedia.com/" "Mozilla/5.0 zgrab/0.x"
2001:4ca0:108:42::24 - - [26/Nov/2020:11:59:11 -0500] "HEAD / HTTP/1.1" 200 - "-" "Mozilla/5.0 (Windows NT 6.1; Win64; x64) AppleWebKit/537.36 (KHTML, like Gecko) Chrome/40.0.2214.85 Safari/537.36"
2001:4ca0:108:42::24 - - [26/Nov/2020:12:52:47 -0500] "HEAD / HTTP/2.0" 200 - "-" "Mozilla/5.0 (Windows NT 6.1; Win64; x64) AppleWebKit/537.36 (KHTML, like Gecko) Chrome/40.0.2214.85 Safari/537.36"
2001:4ca0:108:42::24 - - [26/Nov/2020:14:00:52 -0500] "HEAD / HTTP/1.1" 200 - "-" "Mozilla/5.0 (Windows NT 6.1; Win64; x64) AppleWebKit/537.36 (KHTML, like Gecko) Chrome/40.0.2214.85 Safari/537.36"
51.15.139.248 - - [26/Nov/2020:14:47:24 -0500] "GET /.git/HEAD HTTP/1.1" 404 196 "-" "Mozilla/5.0 (compatible; Nmap Scripting Engine; https://nmap.org/book/nse.html)"
104.143.83.241 - - [27/Nov/2020:07:41:46 -0500] "GET / HTTP/1.1" 200 5031 "http://nympdev.davlermedia.com/" "Mozilla/5.0 zgrab/0.x"
64.227.16.128 - - [29/Nov/2020:13:52:12 -0500] "GET /wp-login.php HTTP/1.1" 404 16 "http://nympdev.davlermedia.com/wp-login.php" "Mozilla/5.0 (X11; Ubuntu; Linux x86_64; rv:62.0) Gecko/20100101 Firefox/62.0"
207.46.13.211 - - [01/Dec/2020:00:37:12 -0500] "GET /robots.txt HTTP/1.1" 404 196 "-" "Mozilla/5.0 (compatible; bingbot/2.0; +http://www.bing.com/bingbot.htm)"
40.77.167.33 - - [01/Dec/2020:00:38:26 -0500] "GET / HTTP/2.0" 200 5031 "-" "Mozilla/5.0 (compatible; bingbot/2.0; +http://www.bing.com/bingbot.htm)"
104.131.166.65 - - [02/Dec/2020:00:56:57 -0500] "GET / HTTP/1.1" 200 5031 "-" "Mozilla/5.0 (compatible; NetcraftSurveyAgent/1.0; [email protected])"
138.246.253.24 - - [03/Dec/2020:05:16:45 -0500] "HEAD / HTTP/1.1" 200 - "-" "Mozilla/5.0 (Windows NT 6.1; Win64; x64) AppleWebKit/537.36 (KHTML, like Gecko) Chrome/40.0.2214.85 Safari/537.36"
138.246.253.24 - - [04/Dec/2020:10:37:05 -0500] "HEAD / HTTP/1.1" 200 - "-" "Mozilla/5.0 (Windows NT 6.1; Win64; x64) AppleWebKit/537.36 (KHTML, like Gecko) Chrome/40.0.2214.85 Safari/537.36"
138.246.253.24 - - [05/Dec/2020:18:19:20 -0500] "HEAD / HTTP/1.1" 200 - "-" "Mozilla/5.0 (Windows NT 6.1; Win64; x64) AppleWebKit/537.36 (KHTML, like Gecko) Chrome/40.0.2214.85 Safari/537.36"
104.143.83.241 - - [06/Dec/2020:09:55:03 -0500] "GET / HTTP/1.1" 200 5031 "http://nympdev.davlermedia.com/" "Mozilla/5.0 zgrab/0.x"
167.172.242.183 - - [06/Dec/2020:22:13:45 -0500] "GET / HTTP/2.0" 200 5031 "-" "Mozilla/5.0 (compatible; NetcraftSurveyAgent/1.0; [email protected])"
157.245.114.97 - - [06/Dec/2020:23:10:16 -0500] "GET / HTTP/1.1" 200 5031 "-" "Mozilla/5.0 (compatible; NetcraftSurveyAgent/1.0; [email protected])"
167.172.242.160 - - [06/Dec/2020:23:56:07 -0500] "GET / HTTP/1.1" 200 5031 "-" "Mozilla/5.0 (compatible; NetcraftSurveyAgent/1.0; [email protected])"
158.69.250.210 - - [07/Dec/2020:01:34:52 -0500] "GET /robots.txt HTTP/2.0" 404 196 "-" "Mozilla/5.0 (Windows NT 10.0; WOW64) AppleWebKit/537.36 (KHTML, like Gecko) Chrome/46.0.2490.80 Safari/537.36"
2001:4ca0:108:42::24 - - [07/Dec/2020:02:34:02 -0500] "HEAD / HTTP/1.1" 200 - "-" "Mozilla/5.0 (Windows NT 6.1; Win64; x64) AppleWebKit/537.36 (KHTML, like Gecko) Chrome/40.0.2214.85 Safari/537.36"
2001:4ca0:108:42::24 - - [07/Dec/2020:05:38:16 -0500] "HEAD / HTTP/1.1" 200 - "-" "Mozilla/5.0 (Windows NT 6.1; Win64; x64) AppleWebKit/537.36 (KHTML, like Gecko) Chrome/40.0.2214.85 Safari/537.36"
2001:4ca0:108:42::24 - - [07/Dec/2020:08:41:45 -0500] "HEAD / HTTP/1.1" 200 - "-" "Mozilla/5.0 (Windows NT 6.1; Win64; x64) AppleWebKit/537.36 (KHTML, like Gecko) Chrome/40.0.2214.85 Safari/537.36"
104.143.83.241 - - [07/Dec/2020:12:39:33 -0500] "GET / HTTP/1.1" 200 5031 "http://nympdev.davlermedia.com/" "Mozilla/5.0 zgrab/0.x"
104.143.83.241 - - [08/Dec/2020:09:41:23 -0500] "GET / HTTP/1.1" 200 5031 "http://nympdev.davlermedia.com/" "Mozilla/5.0 zgrab/0.x"
104.143.83.241 - - [09/Dec/2020:09:36:10 -0500] "GET / HTTP/1.1" 200 5031 "http://nympdev.davlermedia.com/" "Mozilla/5.0 zgrab/0.x"
104.143.83.241 - - [10/Dec/2020:09:50:47 -0500] "GET / HTTP/1.1" 200 5031 "http://nympdev.davlermedia.com/" "Mozilla/5.0 zgrab/0.x"
209.17.96.210 - - [11/Dec/2020:02:04:23 -0500] "GET / HTTP/1.1" 200 5031 "-" "Mozilla/5.0 (compatible; Nimbostratus-Bot/v1.3.2; http://cloudsystemnetworks.com)"
138.246.253.24 - - [11/Dec/2020:08:26:03 -0500] "HEAD / HTTP/1.1" 200 - "-" "Mozilla/5.0 (Windows NT 6.1; Win64; x64) AppleWebKit/537.36 (KHTML, like Gecko) Chrome/40.0.2214.85 Safari/537.36"
104.143.83.241 - - [11/Dec/2020:13:11:37 -0500] "GET / HTTP/1.1" 200 5031 "http://nympdev.davlermedia.com/" "Mozilla/5.0 zgrab/0.x"
209.17.96.2 - - [11/Dec/2020:22:18:46 -0500] "GET / HTTP/1.1" 200 5031 "-" "Mozilla/5.0 (compatible; Nimbostratus-Bot/v1.3.2; http://cloudsystemnetworks.com)"
209.17.96.194 - - [11/Dec/2020:22:35:19 -0500] "GET / HTTP/1.1" 200 5031 "-" "Mozilla/5.0 (compatible; Nimbostratus-Bot/v1.3.2; http://cloudsystemnetworks.com)"
209.17.96.154 - - [12/Dec/2020:01:26:46 -0500] "GET / HTTP/1.1" 200 5031 "-" "Mozilla/5.0 (compatible; Nimbostratus-Bot/v1.3.2; http://cloudsystemnetworks.com)"
104.143.83.241 - - [12/Dec/2020:09:23:24 -0500] "GET / HTTP/1.1" 200 5031 "http://nympdev.davlermedia.com/" "Mozilla/5.0 zgrab/0.x"
138.246.253.24 - - [12/Dec/2020:14:17:25 -0500] "HEAD / HTTP/1.1" 200 - "-" "Mozilla/5.0 (Windows NT 6.1; Win64; x64) AppleWebKit/537.36 (KHTML, like Gecko) Chrome/40.0.2214.85 Safari/537.36"
209.17.97.106 - - [13/Dec/2020:04:42:10 -0500] "GET / HTTP/1.1" 200 5031 "-" "Mozilla/5.0 (compatible; Nimbostratus-Bot/v1.3.2; http://cloudsystemnetworks.com)"
138.246.253.24 - - [13/Dec/2020:08:35:50 -0500] "HEAD / HTTP/1.1" 200 - "-" "Mozilla/5.0 (Windows NT 6.1; Win64; x64) AppleWebKit/537.36 (KHTML, like Gecko) Chrome/40.0.2214.85 Safari/537.36"
104.143.83.241 - - [13/Dec/2020:09:46:27 -0500] "GET / HTTP/1.1" 200 5031 "http://nympdev.davlermedia.com/" "Mozilla/5.0 zgrab/0.x"
2001:4ca0:108:42::24 - - [13/Dec/2020:22:08:35 -0500] "HEAD / HTTP/1.1" 200 - "-" "Mozilla/5.0 (Windows NT 6.1; Win64; x64) AppleWebKit/537.36 (KHTML, like Gecko) Chrome/40.0.2214.85 Safari/537.36"
2001:4ca0:108:42::24 - - [14/Dec/2020:05:22:01 -0500] "HEAD / HTTP/1.1" 200 - "-" "Mozilla/5.0 (Windows NT 6.1; Win64; x64) AppleWebKit/537.36 (KHTML, like Gecko) Chrome/40.0.2214.85 Safari/537.36"
2001:4ca0:108:42::24 - - [14/Dec/2020:09:02:46 -0500] "HEAD / HTTP/1.1" 200 - "-" "Mozilla/5.0 (Windows NT 6.1; Win64; x64) AppleWebKit/537.36 (KHTML, like Gecko) Chrome/40.0.2214.85 Safari/537.36"
104.143.83.241 - - [14/Dec/2020:10:38:55 -0500] "GET / HTTP/1.1" 200 5031 "http://nympdev.davlermedia.com/" "Mozilla/5.0 zgrab/0.x"
209.17.97.26 - - [15/Dec/2020:07:01:25 -0500] "GET / HTTP/1.1" 200 5031 "-" "Mozilla/5.0 (compatible; Nimbostratus-Bot/v1.3.2; http://cloudsystemnetworks.com)"
209.17.96.2 - - [15/Dec/2020:07:17:35 -0500] "GET / HTTP/1.1" 200 5031 "-" "Mozilla/5.0 (compatible; Nimbostratus-Bot/v1.3.2; http://cloudsystemnetworks.com)"
104.143.83.241 - - [15/Dec/2020:09:43:54 -0500] "GET / HTTP/1.1" 200 5031 "http://nympdev.davlermedia.com/" "Mozilla/5.0 zgrab/0.x"
209.17.96.234 - - [16/Dec/2020:03:22:01 -0500] "GET / HTTP/1.1" 200 5031 "-" "Mozilla/5.0 (compatible; Nimbostratus-Bot/v1.3.2; http://cloudsystemnetworks.com)"
104.143.83.241 - - [16/Dec/2020:12:26:41 -0500] "GET / HTTP/1.1" 200 5031 "http://nympdev.davlermedia.com/" "Mozilla/5.0 zgrab/0.x"
176.9.199.182 - - [16/Dec/2020:15:53:31 -0500] "GET /wp-login.php HTTP/1.1" 404 16 "http://nympdev.davlermedia.com/wp-login.php" "Mozilla/5.0 (X11; Ubuntu; Linux x86_64; rv:62.0) Gecko/20100101 Firefox/62.0"
209.17.97.66 - - [17/Dec/2020:06:55:52 -0500] "GET / HTTP/1.1" 200 5031 "-" "Mozilla/5.0 (compatible; Nimbostratus-Bot/v1.3.2; http://cloudsystemnetworks.com)"
104.143.83.241 - - [17/Dec/2020:12:26:21 -0500] "GET / HTTP/1.1" 200 5031 "http://nympdev.davlermedia.com/" "Mozilla/5.0 zgrab/0.x"
138.246.253.24 - - [17/Dec/2020:14:38:15 -0500] "HEAD / HTTP/1.1" 200 - "-" "Mozilla/5.0 (Windows NT 6.1; Win64; x64) AppleWebKit/537.36 (KHTML, like Gecko) Chrome/40.0.2214.85 Safari/537.36"
138.246.253.24 - - [17/Dec/2020:22:31:49 -0500] "HEAD / HTTP/1.1" 200 - "-" "Mozilla/5.0 (Windows NT 6.1; Win64; x64) AppleWebKit/537.36 (KHTML, like Gecko) Chrome/40.0.2214.85 Safari/537.36"
104.143.83.241 - - [17/Dec/2020:22:43:09 -0500] "GET / HTTP/1.1" 200 5031 "http://nympdev.davlermedia.com/" "Mozilla/5.0 zgrab/0.x"
104.143.83.241 - - [18/Dec/2020:13:24:46 -0500] "GET / HTTP/1.1" 200 5031 "http://nympdev.davlermedia.com/" "Mozilla/5.0 zgrab/0.x"
157.55.39.33 - - [18/Dec/2020:20:01:21 -0500] "GET /robots.txt HTTP/1.1" 404 196 "-" "Mozilla/5.0 (compatible; bingbot/2.0; +http://www.bing.com/bingbot.htm)"
207.46.13.224 - - [18/Dec/2020:20:01:27 -0500] "GET /index.php?IX=home HTTP/1.1" 200 5031 "-" "Mozilla/5.0 (compatible; bingbot/2.0; +http://www.bing.com/bingbot.htm)"
138.246.253.24 - - [19/Dec/2020:03:40:01 -0500] "HEAD / HTTP/1.1" 200 - "-" "Mozilla/5.0 (Windows NT 6.1; Win64; x64) AppleWebKit/537.36 (KHTML, like Gecko) Chrome/40.0.2214.85 Safari/537.36"
104.143.83.241 - - [19/Dec/2020:10:29:51 -0500] "GET / HTTP/1.1" 200 5031 "http://nympdev.davlermedia.com/" "Mozilla/5.0 zgrab/0.x"
209.17.96.34 - - [20/Dec/2020:05:16:20 -0500] "GET / HTTP/1.1" 200 5031 "-" "Mozilla/5.0 (compatible; Nimbostratus-Bot/v1.3.2; http://cloudsystemnetworks.com)"
104.143.83.241 - - [20/Dec/2020:13:30:57 -0500] "GET / HTTP/1.1" 200 5031 "http://nympdev.davlermedia.com/" "Mozilla/5.0 zgrab/0.x"
2001:4ca0:108:42::24 - - [20/Dec/2020:20:24:18 -0500] "HEAD / HTTP/1.1" 200 - "-" "Mozilla/5.0 (Windows NT 6.1; Win64; x64) AppleWebKit/537.36 (KHTML, like Gecko) Chrome/40.0.2214.85 Safari/537.36"
2001:4ca0:108:42::24 - - [21/Dec/2020:01:50:00 -0500] "HEAD / HTTP/1.1" 200 - "-" "Mozilla/5.0 (Windows NT 6.1; Win64; x64) AppleWebKit/537.36 (KHTML, like Gecko) Chrome/40.0.2214.85 Safari/537.36"
2001:4ca0:108:42::24 - - [21/Dec/2020:06:20:05 -0500] "HEAD / HTTP/1.1" 200 - "-" "Mozilla/5.0 (Windows NT 6.1; Win64; x64) AppleWebKit/537.36 (KHTML, like Gecko) Chrome/40.0.2214.85 Safari/537.36"
104.143.83.241 - - [21/Dec/2020:09:56:55 -0500] "GET / HTTP/1.1" 200 5031 "http://nympdev.davlermedia.com/" "Mozilla/5.0 zgrab/0.x"
104.143.83.241 - - [22/Dec/2020:09:51:34 -0500] "GET / HTTP/1.1" 200 5031 "http://nympdev.davlermedia.com/" "Mozilla/5.0 zgrab/0.x"
209.17.97.26 - - [23/Dec/2020:02:22:46 -0500] "GET / HTTP/1.1" 200 5031 "-" "Mozilla/5.0 (compatible; Nimbostratus-Bot/v1.3.2; http://cloudsystemnetworks.com)"
209.17.97.2 - - [23/Dec/2020:08:44:57 -0500] "GET / HTTP/1.1" 200 5031 "-" "Mozilla/5.0 (compatible; Nimbostratus-Bot/v1.3.2; http://cloudsystemnetworks.com)"
104.143.83.241 - - [23/Dec/2020:09:25:27 -0500] "GET / HTTP/1.1" 200 5031 "http://nympdev.davlermedia.com/" "Mozilla/5.0 zgrab/0.x"
82.165.48.181 - - [23/Dec/2020:21:25:38 -0500] "GET /wp-content/plugins/ioptimization/IOptimize.php?rchk HTTP/1.1" 404 196 "www.google.com" "Mozlila/5.0 (Linux; Android 7.0; SM-G892A Bulid/NRD90M; wv) AppleWebKit/537.36 (KHTML, like Gecko) Version/4.0 Chrome/60.0.3112.107 Moblie Safari/537.36"
138.246.253.24 - - [24/Dec/2020:02:56:39 -0500] "HEAD / HTTP/1.1" 200 - "-" "Mozilla/5.0 (Windows NT 6.1; Win64; x64) AppleWebKit/537.36 (KHTML, like Gecko) Chrome/40.0.2214.85 Safari/537.36"
104.143.83.241 - - [24/Dec/2020:13:11:34 -0500] "GET / HTTP/1.1" 200 5031 "http://nympdev.davlermedia.com/" "Mozilla/5.0 zgrab/0.x"
52.252.97.130 - - [24/Dec/2020:18:33:42 -0500] "GET / HTTP/1.1" 200 5031 "-" "Mozilla/5.0 (Macintosh; Intel Mac OS X 10_10_1) AppleWebKit/537.36 (KHTML, like Gecko) Chrome/39.0.2171.95 Safari/537.36"
52.252.97.130 - - [24/Dec/2020:18:33:54 -0500] "GET /wp-includes/css/buttons.css HTTP/1.1" 404 196 "-" "Mozilla/5.0 (Macintosh; Intel Mac OS X 10_10_1) AppleWebKit/537.36 (KHTML, like Gecko) Chrome/39.0.2171.95 Safari/537.36"
52.252.97.130 - - [24/Dec/2020:18:34:05 -0500] "GET /media/system/js/core.js HTTP/1.1" 404 196 "-" "Mozilla/5.0 (Macintosh; Intel Mac OS X 10_10_1) AppleWebKit/537.36 (KHTML, like Gecko) Chrome/39.0.2171.95 Safari/537.36"
104.143.83.241 - - [25/Dec/2020:09:26:59 -0500] "GET / HTTP/1.1" 200 5031 "http://nympdev.davlermedia.com/" "Mozilla/5.0 zgrab/0.x"
209.17.96.162 - - [25/Dec/2020:19:47:24 -0500] "GET / HTTP/1.1" 200 5031 "-" "Mozilla/5.0 (compatible; Nimbostratus-Bot/v1.3.2; http://cloudsystemnetworks.com)"
104.143.83.241 - - [26/Dec/2020:13:00:29 -0500] "GET / HTTP/1.1" 200 5031 "http://nympdev.davlermedia.com/" "Mozilla/5.0 zgrab/0.x"
52.252.97.130 - - [27/Dec/2020:05:08:21 -0500] "GET /vendor/phpunit/phpunit/LICENSE HTTP/1.1" 404 196 "-" "Mozilla/5.0 (X11; Ubuntu; Linux i686; rv:28.0) Gecko/20100101 Firefox/28.0"
138.246.253.24 - - [27/Dec/2020:05:31:15 -0500] "HEAD / HTTP/1.1" 200 - "-" "Mozilla/5.0 (Windows NT 6.1; Win64; x64) AppleWebKit/537.36 (KHTML, like Gecko) Chrome/40.0.2214.85 Safari/537.36"
138.246.253.24 - - [27/Dec/2020:07:31:17 -0500] "HEAD / HTTP/2.0" 200 - "-" "Mozilla/5.0 (Windows NT 6.1; Win64; x64) AppleWebKit/537.36 (KHTML, like Gecko) Chrome/40.0.2214.85 Safari/537.36"
104.143.83.241 - - [27/Dec/2020:12:59:26 -0500] "GET / HTTP/1.1" 200 5031 "http://nympdev.davlermedia.com/" "Mozilla/5.0 zgrab/0.x"
2001:4ca0:108:42::24 - - [27/Dec/2020:23:47:05 -0500] "HEAD / HTTP/1.1" 200 - "-" "Mozilla/5.0 (Windows NT 6.1; Win64; x64) AppleWebKit/537.36 (KHTML, like Gecko) Chrome/40.0.2214.85 Safari/537.36"
2001:4ca0:108:42::24 - - [28/Dec/2020:02:14:29 -0500] "HEAD / HTTP/1.1" 200 - "-" "Mozilla/5.0 (Windows NT 6.1; Win64; x64) AppleWebKit/537.36 (KHTML, like Gecko) Chrome/40.0.2214.85 Safari/537.36"
2001:4ca0:108:42::24 - - [28/Dec/2020:06:04:14 -0500] "HEAD / HTTP/1.1" 200 - "-" "Mozilla/5.0 (Windows NT 6.1; Win64; x64) AppleWebKit/537.36 (KHTML, like Gecko) Chrome/40.0.2214.85 Safari/537.36"
104.143.83.241 - - [28/Dec/2020:08:45:24 -0500] "GET / HTTP/1.1" 200 5031 "http://nympdev.davlermedia.com/" "Mozilla/5.0 zgrab/0.x"
82.165.48.181 - - [28/Dec/2020:17:40:13 -0500] "GET /wp-content/plugins/ioptimization/IOptimize.php?rchk HTTP/1.1" 404 196 "www.google.com" "Mozlila/5.0 (Linux; Android 7.0; SM-G892A Bulid/NRD90M; wv) AppleWebKit/537.36 (KHTML, like Gecko) Version/4.0 Chrome/60.0.3112.107 Moblie Safari/537.36"
104.143.83.241 - - [29/Dec/2020:08:38:17 -0500] "GET / HTTP/1.1" 200 5031 "http://nympdev.davlermedia.com/" "Mozilla/5.0 zgrab/0.x"
209.17.97.66 - - [30/Dec/2020:06:00:02 -0500] "GET / HTTP/1.1" 200 5031 "-" "Mozilla/5.0 (compatible; Nimbostratus-Bot/v1.3.2; http://cloudsystemnetworks.com)"
104.143.83.241 - - [30/Dec/2020:08:40:06 -0500] "GET / HTTP/2.0" 200 5031 "http://nympdev.davlermedia.com/" "Mozilla/5.0 zgrab/0.x"
138.246.253.24 - - [31/Dec/2020:02:33:37 -0500] "HEAD / HTTP/2.0" 200 - "-" "Mozilla/5.0 (Windows NT 6.1; Win64; x64) AppleWebKit/537.36 (KHTML, like Gecko) Chrome/40.0.2214.85 Safari/537.36"
104.143.83.241 - - [31/Dec/2020:08:40:14 -0500] "GET / HTTP/1.1" 200 5031 "http://nympdev.davlermedia.com/" "Mozilla/5.0 zgrab/0.x"
47.19.77.202 - - [31/Dec/2020:10:39:49 -0500] "GET / HTTP/1.1" 200 5031 "-" "Mozilla/5.0 (Windows NT 10.0; Win64; x64) AppleWebKit/537.36 (KHTML, like Gecko) Chrome/87.0.4280.88 Safari/537.36 Edg/87.0.664.66"
47.19.77.202 - - [31/Dec/2020:10:39:49 -0500] "GET /css/main.css?ver=1515980047 HTTP/1.1" 200 35855 "https://nympdev.davlermedia.com/" "Mozilla/5.0 (Windows NT 10.0; Win64; x64) AppleWebKit/537.36 (KHTML, like Gecko) Chrome/87.0.4280.88 Safari/537.36 Edg/87.0.664.66"
47.19.77.202 - - [31/Dec/2020:10:39:49 -0500] "GET /css/main_mobile.css?ver=1456734643 HTTP/1.1" 200 2351 "https://nympdev.davlermedia.com/" "Mozilla/5.0 (Windows NT 10.0; Win64; x64) AppleWebKit/537.36 (KHTML, like Gecko) Chrome/87.0.4280.88 Safari/537.36 Edg/87.0.664.66"
47.19.77.202 - - [31/Dec/2020:10:39:49 -0500] "GET /js/jquery.datePicker.js?ver=1454606621 HTTP/1.1" 200 42569 "https://nympdev.davlermedia.com/" "Mozilla/5.0 (Windows NT 10.0; Win64; x64) AppleWebKit/537.36 (KHTML, like Gecko) Chrome/87.0.4280.88 Safari/537.36 Edg/87.0.664.66"
47.19.77.202 - - [31/Dec/2020:10:39:49 -0500] "GET /js/jquery-migrate-1.2.1.min.js?ver=1454606618 HTTP/1.1" 200 7199 "https://nympdev.davlermedia.com/" "Mozilla/5.0 (Windows NT 10.0; Win64; x64) AppleWebKit/537.36 (KHTML, like Gecko) Chrome/87.0.4280.88 Safari/537.36 Edg/87.0.664.66"
47.19.77.202 - - [31/Dec/2020:10:39:49 -0500] "GET /js/jquery.wakeup.js?ver=1461595780 HTTP/1.1" 200 2396 "https://nympdev.davlermedia.com/" "Mozilla/5.0 (Windows NT 10.0; Win64; x64) AppleWebKit/537.36 (KHTML, like Gecko) Chrome/87.0.4280.88 Safari/537.36 Edg/87.0.664.66"
47.19.77.202 - - [31/Dec/2020:10:39:49 -0500] "GET /js/jquery.form.js?ver=1454606622 HTTP/1.1" 200 39396 "https://nympdev.davlermedia.com/" "Mozilla/5.0 (Windows NT 10.0; Win64; x64) AppleWebKit/537.36 (KHTML, like Gecko) Chrome/87.0.4280.88 Safari/537.36 Edg/87.0.664.66"
47.19.77.202 - - [31/Dec/2020:10:39:49 -0500] "GET /js/json2.min.js?ver=1458875434 HTTP/1.1" 200 3460 "https://nympdev.davlermedia.com/" "Mozilla/5.0 (Windows NT 10.0; Win64; x64) AppleWebKit/537.36 (KHTML, like Gecko) Chrome/87.0.4280.88 Safari/537.36 Edg/87.0.664.66"
47.19.77.202 - - [31/Dec/2020:10:39:49 -0500] "GET /js/index.js?ver=1517857683 HTTP/1.1" 200 34837 "https://nympdev.davlermedia.com/" "Mozilla/5.0 (Windows NT 10.0; Win64; x64) AppleWebKit/537.36 (KHTML, like Gecko) Chrome/87.0.4280.88 Safari/537.36 Edg/87.0.664.66"
47.19.77.202 - - [31/Dec/2020:10:39:49 -0500] "GET /css/datePicker.css?ver=1454105334 HTTP/1.1" 200 2415 "https://nympdev.davlermedia.com/" "Mozilla/5.0 (Windows NT 10.0; Win64; x64) AppleWebKit/537.36 (KHTML, like Gecko) Chrome/87.0.4280.88 Safari/537.36 Edg/87.0.664.66"
47.19.77.202 - - [31/Dec/2020:10:39:49 -0500] "GET /js/jquery.slicknav.min.js?ver=1454616436 HTTP/1.1" 200 6665 "https://nympdev.davlermedia.com/" "Mozilla/5.0 (Windows NT 10.0; Win64; x64) AppleWebKit/537.36 (KHTML, like Gecko) Chrome/87.0.4280.88 Safari/537.36 Edg/87.0.664.66"
47.19.77.202 - - [31/Dec/2020:10:39:49 -0500] "GET /css/slicknav.min.css?ver=1454616447 HTTP/1.1" 200 2353 "https://nympdev.davlermedia.com/" "Mozilla/5.0 (Windows NT 10.0; Win64; x64) AppleWebKit/537.36 (KHTML, like Gecko) Chrome/87.0.4280.88 Safari/537.36 Edg/87.0.664.66"
47.19.77.202 - - [31/Dec/2020:10:39:49 -0500] "GET /js/date.js?ver=1454606615 HTTP/2.0" 200 12767 "https://nympdev.davlermedia.com/" "Mozilla/5.0 (Windows NT 10.0; Win64; x64) AppleWebKit/537.36 (KHTML, like Gecko) Chrome/87.0.4280.88 Safari/537.36 Edg/87.0.664.66"
47.19.77.202 - - [31/Dec/2020:10:39:49 -0500] "GET /js/jquery-1.11.2.min.js?ver=1454606617 HTTP/1.1" 200 95931 "https://nympdev.davlermedia.com/" "Mozilla/5.0 (Windows NT 10.0; Win64; x64) AppleWebKit/537.36 (KHTML, like Gecko) Chrome/87.0.4280.88 Safari/537.36 Edg/87.0.664.66"
47.19.77.202 - - [31/Dec/2020:10:39:49 -0500] "GET /img/loading.gif HTTP/1.1" 404 196 "https://nympdev.davlermedia.com/" "Mozilla/5.0 (Windows NT 10.0; Win64; x64) AppleWebKit/537.36 (KHTML, like Gecko) Chrome/87.0.4280.88 Safari/537.36 Edg/87.0.664.66"
47.19.77.202 - - [31/Dec/2020:10:39:49 -0500] "GET /img/close_icon.png HTTP/1.1" 404 196 "https://nympdev.davlermedia.com/" "Mozilla/5.0 (Windows NT 10.0; Win64; x64) AppleWebKit/537.36 (KHTML, like Gecko) Chrome/87.0.4280.88 Safari/537.36 Edg/87.0.664.66"
47.19.77.202 - - [31/Dec/2020:10:39:49 -0500] "GET /favicon.ico HTTP/1.1" 404 196 "https://nympdev.davlermedia.com/" "Mozilla/5.0 (Windows NT 10.0; Win64; x64) AppleWebKit/537.36 (KHTML, like Gecko) Chrome/87.0.4280.88 Safari/537.36 Edg/87.0.664.66"
47.19.77.202 - - [31/Dec/2020:12:25:19 -0500] "GET / HTTP/1.1" 200 5031 "-" "Mozilla/5.0 (Windows NT 10.0; Win64; x64) AppleWebKit/537.36 (KHTML, like Gecko) Chrome/87.0.4280.88 Safari/537.36 Edg/87.0.664.66"
47.19.77.202 - - [31/Dec/2020:12:25:19 -0500] "GET /css/slicknav.min.css?ver=1454616447 HTTP/1.1" 200 2353 "https://nympdev.davlermedia.com/" "Mozilla/5.0 (Windows NT 10.0; Win64; x64) AppleWebKit/537.36 (KHTML, like Gecko) Chrome/87.0.4280.88 Safari/537.36 Edg/87.0.664.66"
47.19.77.202 - - [31/Dec/2020:12:25:19 -0500] "GET /js/jquery-migrate-1.2.1.min.js?ver=1454606618 HTTP/1.1" 200 7199 "https://nympdev.davlermedia.com/" "Mozilla/5.0 (Windows NT 10.0; Win64; x64) AppleWebKit/537.36 (KHTML, like Gecko) Chrome/87.0.4280.88 Safari/537.36 Edg/87.0.664.66"
47.19.77.202 - - [31/Dec/2020:12:25:19 -0500] "GET /js/date.js?ver=1454606615 HTTP/2.0" 200 12767 "https://nympdev.davlermedia.com/" "Mozilla/5.0 (Windows NT 10.0; Win64; x64) AppleWebKit/537.36 (KHTML, like Gecko) Chrome/87.0.4280.88 Safari/537.36 Edg/87.0.664.66"
47.19.77.202 - - [31/Dec/2020:12:25:19 -0500] "GET /css/datePicker.css?ver=1454105334 HTTP/1.1" 200 2415 "https://nympdev.davlermedia.com/" "Mozilla/5.0 (Windows NT 10.0; Win64; x64) AppleWebKit/537.36 (KHTML, like Gecko) Chrome/87.0.4280.88 Safari/537.36 Edg/87.0.664.66"
47.19.77.202 - - [31/Dec/2020:12:25:19 -0500] "GET /js/jquery.form.js?ver=1454606622 HTTP/1.1" 200 39396 "https://nympdev.davlermedia.com/" "Mozilla/5.0 (Windows NT 10.0; Win64; x64) AppleWebKit/537.36 (KHTML, like Gecko) Chrome/87.0.4280.88 Safari/537.36 Edg/87.0.664.66"
47.19.77.202 - - [31/Dec/2020:12:25:19 -0500] "GET /css/main_mobile.css?ver=1456734643 HTTP/1.1" 200 2351 "https://nympdev.davlermedia.com/" "Mozilla/5.0 (Windows NT 10.0; Win64; x64) AppleWebKit/537.36 (KHTML, like Gecko) Chrome/87.0.4280.88 Safari/537.36 Edg/87.0.664.66"
47.19.77.202 - - [31/Dec/2020:12:25:19 -0500] "GET /js/json2.min.js?ver=1458875434 HTTP/1.1" 200 3460 "https://nympdev.davlermedia.com/" "Mozilla/5.0 (Windows NT 10.0; Win64; x64) AppleWebKit/537.36 (KHTML, like Gecko) Chrome/87.0.4280.88 Safari/537.36 Edg/87.0.664.66"
47.19.77.202 - - [31/Dec/2020:12:25:19 -0500] "GET /js/jquery.slicknav.min.js?ver=1454616436 HTTP/1.1" 200 6665 "https://nympdev.davlermedia.com/" "Mozilla/5.0 (Windows NT 10.0; Win64; x64) AppleWebKit/537.36 (KHTML, like Gecko) Chrome/87.0.4280.88 Safari/537.36 Edg/87.0.664.66"
47.19.77.202 - - [31/Dec/2020:12:25:19 -0500] "GET /js/index.js?ver=1517857683 HTTP/1.1" 200 34837 "https://nympdev.davlermedia.com/" "Mozilla/5.0 (Windows NT 10.0; Win64; x64) AppleWebKit/537.36 (KHTML, like Gecko) Chrome/87.0.4280.88 Safari/537.36 Edg/87.0.664.66"
47.19.77.202 - - [31/Dec/2020:12:25:19 -0500] "GET /js/jquery.datePicker.js?ver=1454606621 HTTP/1.1" 200 42569 "https://nympdev.davlermedia.com/" "Mozilla/5.0 (Windows NT 10.0; Win64; x64) AppleWebKit/537.36 (KHTML, like Gecko) Chrome/87.0.4280.88 Safari/537.36 Edg/87.0.664.66"
47.19.77.202 - - [31/Dec/2020:12:25:19 -0500] "GET /css/main.css?ver=1515980047 HTTP/1.1" 200 35855 "https://nympdev.davlermedia.com/" "Mozilla/5.0 (Windows NT 10.0; Win64; x64) AppleWebKit/537.36 (KHTML, like Gecko) Chrome/87.0.4280.88 Safari/537.36 Edg/87.0.664.66"
47.19.77.202 - - [31/Dec/2020:12:25:19 -0500] "GET /js/jquery-1.11.2.min.js?ver=1454606617 HTTP/1.1" 200 95931 "https://nympdev.davlermedia.com/" "Mozilla/5.0 (Windows NT 10.0; Win64; x64) AppleWebKit/537.36 (KHTML, like Gecko) Chrome/87.0.4280.88 Safari/537.36 Edg/87.0.664.66"
47.19.77.202 - - [31/Dec/2020:12:25:19 -0500] "GET /js/jquery.wakeup.js?ver=1461595780 HTTP/1.1" 200 2396 "https://nympdev.davlermedia.com/" "Mozilla/5.0 (Windows NT 10.0; Win64; x64) AppleWebKit/537.36 (KHTML, like Gecko) Chrome/87.0.4280.88 Safari/537.36 Edg/87.0.664.66"
47.19.77.202 - - [31/Dec/2020:12:25:19 -0500] "GET /img/loading.gif HTTP/1.1" 404 196 "https://nympdev.davlermedia.com/" "Mozilla/5.0 (Windows NT 10.0; Win64; x64) AppleWebKit/537.36 (KHTML, like Gecko) Chrome/87.0.4280.88 Safari/537.36 Edg/87.0.664.66"
47.19.77.202 - - [31/Dec/2020:12:25:19 -0500] "GET /img/close_icon.png HTTP/1.1" 404 196 "https://nympdev.davlermedia.com/" "Mozilla/5.0 (Windows NT 10.0; Win64; x64) AppleWebKit/537.36 (KHTML, like Gecko) Chrome/87.0.4280.88 Safari/537.36 Edg/87.0.664.66"
138.246.253.24 - - [31/Dec/2020:23:44:48 -0500] "HEAD / HTTP/1.1" 200 - "-" "Mozilla/5.0 (Windows NT 6.1; Win64; x64) AppleWebKit/537.36 (KHTML, like Gecko) Chrome/40.0.2214.85 Safari/537.36"
104.143.83.241 - - [01/Jan/2021:09:34:24 -0500] "GET / HTTP/1.1" 200 5031 "http://nympdev.davlermedia.com/" "Mozilla/5.0 zgrab/0.x"
157.55.39.33 - - [02/Jan/2021:03:14:19 -0500] "GET /robots.txt HTTP/1.1" 404 196 "-" "Mozilla/5.0 (compatible; bingbot/2.0; +http://www.bing.com/bingbot.htm)"
13.66.139.155 - - [02/Jan/2021:03:14:21 -0500] "GET /index.php?IX=home HTTP/1.1" 200 5031 "-" "Mozilla/5.0 (compatible; bingbot/2.0; +http://www.bing.com/bingbot.htm)"
209.17.97.98 - - [02/Jan/2021:04:38:57 -0500] "GET / HTTP/1.1" 200 5031 "-" "Mozilla/5.0 (compatible; Nimbostratus-Bot/v1.3.2; http://cloudsystemnetworks.com)"
104.143.83.241 - - [02/Jan/2021:08:31:46 -0500] "GET / HTTP/1.1" 200 5031 "http://nympdev.davlermedia.com/" "Mozilla/5.0 zgrab/0.x"
209.17.96.122 - - [02/Jan/2021:09:17:13 -0500] "GET / HTTP/1.1" 200 5031 "-" "Mozilla/5.0 (compatible; Nimbostratus-Bot/v1.3.2; http://cloudsystemnetworks.com)"
157.55.39.33 - - [02/Jan/2021:10:56:05 -0500] "GET /robots.txt HTTP/1.1" 404 196 "-" "Mozilla/5.0 (compatible; bingbot/2.0; +http://www.bing.com/bingbot.htm)"
13.66.139.155 - - [02/Jan/2021:10:56:09 -0500] "GET /index.php?IX=home HTTP/1.1" 200 5031 "-" "Mozilla/5.0 (compatible; bingbot/2.0; +http://www.bing.com/bingbot.htm)"
157.55.39.33 - - [02/Jan/2021:21:51:10 -0500] "GET /robots.txt HTTP/1.1" 404 196 "-" "Mozilla/5.0 (compatible; bingbot/2.0; +http://www.bing.com/bingbot.htm)"
13.66.139.155 - - [02/Jan/2021:21:51:13 -0500] "GET /index.php?IX=home HTTP/1.1" 200 5031 "-" "Mozilla/5.0 (compatible; bingbot/2.0; +http://www.bing.com/bingbot.htm)"
138.246.253.24 - - [03/Jan/2021:08:08:54 -0500] "HEAD / HTTP/1.1" 200 - "-" "Mozilla/5.0 (Windows NT 6.1; Win64; x64) AppleWebKit/537.36 (KHTML, like Gecko) Chrome/40.0.2214.85 Safari/537.36"
13.66.139.155 - - [03/Jan/2021:09:18:58 -0500] "GET /index.php?IX=home HTTP/1.1" 200 5031 "-" "Mozilla/5.0 (compatible; bingbot/2.0; +http://www.bing.com/bingbot.htm)"
104.143.83.241 - - [03/Jan/2021:12:58:46 -0500] "GET / HTTP/1.1" 200 5031 "http://nympdev.davlermedia.com/" "Mozilla/5.0 zgrab/0.x"
13.66.139.155 - - [03/Jan/2021:13:05:20 -0500] "GET /index.php?IX=home HTTP/2.0" 200 5031 "-" "Mozilla/5.0 (compatible; bingbot/2.0; +http://www.bing.com/bingbot.htm)"
13.66.139.155 - - [04/Jan/2021:03:05:00 -0500] "GET /index.php?IX=home HTTP/1.1" 200 5031 "-" "Mozilla/5.0 (compatible; bingbot/2.0; +http://www.bing.com/bingbot.htm)"
2001:4ca0:108:42::24 - - [04/Jan/2021:03:19:07 -0500] "HEAD / HTTP/1.1" 200 - "-" "Mozilla/5.0 (Windows NT 6.1; Win64; x64) AppleWebKit/537.36 (KHTML, like Gecko) Chrome/40.0.2214.85 Safari/537.36"
2001:4ca0:108:42::24 - - [04/Jan/2021:07:08:32 -0500] "HEAD / HTTP/1.1" 200 - "-" "Mozilla/5.0 (Windows NT 6.1; Win64; x64) AppleWebKit/537.36 (KHTML, like Gecko) Chrome/40.0.2214.85 Safari/537.36"
2001:4ca0:108:42::24 - - [04/Jan/2021:08:32:47 -0500] "HEAD / HTTP/1.1" 200 - "-" "Mozilla/5.0 (Windows NT 6.1; Win64; x64) AppleWebKit/537.36 (KHTML, like Gecko) Chrome/40.0.2214.85 Safari/537.36"
104.143.83.241 - - [04/Jan/2021:13:00:17 -0500] "GET / HTTP/1.1" 200 5031 "http://nympdev.davlermedia.com/" "Mozilla/5.0 zgrab/0.x"
104.143.83.241 - - [05/Jan/2021:08:24:30 -0500] "GET / HTTP/1.1" 200 5031 "http://nympdev.davlermedia.com/" "Mozilla/5.0 zgrab/0.x"
45.55.58.189 - - [06/Jan/2021:02:55:30 -0500] "GET / HTTP/1.1" 200 5031 "-" "Mozilla/5.0 (compatible; NetcraftSurveyAgent/1.0; [email protected])"
217.160.15.47 - - [06/Jan/2021:04:32:02 -0500] "GET /config.bak.php HTTP/1.1" 404 16 "-" "python-requests/2.25.1"
217.160.15.47 - - [06/Jan/2021:04:32:48 -0500] "POST /config.bak.php HTTP/1.1" 404 16 "-" "python-requests/2.25.1"
134.122.9.204 - - [06/Jan/2021:04:46:09 -0500] "GET / HTTP/1.1" 200 5031 "-" "Mozilla/5.0 (compatible; NetcraftSurveyAgent/1.0; [email protected])"
159.203.127.206 - - [06/Jan/2021:05:36:07 -0500] "GET / HTTP/1.1" 200 5031 "-" "Mozilla/5.0 (compatible; NetcraftSurveyAgent/1.0; [email protected])"
104.143.83.241 - - [06/Jan/2021:08:26:22 -0500] "GET / HTTP/1.1" 200 5031 "http://nympdev.davlermedia.com/" "Mozilla/5.0 zgrab/0.x"
138.246.253.24 - - [07/Jan/2021:02:42:12 -0500] "HEAD / HTTP/1.1" 200 - "-" "Mozilla/5.0 (Windows NT 6.1; Win64; x64) AppleWebKit/537.36 (KHTML, like Gecko) Chrome/40.0.2214.85 Safari/537.36"
104.143.83.241 - - [07/Jan/2021:08:18:09 -0500] "GET / HTTP/1.1" 200 5031 "http://nympdev.davlermedia.com/" "Mozilla/5.0 zgrab/0.x"
23.98.139.6 - - [08/Jan/2021:00:12:42 -0500] "GET /config.bak.php HTTP/1.1" 404 16 "-" "python-requests/2.25.1"
23.98.139.6 - - [08/Jan/2021:00:12:48 -0500] "POST /config.bak.php HTTP/1.1" 404 16 "-" "python-requests/2.25.1"
104.143.83.241 - - [08/Jan/2021:08:20:21 -0500] "GET / HTTP/1.1" 200 5031 "http://nympdev.davlermedia.com/" "Mozilla/5.0 zgrab/0.x"
104.143.83.241 - - [09/Jan/2021:08:06:01 -0500] "GET / HTTP/1.1" 200 5031 "http://nympdev.davlermedia.com/" "Mozilla/5.0 zgrab/0.x"
51.158.127.119 - - [09/Jan/2021:09:48:41 -0500] "GET / HTTP/2.0" 200 5031 "-" "-"
52.162.96.33 - - [10/Jan/2021:01:31:26 -0500] "GET /wp-includes/css/css.php HTTP/1.1" 404 196 "-" "python-requests/2.25.1"
52.162.96.33 - - [10/Jan/2021:01:31:34 -0500] "GET /wp-includes/fonts/css.php HTTP/1.1" 404 196 "-" "python-requests/2.25.1"
138.246.253.24 - - [10/Jan/2021:04:49:40 -0500] "HEAD / HTTP/1.1" 200 - "-" "Mozilla/5.0 (Windows NT 6.1; Win64; x64) AppleWebKit/537.36 (KHTML, like Gecko) Chrome/40.0.2214.85 Safari/537.36"
104.143.83.241 - - [10/Jan/2021:08:07:42 -0500] "GET / HTTP/1.1" 200 5031 "http://nympdev.davlermedia.com/" "Mozilla/5.0 zgrab/0.x"
138.246.253.24 - - [10/Jan/2021:13:25:59 -0500] "HEAD / HTTP/1.1" 200 - "-" "Mozilla/5.0 (Windows NT 6.1; Win64; x64) AppleWebKit/537.36 (KHTML, like Gecko) Chrome/40.0.2214.85 Safari/537.36"
2001:4ca0:108:42::24 - - [10/Jan/2021:21:20:41 -0500] "HEAD / HTTP/1.1" 200 - "-" "Mozilla/5.0 (Windows NT 6.1; Win64; x64) AppleWebKit/537.36 (KHTML, like Gecko) Chrome/40.0.2214.85 Safari/537.36"
2001:4ca0:108:42::24 - - [11/Jan/2021:03:28:22 -0500] "HEAD / HTTP/1.1" 200 - "-" "Mozilla/5.0 (Windows NT 6.1; Win64; x64) AppleWebKit/537.36 (KHTML, like Gecko) Chrome/40.0.2214.85 Safari/537.36"
104.143.83.241 - - [11/Jan/2021:08:42:26 -0500] "GET / HTTP/1.1" 200 5031 "http://nympdev.davlermedia.com/" "Mozilla/5.0 zgrab/0.x"
2001:4ca0:108:42::24 - - [11/Jan/2021:12:17:20 -0500] "HEAD / HTTP/1.1" 200 - "-" "Mozilla/5.0 (Windows NT 6.1; Win64; x64) AppleWebKit/537.36 (KHTML, like Gecko) Chrome/40.0.2214.85 Safari/537.36"
104.143.83.241 - - [12/Jan/2021:07:07:17 -0500] "GET / HTTP/1.1" 200 5031 "http://nympdev.davlermedia.com/" "Mozilla/5.0 zgrab/0.x"
188.165.239.119 - - [13/Jan/2021:04:56:53 -0500] "GET /robots.txt HTTP/1.1" 404 196 "-" "Mozilla/5.0 (Windows NT 10.0; WOW64) AppleWebKit/537.36 (KHTML, like Gecko) Chrome/46.0.2490.80 Safari/537.36"
104.143.83.241 - - [13/Jan/2021:07:08:43 -0500] "GET / HTTP/1.1" 200 5031 "http://nympdev.davlermedia.com/" "Mozilla/5.0 zgrab/0.x"
138.246.253.24 - - [14/Jan/2021:03:10:35 -0500] "HEAD / HTTP/1.1" 200 - "-" "Mozilla/5.0 (Windows NT 6.1; Win64; x64) AppleWebKit/537.36 (KHTML, like Gecko) Chrome/40.0.2214.85 Safari/537.36"
104.143.83.241 - - [14/Jan/2021:07:06:06 -0500] "GET / HTTP/1.1" 200 5031 "http://nympdev.davlermedia.com/" "Mozilla/5.0 zgrab/0.x"
163.172.148.199 - - [14/Jan/2021:15:23:37 -0500] "GET / HTTP/1.1" 200 5031 "-" "-"
138.246.253.24 - - [14/Jan/2021:18:15:37 -0500] "HEAD / HTTP/1.1" 200 - "-" "Mozilla/5.0 (Windows NT 6.1; Win64; x64) AppleWebKit/537.36 (KHTML, like Gecko) Chrome/40.0.2214.85 Safari/537.36"
138.246.253.24 - - [14/Jan/2021:18:39:14 -0500] "HEAD / HTTP/1.1" 200 - "-" "Mozilla/5.0 (Windows NT 6.1; Win64; x64) AppleWebKit/537.36 (KHTML, like Gecko) Chrome/40.0.2214.85 Safari/537.36"
104.143.83.241 - - [15/Jan/2021:07:03:44 -0500] "GET / HTTP/2.0" 200 5031 "http://nympdev.davlermedia.com/" "Mozilla/5.0 zgrab/0.x"
62.4.29.246 - - [15/Jan/2021:09:54:59 -0500] "GET / HTTP/1.1" 200 5031 "-" "python-requests/2.25.0"
104.143.83.241 - - [16/Jan/2021:07:08:17 -0500] "GET / HTTP/1.1" 200 5031 "http://nympdev.davlermedia.com/" "Mozilla/5.0 zgrab/0.x"
104.248.186.42 - - [16/Jan/2021:17:16:47 -0500] "GET /wp-login.php HTTP/1.1" 404 16 "http://nympdev.davlermedia.com/wp-login.php" "Mozilla/5.0 (X11; Ubuntu; Linux x86_64; rv:62.0) Gecko/20100101 Firefox/62.0"
104.248.186.42 - - [16/Jan/2021:17:16:47 -0500] "GET /wp-login.php HTTP/1.1" 404 16 "http://nympdev.davlermedia.com/wp-login.php" "Mozilla/5.0 (X11; Ubuntu; Linux x86_64; rv:62.0) Gecko/20100101 Firefox/62.0"
104.248.186.42 - - [16/Jan/2021:17:16:47 -0500] "GET /wp-login.php HTTP/1.1" 404 16 "http://nympdev.davlermedia.com/wp-login.php" "Mozilla/5.0 (X11; Ubuntu; Linux x86_64; rv:62.0) Gecko/20100101 Firefox/62.0"
104.143.83.241 - - [17/Jan/2021:07:03:33 -0500] "GET / HTTP/1.1" 200 5031 "http://nympdev.davlermedia.com/" "Mozilla/5.0 zgrab/0.x"
62.210.130.222 - - [17/Jan/2021:07:47:17 -0500] "GET /.env HTTP/1.1" 404 196 "-" "python-requests/2.25.1"
157.55.39.34 - - [18/Jan/2021:00:05:24 -0500] "GET /robots.txt HTTP/1.1" 404 196 "-" "Mozilla/5.0 (compatible; bingbot/2.0; +http://www.bing.com/bingbot.htm)"
207.46.13.231 - - [18/Jan/2021:00:05:36 -0500] "GET /index.php?IX=home HTTP/1.1" 200 5031 "-" "Mozilla/5.0 (compatible; bingbot/2.0; +http://www.bing.com/bingbot.htm)"
2001:4ca0:108:42::24 - - [18/Jan/2021:03:44:59 -0500] "HEAD / HTTP/1.1" 200 - "-" "Mozilla/5.0 (Windows NT 6.1; Win64; x64) AppleWebKit/537.36 (KHTML, like Gecko) Chrome/40.0.2214.85 Safari/537.36"
2001:4ca0:108:42::24 - - [18/Jan/2021:04:55:53 -0500] "HEAD / HTTP/1.1" 200 - "-" "Mozilla/5.0 (Windows NT 6.1; Win64; x64) AppleWebKit/537.36 (KHTML, like Gecko) Chrome/40.0.2214.85 Safari/537.36"
104.143.83.241 - - [18/Jan/2021:07:02:12 -0500] "GET / HTTP/1.1" 200 5031 "http://nympdev.davlermedia.com/" "Mozilla/5.0 zgrab/0.x"
104.143.83.241 - - [19/Jan/2021:07:01:48 -0500] "GET / HTTP/1.1" 200 5031 "http://nympdev.davlermedia.com/" "Mozilla/5.0 zgrab/0.x"
104.143.83.241 - - [20/Jan/2021:07:02:05 -0500] "GET / HTTP/1.1" 200 5031 "http://nympdev.davlermedia.com/" "Mozilla/5.0 zgrab/0.x"
157.55.39.26 - - [20/Jan/2021:17:49:26 -0500] "GET /robots.txt HTTP/1.1" 404 196 "-" "Mozilla/5.0 (compatible; bingbot/2.0; +http://www.bing.com/bingbot.htm)"
13.66.139.35 - - [20/Jan/2021:17:49:29 -0500] "GET /index.php?IX=home HTTP/1.1" 200 5031 "-" "Mozilla/5.0 (compatible; bingbot/2.0; +http://www.bing.com/bingbot.htm)"
104.143.83.241 - - [21/Jan/2021:07:09:03 -0500] "GET / HTTP/2.0" 200 5031 "http://nympdev.davlermedia.com/" "Mozilla/5.0 zgrab/0.x"
40.89.156.210 - - [21/Jan/2021:20:10:27 -0500] "GET /.env HTTP/1.1" 404 196 "-" "Mozilla/5.0 (Macintosh; Intel Mac OS X 10.15; rv:77.0) Gecko/20100101 Firefox/77.0"
104.143.83.241 - - [22/Jan/2021:06:59:45 -0500] "GET / HTTP/1.1" 200 5031 "http://nympdev.davlermedia.com/" "Mozilla/5.0 zgrab/0.x"
138.246.253.24 - - [22/Jan/2021:20:04:15 -0500] "HEAD / HTTP/1.1" 200 - "-" "Mozilla/5.0 (Windows NT 6.1; Win64; x64) AppleWebKit/537.36 (KHTML, like Gecko) Chrome/40.0.2214.85 Safari/537.36"
138.246.253.24 - - [23/Jan/2021:00:14:43 -0500] "HEAD / HTTP/1.1" 200 - "-" "Mozilla/5.0 (Windows NT 6.1; Win64; x64) AppleWebKit/537.36 (KHTML, like Gecko) Chrome/40.0.2214.85 Safari/537.36"
104.143.83.241 - - [23/Jan/2021:07:00:23 -0500] "GET / HTTP/1.1" 200 5031 "http://nympdev.davlermedia.com/" "Mozilla/5.0 zgrab/0.x"
2001:4ca0:108:42::24 - - [23/Jan/2021:11:36:23 -0500] "HEAD / HTTP/1.1" 200 - "-" "Mozilla/5.0 (Windows NT 6.1; Win64; x64) AppleWebKit/537.36 (KHTML, like Gecko) Chrome/40.0.2214.85 Safari/537.36"
2001:4ca0:108:42::24 - - [23/Jan/2021:13:30:00 -0500] "HEAD / HTTP/1.1" 200 - "-" "Mozilla/5.0 (Windows NT 6.1; Win64; x64) AppleWebKit/537.36 (KHTML, like Gecko) Chrome/40.0.2214.85 Safari/537.36"
209.141.59.205 - - [23/Jan/2021:14:48:29 -0500] "GET //wp-admin/admin-ajax.php HTTP/1.1" 404 196 "-" "python-requests/2.23.0"
209.141.59.205 - - [23/Jan/2021:14:48:30 -0500] "GET //wp-zero.php HTTP/1.1" 404 16 "-" "python-requests/2.23.0"
104.143.83.241 - - [24/Jan/2021:07:03:28 -0500] "GET / HTTP/1.1" 200 5031 "http://nympdev.davlermedia.com/" "Mozilla/5.0 zgrab/0.x"
209.141.59.205 - - [24/Jan/2021:09:10:06 -0500] "GET //wp-admin/admin-ajax.php HTTP/1.1" 404 196 "-" "python-requests/2.23.0"
209.141.59.205 - - [24/Jan/2021:09:10:09 -0500] "GET //wp-zero.php HTTP/1.1" 404 16 "-" "python-requests/2.23.0"
207.46.13.246 - - [25/Jan/2021:02:46:24 -0500] "GET /robots.txt HTTP/1.1" 404 196 "-" "Mozilla/5.0 (compatible; bingbot/2.0; +http://www.bing.com/bingbot.htm)"
13.66.139.56 - - [25/Jan/2021:02:46:30 -0500] "GET /sitemap.txt HTTP/1.1" 404 196 "-" "Mozilla/5.0 (compatible; bingbot/2.0; +http://www.bing.com/bingbot.htm)"
104.143.83.241 - - [25/Jan/2021:06:57:58 -0500] "GET / HTTP/1.1" 200 5031 "http://nympdev.davlermedia.com/" "Mozilla/5.0 zgrab/0.x"
104.143.83.241 - - [26/Jan/2021:06:56:00 -0500] "GET / HTTP/1.1" 200 5031 "http://nympdev.davlermedia.com/" "Mozilla/5.0 zgrab/0.x"
13.66.139.56 - - [26/Jan/2021:09:30:11 -0500] "GET /sitemap.txt HTTP/1.1" 404 196 "-" "Mozilla/5.0 (compatible; bingbot/2.0; +http://www.bing.com/bingbot.htm)"
24.190.3.13 - - [26/Jan/2021:17:34:32 -0500] "GET /index.php?IX=locations&region=7&search_db_grid_main=410&scol_db_grid_main=1&sorder_db_grid_main=0&fcols_db_grid_main=0%2C0%2C0%2C0%2C0%2C0%2C0%2C0%2C0 HTTP/1.1" 302 - "-" "Mozilla/5.0 (iPhone; CPU iPhone OS 14_3 like Mac OS X) AppleWebKit/605.1.15 (KHTML, like Gecko) Version/14.0.2 Mobile/15E148 Safari/604.1"
24.190.3.13 - - [26/Jan/2021:17:34:32 -0500] "GET /index.php?IX=home HTTP/1.1" 200 5031 "-" "Mozilla/5.0 (iPhone; CPU iPhone OS 14_3 like Mac OS X) AppleWebKit/605.1.15 (KHTML, like Gecko) Version/14.0.2 Mobile/15E148 Safari/604.1"
24.190.3.13 - - [26/Jan/2021:17:34:32 -0500] "GET /apple-touch-icon-120x120-precomposed.png HTTP/1.1" 404 196 "-" "MobileSafari/604.1 CFNetwork/1209 Darwin/20.2.0"
24.190.3.13 - - [26/Jan/2021:17:34:33 -0500] "GET /apple-touch-icon-120x120.png HTTP/1.1" 404 196 "-" "MobileSafari/604.1 CFNetwork/1209 Darwin/20.2.0"
24.190.3.13 - - [26/Jan/2021:17:34:33 -0500] "GET /apple-touch-icon-precomposed.png HTTP/1.1" 404 196 "-" "MobileSafari/604.1 CFNetwork/1209 Darwin/20.2.0"
24.190.3.13 - - [26/Jan/2021:17:34:33 -0500] "GET /apple-touch-icon.png HTTP/1.1" 404 196 "-" "MobileSafari/604.1 CFNetwork/1209 Darwin/20.2.0"
24.190.3.13 - - [26/Jan/2021:17:34:33 -0500] "GET /favicon.ico HTTP/1.1" 404 196 "-" "MobileSafari/604.1 CFNetwork/1209 Darwin/20.2.0"
24.190.3.13 - - [26/Jan/2021:17:34:33 -0500] "GET /index.php?IX=locations&region=7&search_db_grid_main=410&scol_db_grid_main=1&sorder_db_grid_main=0&fcols_db_grid_main=0%2C0%2C0%2C0%2C0%2C0%2C0%2C0%2C0 HTTP/1.1" 302 - "-" "Mozilla/5.0 (Macintosh; Intel Mac OS X 10_11_1) AppleWebKit/601.2.4 (KHTML, like Gecko) Version/9.0.1 Safari/601.2.4 facebookexternalhit/1.1 Facebot Twitterbot/1.0"
24.190.3.13 - - [26/Jan/2021:17:34:33 -0500] "GET /index.php?IX=locations&region=7&search_db_grid_main=410&scol_db_grid_main=1&sorder_db_grid_main=0&fcols_db_grid_main=0%2C0%2C0%2C0%2C0%2C0%2C0%2C0%2C0 HTTP/1.1" 302 - "-" "Mozilla/5.0 (iPhone; CPU iPhone OS 14_3 like Mac OS X) AppleWebKit/605.1.15 (KHTML, like Gecko) Version/14.0.2 Mobile/15E148 Safari/604.1"
24.190.3.13 - - [26/Jan/2021:17:34:33 -0500] "GET /index.php?IX=home HTTP/2.0" 200 5031 "-" "Mozilla/5.0 (Macintosh; Intel Mac OS X 10_11_1) AppleWebKit/601.2.4 (KHTML, like Gecko) Version/9.0.1 Safari/601.2.4 facebookexternalhit/1.1 Facebot Twitterbot/1.0"
24.190.3.13 - - [26/Jan/2021:17:34:33 -0500] "GET /index.php?IX=home HTTP/1.1" 200 5031 "-" "Mozilla/5.0 (iPhone; CPU iPhone OS 14_3 like Mac OS X) AppleWebKit/605.1.15 (KHTML, like Gecko) Version/14.0.2 Mobile/15E148 Safari/604.1"
24.190.3.13 - - [26/Jan/2021:17:34:35 -0500] "GET /index.php?IX=locations&region=7&search_db_grid_main=410&scol_db_grid_main=1&sorder_db_grid_main=0&fcols_db_grid_main=0%2C0%2C0%2C0%2C0%2C0%2C0%2C0%2C0 HTTP/1.1" 302 - "-" "Mozilla/5.0 (iPhone; CPU iPhone OS 14_3 like Mac OS X) AppleWebKit/605.1.15 (KHTML, like Gecko) Version/14.0.2 Mobile/15E148 Safari/604.1"
24.190.3.13 - - [26/Jan/2021:17:34:35 -0500] "GET /index.php?IX=home HTTP/1.1" 200 5031 "-" "Mozilla/5.0 (iPhone; CPU iPhone OS 14_3 like Mac OS X) AppleWebKit/605.1.15 (KHTML, like Gecko) Version/14.0.2 Mobile/15E148 Safari/604.1"
24.190.3.13 - - [26/Jan/2021:17:34:35 -0500] "GET /css/main_mobile.css?ver=1456734643 HTTP/1.1" 200 2351 "https://nympdev.davlermedia.com/index.php?IX=home" "Mozilla/5.0 (iPhone; CPU iPhone OS 14_3 like Mac OS X) AppleWebKit/605.1.15 (KHTML, like Gecko) Version/14.0.2 Mobile/15E148 Safari/604.1"
24.190.3.13 - - [26/Jan/2021:17:34:35 -0500] "GET /css/datePicker.css?ver=1454105334 HTTP/1.1" 200 2415 "https://nympdev.davlermedia.com/index.php?IX=home" "Mozilla/5.0 (iPhone; CPU iPhone OS 14_3 like Mac OS X) AppleWebKit/605.1.15 (KHTML, like Gecko) Version/14.0.2 Mobile/15E148 Safari/604.1"
24.190.3.13 - - [26/Jan/2021:17:34:35 -0500] "GET /css/slicknav.min.css?ver=1454616447 HTTP/1.1" 200 2353 "https://nympdev.davlermedia.com/index.php?IX=home" "Mozilla/5.0 (iPhone; CPU iPhone OS 14_3 like Mac OS X) AppleWebKit/605.1.15 (KHTML, like Gecko) Version/14.0.2 Mobile/15E148 Safari/604.1"
24.190.3.13 - - [26/Jan/2021:17:34:35 -0500] "GET /css/main.css?ver=1515980047 HTTP/1.1" 200 35855 "https://nympdev.davlermedia.com/index.php?IX=home" "Mozilla/5.0 (iPhone; CPU iPhone OS 14_3 like Mac OS X) AppleWebKit/605.1.15 (KHTML, like Gecko) Version/14.0.2 Mobile/15E148 Safari/604.1"
24.190.3.13 - - [26/Jan/2021:17:34:35 -0500] "GET /js/jquery.form.js?ver=1454606622 HTTP/1.1" 200 39396 "https://nympdev.davlermedia.com/index.php?IX=home" "Mozilla/5.0 (iPhone; CPU iPhone OS 14_3 like Mac OS X) AppleWebKit/605.1.15 (KHTML, like Gecko) Version/14.0.2 Mobile/15E148 Safari/604.1"
24.190.3.13 - - [26/Jan/2021:17:34:35 -0500] "GET /js/jquery.slicknav.min.js?ver=1454616436 HTTP/1.1" 200 6665 "https://nympdev.davlermedia.com/index.php?IX=home" "Mozilla/5.0 (iPhone; CPU iPhone OS 14_3 like Mac OS X) AppleWebKit/605.1.15 (KHTML, like Gecko) Version/14.0.2 Mobile/15E148 Safari/604.1"
24.190.3.13 - - [26/Jan/2021:17:34:35 -0500] "GET /img/close_icon.png HTTP/1.1" 404 196 "https://nympdev.davlermedia.com/index.php?IX=home" "Mozilla/5.0 (iPhone; CPU iPhone OS 14_3 like Mac OS X) AppleWebKit/605.1.15 (KHTML, like Gecko) Version/14.0.2 Mobile/15E148 Safari/604.1"
24.190.3.13 - - [26/Jan/2021:17:34:35 -0500] "GET /img/loading.gif HTTP/1.1" 404 196 "https://nympdev.davlermedia.com/index.php?IX=home" "Mozilla/5.0 (iPhone; CPU iPhone OS 14_3 like Mac OS X) AppleWebKit/605.1.15 (KHTML, like Gecko) Version/14.0.2 Mobile/15E148 Safari/604.1"
24.190.3.13 - - [26/Jan/2021:17:34:35 -0500] "GET /js/date.js?ver=1454606615 HTTP/1.1" 200 12767 "https://nympdev.davlermedia.com/index.php?IX=home" "Mozilla/5.0 (iPhone; CPU iPhone OS 14_3 like Mac OS X) AppleWebKit/605.1.15 (KHTML, like Gecko) Version/14.0.2 Mobile/15E148 Safari/604.1"
