82.165.117.55 - - [22/May/2021:17:09:03 -0400] "GET /wp-content/db-cache.php HTTP/1.1" 404 196 "-" "python-requests/2.25.1"
82.165.117.55 - - [22/May/2021:17:09:04 -0400] "POST /wp-content/db-cache.php HTTP/1.1" 404 196 "-" "python-requests/2.25.1"
134.209.157.198 - - [22/May/2021:17:16:18 -0400] "GET /wp-login.php HTTP/1.1" 404 16 "http://nympdev.davlermedia.com/wp-login.php" "Mozilla/5.0 (X11; Ubuntu; Linux x86_64; rv:62.0) Gecko/20100101 Firefox/62.0"
212.227.210.241 - - [23/May/2021:07:13:58 -0400] "GET /index.php?3x=3x HTTP/1.1" 200 5031 "-" "python-requests/2.25.1"
104.143.83.241 - - [23/May/2021:10:42:32 -0400] "GET / HTTP/1.1" 200 5031 "http://nympdev.davlermedia.com/" "Mozilla/5.0 zgrab/0.x"
2001:4ca0:108:42::15 - - [23/May/2021:14:04:44 -0400] "HEAD / HTTP/1.1" 200 - "-" "quic-go-HTTP/3"
104.143.83.241 - - [24/May/2021:10:39:06 -0400] "GET / HTTP/1.1" 200 5031 "http://nympdev.davlermedia.com/" "Mozilla/5.0 zgrab/0.x"
54.178.182.46 - - [25/May/2021:01:04:18 -0400] "GET / HTTP/1.1" 200 5031 "-" "Mozilla/5.0 (Windows NT 6.3; WOW64) AppleWebKit/537.36 (KHTML, like Gecko) Chrome/41.0.2226.0 Safari/537.36"
54.178.182.46 - - [25/May/2021:01:04:19 -0400] "GET /wp-login.php HTTP/1.1" 404 16 "-" "Mozilla/5.0 (Windows NT 6.3; WOW64) AppleWebKit/537.36 (KHTML, like Gecko) Chrome/41.0.2226.0 Safari/537.36"
54.178.182.46 - - [25/May/2021:01:04:20 -0400] "GET /wordpress/wp-login.php HTTP/1.1" 404 196 "-" "Mozilla/5.0 (Windows NT 6.3; WOW64) AppleWebKit/537.36 (KHTML, like Gecko) Chrome/41.0.2226.0 Safari/537.36"
54.178.182.46 - - [25/May/2021:01:04:21 -0400] "GET /blog/wp-login.php HTTP/1.1" 404 196 "-" "Mozilla/5.0 (Windows NT 6.3; WOW64) AppleWebKit/537.36 (KHTML, like Gecko) Chrome/41.0.2226.0 Safari/537.36"
54.178.182.46 - - [25/May/2021:01:04:22 -0400] "GET /wp/wp-login.php HTTP/1.1" 404 196 "-" "Mozilla/5.0 (Windows NT 6.3; WOW64) AppleWebKit/537.36 (KHTML, like Gecko) Chrome/41.0.2226.0 Safari/537.36"
104.143.83.241 - - [25/May/2021:10:39:46 -0400] "GET / HTTP/1.1" 200 5031 "http://nympdev.davlermedia.com/" "Mozilla/5.0 zgrab/0.x"
129.146.40.2 - - [26/May/2021:11:23:34 -0400] "GET / HTTP/1.1" 200 5031 "-" "Mozilla/5.0 (Windows NT 10.0; Win64; x64) AppleWebKit/537.36 (KHTML, like Gecko) Chrome/78.0.3904.108 Safari/537.36"
129.146.40.2 - - [26/May/2021:11:23:34 -0400] "GET //wp-includes/wlwmanifest.xml HTTP/1.1" 404 196 "-" "Mozilla/5.0 (Windows NT 10.0; Win64; x64) AppleWebKit/537.36 (KHTML, like Gecko) Chrome/78.0.3904.108 Safari/537.36"
129.146.40.2 - - [26/May/2021:11:23:35 -0400] "GET //xmlrpc.php?rsd HTTP/1.1" 404 16 "-" "Mozilla/5.0 (Windows NT 10.0; Win64; x64) AppleWebKit/537.36 (KHTML, like Gecko) Chrome/78.0.3904.108 Safari/537.36"
129.146.40.2 - - [26/May/2021:11:23:35 -0400] "GET / HTTP/1.1" 200 5031 "-" "Mozilla/5.0 (Windows NT 10.0; Win64; x64) AppleWebKit/537.36 (KHTML, like Gecko) Chrome/78.0.3904.108 Safari/537.36"
129.146.40.2 - - [26/May/2021:11:23:35 -0400] "GET //blog/wp-includes/wlwmanifest.xml HTTP/1.1" 404 196 "-" "Mozilla/5.0 (Windows NT 10.0; Win64; x64) AppleWebKit/537.36 (KHTML, like Gecko) Chrome/78.0.3904.108 Safari/537.36"
129.146.40.2 - - [26/May/2021:11:23:35 -0400] "GET //web/wp-includes/wlwmanifest.xml HTTP/1.1" 404 196 "-" "Mozilla/5.0 (Windows NT 10.0; Win64; x64) AppleWebKit/537.36 (KHTML, like Gecko) Chrome/78.0.3904.108 Safari/537.36"
129.146.40.2 - - [26/May/2021:11:23:35 -0400] "GET //wordpress/wp-includes/wlwmanifest.xml HTTP/1.1" 404 196 "-" "Mozilla/5.0 (Windows NT 10.0; Win64; x64) AppleWebKit/537.36 (KHTML, like Gecko) Chrome/78.0.3904.108 Safari/537.36"
129.146.40.2 - - [26/May/2021:11:23:36 -0400] "GET //website/wp-includes/wlwmanifest.xml HTTP/1.1" 404 196 "-" "Mozilla/5.0 (Windows NT 10.0; Win64; x64) AppleWebKit/537.36 (KHTML, like Gecko) Chrome/78.0.3904.108 Safari/537.36"
129.146.40.2 - - [26/May/2021:11:23:36 -0400] "GET //wp/wp-includes/wlwmanifest.xml HTTP/1.1" 404 196 "-" "Mozilla/5.0 (Windows NT 10.0; Win64; x64) AppleWebKit/537.36 (KHTML, like Gecko) Chrome/78.0.3904.108 Safari/537.36"
129.146.40.2 - - [26/May/2021:11:23:36 -0400] "GET //news/wp-includes/wlwmanifest.xml HTTP/1.1" 404 196 "-" "Mozilla/5.0 (Windows NT 10.0; Win64; x64) AppleWebKit/537.36 (KHTML, like Gecko) Chrome/78.0.3904.108 Safari/537.36"
129.146.40.2 - - [26/May/2021:11:23:36 -0400] "GET //2018/wp-includes/wlwmanifest.xml HTTP/1.1" 404 196 "-" "Mozilla/5.0 (Windows NT 10.0; Win64; x64) AppleWebKit/537.36 (KHTML, like Gecko) Chrome/78.0.3904.108 Safari/537.36"
129.146.40.2 - - [26/May/2021:11:23:37 -0400] "GET //2019/wp-includes/wlwmanifest.xml HTTP/1.1" 404 196 "-" "Mozilla/5.0 (Windows NT 10.0; Win64; x64) AppleWebKit/537.36 (KHTML, like Gecko) Chrome/78.0.3904.108 Safari/537.36"
129.146.40.2 - - [26/May/2021:11:23:37 -0400] "GET //shop/wp-includes/wlwmanifest.xml HTTP/1.1" 404 196 "-" "Mozilla/5.0 (Windows NT 10.0; Win64; x64) AppleWebKit/537.36 (KHTML, like Gecko) Chrome/78.0.3904.108 Safari/537.36"
129.146.40.2 - - [26/May/2021:11:23:37 -0400] "GET //wp1/wp-includes/wlwmanifest.xml HTTP/1.1" 404 196 "-" "Mozilla/5.0 (Windows NT 10.0; Win64; x64) AppleWebKit/537.36 (KHTML, like Gecko) Chrome/78.0.3904.108 Safari/537.36"
129.146.40.2 - - [26/May/2021:11:23:37 -0400] "GET //test/wp-includes/wlwmanifest.xml HTTP/1.1" 404 196 "-" "Mozilla/5.0 (Windows NT 10.0; Win64; x64) AppleWebKit/537.36 (KHTML, like Gecko) Chrome/78.0.3904.108 Safari/537.36"
129.146.40.2 - - [26/May/2021:11:23:37 -0400] "GET //media/wp-includes/wlwmanifest.xml HTTP/1.1" 404 196 "-" "Mozilla/5.0 (Windows NT 10.0; Win64; x64) AppleWebKit/537.36 (KHTML, like Gecko) Chrome/78.0.3904.108 Safari/537.36"
129.146.40.2 - - [26/May/2021:11:23:38 -0400] "GET //wp2/wp-includes/wlwmanifest.xml HTTP/1.1" 404 196 "-" "Mozilla/5.0 (Windows NT 10.0; Win64; x64) AppleWebKit/537.36 (KHTML, like Gecko) Chrome/78.0.3904.108 Safari/537.36"
129.146.40.2 - - [26/May/2021:11:23:38 -0400] "GET //site/wp-includes/wlwmanifest.xml HTTP/1.1" 404 196 "-" "Mozilla/5.0 (Windows NT 10.0; Win64; x64) AppleWebKit/537.36 (KHTML, like Gecko) Chrome/78.0.3904.108 Safari/537.36"
129.146.40.2 - - [26/May/2021:11:23:38 -0400] "GET //cms/wp-includes/wlwmanifest.xml HTTP/1.1" 404 196 "-" "Mozilla/5.0 (Windows NT 10.0; Win64; x64) AppleWebKit/537.36 (KHTML, like Gecko) Chrome/78.0.3904.108 Safari/537.36"
129.146.40.2 - - [26/May/2021:11:23:38 -0400] "GET //sito/wp-includes/wlwmanifest.xml HTTP/1.1" 404 196 "-" "Mozilla/5.0 (Windows NT 10.0; Win64; x64) AppleWebKit/537.36 (KHTML, like Gecko) Chrome/78.0.3904.108 Safari/537.36"
107.150.63.170 - - [26/May/2021:21:57:24 -0400] "GET // HTTP/1.1" 200 5031 "http://www.google.com.hk" "Mozilla/5.0 (Windows NT 6.1; WOW64) AppleWebKit/537.36 (KHTML, like Gecko) Chrome/42.0.2311.90 Safari/537.36"
138.246.253.24 - - [26/May/2021:22:16:20 -0400] "HEAD / HTTP/1.1" 200 - "-" "Mozilla/5.0 (Windows NT 10.0; Win64; x64) AppleWebKit/537.36 (KHTML, like Gecko) Chrome/88.0.4324.146 Safari/537.36"
54.178.182.46 - - [27/May/2021:05:55:40 -0400] "GET / HTTP/1.1" 200 5031 "-" "Mozilla/5.0 (Windows NT 6.2; Win64; x64) AppleWebKit/537.36 (KHTML, like Gecko) Chrome/32.0.1667.0 Safari/537.36"
54.178.182.46 - - [27/May/2021:05:55:42 -0400] "GET /wp-login.php HTTP/1.1" 404 16 "-" "Mozilla/5.0 (Windows NT 6.2; Win64; x64) AppleWebKit/537.36 (KHTML, like Gecko) Chrome/32.0.1667.0 Safari/537.36"
54.178.182.46 - - [27/May/2021:05:55:42 -0400] "GET /wordpress/wp-login.php HTTP/1.1" 404 196 "-" "Mozilla/5.0 (Windows NT 6.2; Win64; x64) AppleWebKit/537.36 (KHTML, like Gecko) Chrome/32.0.1667.0 Safari/537.36"
54.178.182.46 - - [27/May/2021:05:55:43 -0400] "GET /blog/wp-login.php HTTP/1.1" 404 196 "-" "Mozilla/5.0 (Windows NT 6.2; Win64; x64) AppleWebKit/537.36 (KHTML, like Gecko) Chrome/32.0.1667.0 Safari/537.36"
54.178.182.46 - - [27/May/2021:05:55:44 -0400] "GET /wp/wp-login.php HTTP/1.1" 404 196 "-" "Mozilla/5.0 (Windows NT 6.2; Win64; x64) AppleWebKit/537.36 (KHTML, like Gecko) Chrome/32.0.1667.0 Safari/537.36"
104.143.83.241 - - [27/May/2021:10:37:34 -0400] "GET / HTTP/1.1" 200 5031 "http://nympdev.davlermedia.com/" "Mozilla/5.0 zgrab/0.x"
138.246.253.24 - - [27/May/2021:17:40:27 -0400] "HEAD / HTTP/1.1" 200 - "-" "Mozilla/5.0 (Windows NT 10.0; Win64; x64) AppleWebKit/537.36 (KHTML, like Gecko) Chrome/88.0.4324.146 Safari/537.36"
2a05:d016:234:e300:97d4:4b79:6d74:26b3 - - [28/May/2021:00:20:23 -0400] "GET / HTTP/1.1" 200 5031 "-" "python-requests/2.25.1"
212.192.241.169 - - [28/May/2021:04:38:55 -0400] "GET /wp-content/wp-1ogin_bak.php HTTP/1.1" 404 196 "-" "python-requests/2.25.1"
212.192.241.169 - - [28/May/2021:04:39:16 -0400] "GET /wp-content/wp-1ogin_bak.php HTTP/1.1" 404 196 "-" "python-requests/2.25.1"
104.143.83.241 - - [28/May/2021:10:39:25 -0400] "GET / HTTP/1.1" 200 5031 "http://nympdev.davlermedia.com/" "Mozilla/5.0 zgrab/0.x"
64.225.16.11 - - [28/May/2021:20:37:10 -0400] "GET /wp-login.php HTTP/1.1" 404 16 "http://nympdev.davlermedia.com/wp-login.php" "Mozilla/5.0 (X11; Ubuntu; Linux x86_64; rv:62.0) Gecko/20100101 Firefox/62.0"
64.225.16.11 - - [28/May/2021:20:37:10 -0400] "GET /wp-login.php HTTP/1.1" 404 16 "http://nympdev.davlermedia.com/wp-login.php" "Mozilla/5.0 (X11; Ubuntu; Linux x86_64; rv:62.0) Gecko/20100101 Firefox/62.0"
2001:4ca0:108:42::24 - - [29/May/2021:08:38:29 -0400] "HEAD / HTTP/1.1" 200 - "-" "Mozilla/5.0 (Windows NT 10.0; Win64; x64) AppleWebKit/537.36 (KHTML, like Gecko) Chrome/88.0.4324.146 Safari/537.36"
2001:4ca0:108:42::24 - - [29/May/2021:08:59:50 -0400] "HEAD / HTTP/1.1" 200 - "-" "Mozilla/5.0 (Windows NT 10.0; Win64; x64) AppleWebKit/537.36 (KHTML, like Gecko) Chrome/88.0.4324.146 Safari/537.36"
104.143.83.241 - - [29/May/2021:10:38:48 -0400] "GET / HTTP/1.1" 200 5031 "http://nympdev.davlermedia.com/" "Mozilla/5.0 zgrab/0.x"
52.65.15.196 - - [29/May/2021:23:58:41 -0400] "GET / HTTP/1.1" 200 5031 "-" "Mozilla/5.0 (Macintosh; Intel Mac OS X 10_10_1) AppleWebKit/537.36 (KHTML, like Gecko) Chrome/37.0.2062.124 Safari/537.36"
52.65.15.196 - - [29/May/2021:23:58:43 -0400] "GET /wp-login.php HTTP/1.1" 404 16 "-" "Mozilla/5.0 (Macintosh; Intel Mac OS X 10_10_1) AppleWebKit/537.36 (KHTML, like Gecko) Chrome/37.0.2062.124 Safari/537.36"
52.65.15.196 - - [29/May/2021:23:58:45 -0400] "GET /wordpress/wp-login.php HTTP/1.1" 404 196 "-" "Mozilla/5.0 (Macintosh; Intel Mac OS X 10_10_1) AppleWebKit/537.36 (KHTML, like Gecko) Chrome/37.0.2062.124 Safari/537.36"
52.65.15.196 - - [29/May/2021:23:58:46 -0400] "GET /blog/wp-login.php HTTP/1.1" 404 196 "-" "Mozilla/5.0 (Macintosh; Intel Mac OS X 10_10_1) AppleWebKit/537.36 (KHTML, like Gecko) Chrome/37.0.2062.124 Safari/537.36"
52.65.15.196 - - [29/May/2021:23:58:48 -0400] "GET /wp/wp-login.php HTTP/1.1" 404 196 "-" "Mozilla/5.0 (Macintosh; Intel Mac OS X 10_10_1) AppleWebKit/537.36 (KHTML, like Gecko) Chrome/37.0.2062.124 Safari/537.36"
193.176.85.104 - - [30/May/2021:06:08:15 -0400] "GET /phpmyadmin/ HTTP/1.1" 404 196 "-" "Mozilla/5.0 (Windows NT 10.0; Win64; x64)"
193.176.85.104 - - [30/May/2021:06:08:18 -0400] "GET /phpMyAdmin/ HTTP/1.1" 404 196 "-" "Mozilla/5.0 (Windows NT 10.0; Win64; x64)"
193.176.85.104 - - [30/May/2021:06:08:20 -0400] "GET /pma/ HTTP/1.1" 404 196 "-" "Mozilla/5.0 (Windows NT 10.0; Win64; x64)"
193.176.85.104 - - [30/May/2021:06:08:23 -0400] "GET /myadmin/ HTTP/1.1" 404 196 "-" "Mozilla/5.0 (Windows NT 10.0; Win64; x64)"
193.176.85.104 - - [30/May/2021:06:08:27 -0400] "GET /sql/ HTTP/1.1" 404 196 "-" "Mozilla/5.0 (Windows NT 10.0; Win64; x64)"
193.176.85.104 - - [30/May/2021:06:08:30 -0400] "GET /mysql/ HTTP/1.1" 404 196 "-" "Mozilla/5.0 (Windows NT 10.0; Win64; x64)"
193.176.85.104 - - [30/May/2021:06:08:33 -0400] "GET /mysqladmin/ HTTP/1.1" 404 196 "-" "Mozilla/5.0 (Windows NT 10.0; Win64; x64)"
193.176.85.104 - - [30/May/2021:06:08:35 -0400] "GET /db/ HTTP/1.1" 404 196 "-" "Mozilla/5.0 (Windows NT 10.0; Win64; x64)"
193.176.85.104 - - [30/May/2021:06:08:38 -0400] "GET /database/ HTTP/1.1" 404 196 "-" "Mozilla/5.0 (Windows NT 10.0; Win64; x64)"
193.176.85.104 - - [30/May/2021:06:08:41 -0400] "GET /adminer.php HTTP/1.1" 404 16 "-" "Mozilla/5.0 (Windows NT 10.0; Win64; x64)"
193.176.85.104 - - [30/May/2021:06:08:44 -0400] "GET /sql.php HTTP/1.1" 404 16 "-" "Mozilla/5.0 (Windows NT 10.0; Win64; x64)"
40.77.167.44 - - [30/May/2021:07:12:00 -0400] "GET /robots.txt HTTP/1.1" 404 196 "-" "Mozilla/5.0 (compatible; bingbot/2.0; +http://www.bing.com/bingbot.htm)"
157.55.39.20 - - [30/May/2021:07:12:10 -0400] "GET /index.php?IX=home HTTP/1.1" 200 5031 "-" "Mozilla/5.0 (compatible; bingbot/2.0; +http://www.bing.com/bingbot.htm)"
35.238.221.48 - - [30/May/2021:09:27:53 -0400] "GET / HTTP/1.1" 200 5031 "http://nympdev.davlermedia.com" "Mozilla/5.0 (Windows NT 6.1; rv:57.0) Gecko/20100101 Firefox/57.0"
104.143.83.241 - - [30/May/2021:10:39:31 -0400] "GET / HTTP/1.1" 200 5031 "http://nympdev.davlermedia.com/" "Mozilla/5.0 zgrab/0.x"
35.238.221.48 - - [30/May/2021:18:00:32 -0400] "GET / HTTP/1.1" 200 5031 "-" "Mozilla/5.0 (Linux; Android 5.1.1; SM-J111F) AppleWebKit/537.36 (KHTML, like Gecko) Chrome/73.0.3683.90 Mobile Safari/537.36"
35.238.221.48 - - [30/May/2021:18:00:32 -0400] "GET /blog/ HTTP/1.1" 404 196 "-" "Mozilla/5.0 (Linux; Android 5.1.1; SM-J111F) AppleWebKit/537.36 (KHTML, like Gecko) Chrome/73.0.3683.90 Mobile Safari/537.36"
35.238.221.48 - - [30/May/2021:18:00:33 -0400] "GET /wp/ HTTP/1.1" 404 196 "-" "Mozilla/5.0 (Linux; Android 5.1.1; SM-J111F) AppleWebKit/537.36 (KHTML, like Gecko) Chrome/73.0.3683.90 Mobile Safari/537.36"
35.238.221.48 - - [30/May/2021:18:00:33 -0400] "GET /wordpress/ HTTP/1.1" 404 196 "-" "Mozilla/5.0 (Linux; Android 5.1.1; SM-J111F) AppleWebKit/537.36 (KHTML, like Gecko) Chrome/73.0.3683.90 Mobile Safari/537.36"
35.238.221.48 - - [30/May/2021:18:00:33 -0400] "GET /new/ HTTP/1.1" 404 196 "-" "Mozilla/5.0 (Linux; Android 5.1.1; SM-J111F) AppleWebKit/537.36 (KHTML, like Gecko) Chrome/73.0.3683.90 Mobile Safari/537.36"
35.238.221.48 - - [30/May/2021:18:00:33 -0400] "GET /old/ HTTP/1.1" 404 196 "-" "Mozilla/5.0 (Linux; Android 5.1.1; SM-J111F) AppleWebKit/537.36 (KHTML, like Gecko) Chrome/73.0.3683.90 Mobile Safari/537.36"
35.238.221.48 - - [30/May/2021:18:00:33 -0400] "GET /test/ HTTP/1.1" 404 196 "-" "Mozilla/5.0 (Linux; Android 5.1.1; SM-J111F) AppleWebKit/537.36 (KHTML, like Gecko) Chrome/73.0.3683.90 Mobile Safari/537.36"
35.238.221.48 - - [30/May/2021:18:00:33 -0400] "GET /main/ HTTP/1.1" 404 196 "-" "Mozilla/5.0 (Linux; Android 5.1.1; SM-J111F) AppleWebKit/537.36 (KHTML, like Gecko) Chrome/73.0.3683.90 Mobile Safari/537.36"
35.238.221.48 - - [30/May/2021:18:00:33 -0400] "GET /site/ HTTP/1.1" 404 196 "-" "Mozilla/5.0 (Linux; Android 5.1.1; SM-J111F) AppleWebKit/537.36 (KHTML, like Gecko) Chrome/73.0.3683.90 Mobile Safari/537.36"
35.238.221.48 - - [30/May/2021:18:00:33 -0400] "GET /backup/ HTTP/1.1" 404 196 "-" "Mozilla/5.0 (Linux; Android 5.1.1; SM-J111F) AppleWebKit/537.36 (KHTML, like Gecko) Chrome/73.0.3683.90 Mobile Safari/537.36"
35.238.221.48 - - [30/May/2021:18:00:34 -0400] "GET /demo/ HTTP/1.1" 404 196 "-" "Mozilla/5.0 (Linux; Android 5.1.1; SM-J111F) AppleWebKit/537.36 (KHTML, like Gecko) Chrome/73.0.3683.90 Mobile Safari/537.36"
35.238.221.48 - - [30/May/2021:18:00:34 -0400] "GET /home/ HTTP/1.1" 404 196 "-" "Mozilla/5.0 (Linux; Android 5.1.1; SM-J111F) AppleWebKit/537.36 (KHTML, like Gecko) Chrome/73.0.3683.90 Mobile Safari/537.36"
35.238.221.48 - - [30/May/2021:18:00:34 -0400] "GET /tmp/ HTTP/1.1" 404 196 "-" "Mozilla/5.0 (Linux; Android 5.1.1; SM-J111F) AppleWebKit/537.36 (KHTML, like Gecko) Chrome/73.0.3683.90 Mobile Safari/537.36"
35.238.221.48 - - [30/May/2021:18:00:34 -0400] "GET /cms/ HTTP/1.1" 404 196 "-" "Mozilla/5.0 (Linux; Android 5.1.1; SM-J111F) AppleWebKit/537.36 (KHTML, like Gecko) Chrome/73.0.3683.90 Mobile Safari/537.36"
35.238.221.48 - - [30/May/2021:18:00:34 -0400] "GET /dev/ HTTP/1.1" 404 196 "-" "Mozilla/5.0 (Linux; Android 5.1.1; SM-J111F) AppleWebKit/537.36 (KHTML, like Gecko) Chrome/73.0.3683.90 Mobile Safari/537.36"
35.238.221.48 - - [30/May/2021:18:00:34 -0400] "GET /old-wp/ HTTP/1.1" 404 196 "-" "Mozilla/5.0 (Linux; Android 5.1.1; SM-J111F) AppleWebKit/537.36 (KHTML, like Gecko) Chrome/73.0.3683.90 Mobile Safari/537.36"
35.238.221.48 - - [30/May/2021:18:00:34 -0400] "GET /web/ HTTP/1.1" 404 196 "-" "Mozilla/5.0 (Linux; Android 5.1.1; SM-J111F) AppleWebKit/537.36 (KHTML, like Gecko) Chrome/73.0.3683.90 Mobile Safari/537.36"
35.238.221.48 - - [30/May/2021:18:00:35 -0400] "GET /old-site/ HTTP/1.1" 404 196 "-" "Mozilla/5.0 (Linux; Android 5.1.1; SM-J111F) AppleWebKit/537.36 (KHTML, like Gecko) Chrome/73.0.3683.90 Mobile Safari/537.36"
35.238.221.48 - - [30/May/2021:18:00:35 -0400] "GET /temp/ HTTP/1.1" 404 196 "-" "Mozilla/5.0 (Linux; Android 5.1.1; SM-J111F) AppleWebKit/537.36 (KHTML, like Gecko) Chrome/73.0.3683.90 Mobile Safari/537.36"
35.238.221.48 - - [30/May/2021:18:00:35 -0400] "GET /2018/ HTTP/1.1" 404 196 "-" "Mozilla/5.0 (Linux; Android 5.1.1; SM-J111F) AppleWebKit/537.36 (KHTML, like Gecko) Chrome/73.0.3683.90 Mobile Safari/537.36"
35.238.221.48 - - [30/May/2021:18:00:35 -0400] "GET /2019/ HTTP/1.1" 404 196 "-" "Mozilla/5.0 (Linux; Android 5.1.1; SM-J111F) AppleWebKit/537.36 (KHTML, like Gecko) Chrome/73.0.3683.90 Mobile Safari/537.36"
35.238.221.48 - - [30/May/2021:18:00:35 -0400] "GET /bk/ HTTP/1.1" 404 196 "-" "Mozilla/5.0 (Linux; Android 5.1.1; SM-J111F) AppleWebKit/537.36 (KHTML, like Gecko) Chrome/73.0.3683.90 Mobile Safari/537.36"
35.238.221.48 - - [30/May/2021:18:00:35 -0400] "GET /wp1/ HTTP/2.0" 404 196 "-" "Mozilla/5.0 (Linux; Android 5.1.1; SM-J111F) AppleWebKit/537.36 (KHTML, like Gecko) Chrome/73.0.3683.90 Mobile Safari/537.36"
35.238.221.48 - - [30/May/2021:18:00:35 -0400] "GET /wp2/ HTTP/1.1" 404 196 "-" "Mozilla/5.0 (Linux; Android 5.1.1; SM-J111F) AppleWebKit/537.36 (KHTML, like Gecko) Chrome/73.0.3683.90 Mobile Safari/537.36"
35.238.221.48 - - [30/May/2021:18:00:35 -0400] "GET /v1/ HTTP/1.1" 404 196 "-" "Mozilla/5.0 (Linux; Android 5.1.1; SM-J111F) AppleWebKit/537.36 (KHTML, like Gecko) Chrome/73.0.3683.90 Mobile Safari/537.36"
35.238.221.48 - - [30/May/2021:18:00:36 -0400] "GET /v2/ HTTP/1.1" 404 196 "-" "Mozilla/5.0 (Linux; Android 5.1.1; SM-J111F) AppleWebKit/537.36 (KHTML, like Gecko) Chrome/73.0.3683.90 Mobile Safari/537.36"
35.238.221.48 - - [30/May/2021:18:00:36 -0400] "GET /bak/ HTTP/1.1" 404 196 "-" "Mozilla/5.0 (Linux; Android 5.1.1; SM-J111F) AppleWebKit/537.36 (KHTML, like Gecko) Chrome/73.0.3683.90 Mobile Safari/537.36"
35.238.221.48 - - [30/May/2021:18:00:36 -0400] "GET /install/ HTTP/1.1" 404 196 "-" "Mozilla/5.0 (Linux; Android 5.1.1; SM-J111F) AppleWebKit/537.36 (KHTML, like Gecko) Chrome/73.0.3683.90 Mobile Safari/537.36"
35.238.221.48 - - [30/May/2021:18:00:36 -0400] "GET /2020/ HTTP/1.1" 404 196 "-" "Mozilla/5.0 (Linux; Android 5.1.1; SM-J111F) AppleWebKit/537.36 (KHTML, like Gecko) Chrome/73.0.3683.90 Mobile Safari/537.36"
35.238.221.48 - - [30/May/2021:18:00:36 -0400] "GET /new-site/ HTTP/1.1" 404 196 "-" "Mozilla/5.0 (Linux; Android 5.1.1; SM-J111F) AppleWebKit/537.36 (KHTML, like Gecko) Chrome/73.0.3683.90 Mobile Safari/537.36"
5.62.62.71 - - [31/May/2021:01:36:20 -0400] "GET / HTTP/1.1" 200 5031 "-" "Mozilla/5.0 (Windows NT 10.0; Win64; x64) AppleWebKit/537.36 (KHTML, like Gecko) Chrome/88.0.4240.193 Safari/537.36"
5.62.62.71 - - [31/May/2021:01:36:21 -0400] "GET //wp-includes/wlwmanifest.xml HTTP/1.1" 404 196 "-" "Mozilla/5.0 (Windows NT 10.0; Win64; x64) AppleWebKit/537.36 (KHTML, like Gecko) Chrome/88.0.4240.193 Safari/537.36"
5.62.62.71 - - [31/May/2021:01:36:21 -0400] "GET //xmlrpc.php?rsd HTTP/1.1" 404 16 "-" "Mozilla/5.0 (Windows NT 10.0; Win64; x64) AppleWebKit/537.36 (KHTML, like Gecko) Chrome/88.0.4240.193 Safari/537.36"
5.62.62.71 - - [31/May/2021:01:36:22 -0400] "GET / HTTP/1.1" 200 5031 "-" "Mozilla/5.0 (Windows NT 10.0; Win64; x64) AppleWebKit/537.36 (KHTML, like Gecko) Chrome/88.0.4240.193 Safari/537.36"
5.62.62.71 - - [31/May/2021:01:36:22 -0400] "GET //blog/wp-includes/wlwmanifest.xml HTTP/1.1" 404 196 "-" "Mozilla/5.0 (Windows NT 10.0; Win64; x64) AppleWebKit/537.36 (KHTML, like Gecko) Chrome/88.0.4240.193 Safari/537.36"
5.62.62.71 - - [31/May/2021:01:36:22 -0400] "GET //web/wp-includes/wlwmanifest.xml HTTP/1.1" 404 196 "-" "Mozilla/5.0 (Windows NT 10.0; Win64; x64) AppleWebKit/537.36 (KHTML, like Gecko) Chrome/88.0.4240.193 Safari/537.36"
5.62.62.71 - - [31/May/2021:01:36:23 -0400] "GET //wordpress/wp-includes/wlwmanifest.xml HTTP/1.1" 404 196 "-" "Mozilla/5.0 (Windows NT 10.0; Win64; x64) AppleWebKit/537.36 (KHTML, like Gecko) Chrome/88.0.4240.193 Safari/537.36"
5.62.62.71 - - [31/May/2021:01:36:23 -0400] "GET //website/wp-includes/wlwmanifest.xml HTTP/1.1" 404 196 "-" "Mozilla/5.0 (Windows NT 10.0; Win64; x64) AppleWebKit/537.36 (KHTML, like Gecko) Chrome/88.0.4240.193 Safari/537.36"
5.62.62.71 - - [31/May/2021:01:36:24 -0400] "GET //wp/wp-includes/wlwmanifest.xml HTTP/1.1" 404 196 "-" "Mozilla/5.0 (Windows NT 10.0; Win64; x64) AppleWebKit/537.36 (KHTML, like Gecko) Chrome/88.0.4240.193 Safari/537.36"
5.62.62.71 - - [31/May/2021:01:36:24 -0400] "GET //news/wp-includes/wlwmanifest.xml HTTP/1.1" 404 196 "-" "Mozilla/5.0 (Windows NT 10.0; Win64; x64) AppleWebKit/537.36 (KHTML, like Gecko) Chrome/88.0.4240.193 Safari/537.36"
5.62.62.71 - - [31/May/2021:01:36:24 -0400] "GET //2020/wp-includes/wlwmanifest.xml HTTP/1.1" 404 196 "-" "Mozilla/5.0 (Windows NT 10.0; Win64; x64) AppleWebKit/537.36 (KHTML, like Gecko) Chrome/88.0.4240.193 Safari/537.36"
5.62.62.71 - - [31/May/2021:01:36:25 -0400] "GET //2019/wp-includes/wlwmanifest.xml HTTP/1.1" 404 196 "-" "Mozilla/5.0 (Windows NT 10.0; Win64; x64) AppleWebKit/537.36 (KHTML, like Gecko) Chrome/88.0.4240.193 Safari/537.36"
5.62.62.71 - - [31/May/2021:01:36:25 -0400] "GET //shop/wp-includes/wlwmanifest.xml HTTP/1.1" 404 196 "-" "Mozilla/5.0 (Windows NT 10.0; Win64; x64) AppleWebKit/537.36 (KHTML, like Gecko) Chrome/88.0.4240.193 Safari/537.36"
5.62.62.71 - - [31/May/2021:01:36:26 -0400] "GET //wp1/wp-includes/wlwmanifest.xml HTTP/1.1" 404 196 "-" "Mozilla/5.0 (Windows NT 10.0; Win64; x64) AppleWebKit/537.36 (KHTML, like Gecko) Chrome/88.0.4240.193 Safari/537.36"
5.62.62.71 - - [31/May/2021:01:36:26 -0400] "GET //test/wp-includes/wlwmanifest.xml HTTP/1.1" 404 196 "-" "Mozilla/5.0 (Windows NT 10.0; Win64; x64) AppleWebKit/537.36 (KHTML, like Gecko) Chrome/88.0.4240.193 Safari/537.36"
5.62.62.71 - - [31/May/2021:01:36:27 -0400] "GET //wp2/wp-includes/wlwmanifest.xml HTTP/1.1" 404 196 "-" "Mozilla/5.0 (Windows NT 10.0; Win64; x64) AppleWebKit/537.36 (KHTML, like Gecko) Chrome/88.0.4240.193 Safari/537.36"
5.62.62.71 - - [31/May/2021:01:36:27 -0400] "GET //site/wp-includes/wlwmanifest.xml HTTP/1.1" 404 196 "-" "Mozilla/5.0 (Windows NT 10.0; Win64; x64) AppleWebKit/537.36 (KHTML, like Gecko) Chrome/88.0.4240.193 Safari/537.36"
5.62.62.71 - - [31/May/2021:01:36:27 -0400] "GET //cms/wp-includes/wlwmanifest.xml HTTP/1.1" 404 196 "-" "Mozilla/5.0 (Windows NT 10.0; Win64; x64) AppleWebKit/537.36 (KHTML, like Gecko) Chrome/88.0.4240.193 Safari/537.36"
5.62.62.71 - - [31/May/2021:01:36:27 -0400] "GET //sito/wp-includes/wlwmanifest.xml HTTP/1.1" 404 196 "-" "Mozilla/5.0 (Windows NT 10.0; Win64; x64) AppleWebKit/537.36 (KHTML, like Gecko) Chrome/88.0.4240.193 Safari/537.36"
191.101.174.160 - - [31/May/2021:07:39:06 -0400] "GET /.env HTTP/1.1" 404 196 "-" "Mozilla/5.0 (X11; Linux x86_64) AppleWebKit/537.36 (KHTML, like Gecko) Chrome/81.0.4044.129 Safari/537.36"
191.101.174.160 - - [31/May/2021:07:40:53 -0400] "POST / HTTP/1.1" 200 5031 "-" "Mozilla/5.0 (X11; Linux x86_64) AppleWebKit/537.36 (KHTML, like Gecko) Chrome/81.0.4044.129 Safari/537.36"
104.143.83.241 - - [31/May/2021:10:39:52 -0400] "GET / HTTP/1.1" 200 5031 "http://nympdev.davlermedia.com/" "Mozilla/5.0 zgrab/0.x"
18.231.94.162 - - [01/Jun/2021:04:50:09 -0400] "GET / HTTP/1.1" 200 5031 "-" "Mozilla/5.0 (X11; Linux x86_64) AppleWebKit/537.36 (KHTML, like Gecko) Chrome/33.0.1750.517 Safari/537.36"
18.231.94.162 - - [01/Jun/2021:04:50:10 -0400] "GET /wp-login.php HTTP/1.1" 404 16 "-" "Mozilla/5.0 (X11; Linux x86_64) AppleWebKit/537.36 (KHTML, like Gecko) Chrome/33.0.1750.517 Safari/537.36"
18.231.94.162 - - [01/Jun/2021:04:50:10 -0400] "GET /wordpress/wp-login.php HTTP/1.1" 404 196 "-" "Mozilla/5.0 (X11; Linux x86_64) AppleWebKit/537.36 (KHTML, like Gecko) Chrome/33.0.1750.517 Safari/537.36"
18.231.94.162 - - [01/Jun/2021:04:50:11 -0400] "GET /blog/wp-login.php HTTP/1.1" 404 196 "-" "Mozilla/5.0 (X11; Linux x86_64) AppleWebKit/537.36 (KHTML, like Gecko) Chrome/33.0.1750.517 Safari/537.36"
18.231.94.162 - - [01/Jun/2021:04:50:11 -0400] "GET /wp/wp-login.php HTTP/1.1" 404 196 "-" "Mozilla/5.0 (X11; Linux x86_64) AppleWebKit/537.36 (KHTML, like Gecko) Chrome/33.0.1750.517 Safari/537.36"
104.143.83.241 - - [01/Jun/2021:10:40:07 -0400] "GET / HTTP/1.1" 200 5031 "http://nympdev.davlermedia.com/" "Mozilla/5.0 zgrab/0.x"
128.199.93.244 - - [01/Jun/2021:20:31:33 -0400] "GET /wp-admin/install.php?step=2 HTTP/1.1" 404 196 "-" "python-requests/2.25.1"
128.199.93.244 - - [01/Jun/2021:20:31:48 -0400] "GET /wp/wp-admin/install.php?step=2 HTTP/1.1" 404 196 "-" "python-requests/2.25.1"
128.199.93.244 - - [01/Jun/2021:20:31:56 -0400] "GET /wordpress/wp-admin/install.php?step=2 HTTP/1.1" 404 196 "-" "python-requests/2.25.1"
128.199.93.244 - - [01/Jun/2021:20:32:11 -0400] "GET /demo/wp-admin/install.php?step=2 HTTP/1.1" 404 196 "-" "python-requests/2.25.1"
128.199.93.244 - - [01/Jun/2021:20:32:24 -0400] "GET /wp-admin/setup-config.php?step=1 HTTP/1.1" 404 196 "-" "python-requests/2.25.1"
128.199.93.244 - - [01/Jun/2021:20:32:39 -0400] "GET /wp/wp-admin/setup-config.php?step=1 HTTP/1.1" 404 196 "-" "python-requests/2.25.1"
128.199.93.244 - - [01/Jun/2021:20:32:53 -0400] "GET /wordpress/wp-admin/setup-config.php?step=1 HTTP/1.1" 404 196 "-" "python-requests/2.25.1"
128.199.93.244 - - [01/Jun/2021:20:33:13 -0400] "GET /demo/wp-admin/setup-config.php?step=1 HTTP/1.1" 404 196 "-" "python-requests/2.25.1"
134.209.162.237 - - [02/Jun/2021:01:21:54 -0400] "GET / HTTP/1.1" 200 5031 "-" "Mozilla/5.0 (compatible; NetcraftSurveyAgent/1.0; [email protected])"
104.143.83.241 - - [02/Jun/2021:10:48:06 -0400] "GET / HTTP/1.1" 200 5031 "http://nympdev.davlermedia.com/" "Mozilla/5.0 zgrab/0.x"
40.89.174.27 - - [02/Jun/2021:12:32:10 -0400] "GET /wp-content/mu-plugins/db-safe-mode.php HTTP/1.1" 404 196 "www.google.com" "Mozlila/5.0 (Linux; Android 7.0; SM-G892A Bulid/NRD90M; wv) AppleWebKit/537.36 (KHTML, like Gecko) Version/4.0 Chrome/60.0.3112.107 Moblie Safari/537.36"
40.89.174.27 - - [02/Jun/2021:12:32:32 -0400] "POST /wp-content/mu-plugins/db-safe-mode.php HTTP/1.1" 404 196 "www.google.com" "Mozlila/5.0 (Linux; Android 7.0; SM-G892A Bulid/NRD90M; wv) AppleWebKit/537.36 (KHTML, like Gecko) Version/4.0 Chrome/60.0.3112.107 Moblie Safari/537.36"
138.246.253.24 - - [03/Jun/2021:03:19:01 -0400] "HEAD / HTTP/2.0" 200 - "-" "Mozilla/5.0 (Windows NT 10.0; Win64; x64) AppleWebKit/537.36 (KHTML, like Gecko) Chrome/88.0.4324.146 Safari/537.36"
138.246.253.24 - - [03/Jun/2021:03:24:56 -0400] "HEAD / HTTP/1.1" 200 - "-" "Mozilla/5.0 (Windows NT 10.0; Win64; x64) AppleWebKit/537.36 (KHTML, like Gecko) Chrome/88.0.4324.146 Safari/537.36"
2001:4ca0:108:42::15 - - [03/Jun/2021:04:22:00 -0400] "HEAD / HTTP/1.1" 200 - "-" "quic-go-HTTP/3"
212.192.241.169 - - [03/Jun/2021:09:18:31 -0400] "GET /admin.php HTTP/1.1" 404 16 "www.google.com" "Mozlila/5.0 (Linux; Android 7.0; SM-G892A Bulid/NRD90M; wv) AppleWebKit/537.36 (KHTML, like Gecko) Version/4.0 Chrome/60.0.3112.107 Moblie Safari/537.36"
212.192.241.169 - - [03/Jun/2021:09:18:54 -0400] "GET /admin.php HTTP/1.1" 404 16 "www.google.com" "Mozlila/5.0 (Linux; Android 7.0; SM-G892A Bulid/NRD90M; wv) AppleWebKit/537.36 (KHTML, like Gecko) Version/4.0 Chrome/60.0.3112.107 Moblie Safari/537.36"
104.143.83.241 - - [03/Jun/2021:11:02:43 -0400] "GET / HTTP/1.1" 200 5031 "http://nympdev.davlermedia.com/" "Mozilla/5.0 zgrab/0.x"
161.35.133.165 - - [03/Jun/2021:14:37:39 -0400] "GET / HTTP/2.0" 200 5031 "-" "Mozilla/5.0 (compatible; NetcraftSurveyAgent/1.0; [email protected])"
128.199.250.120 - - [03/Jun/2021:14:54:43 -0400] "GET /.env HTTP/1.1" 404 196 "-" "python-requests/2.25.1"
128.199.250.120 - - [03/Jun/2021:14:55:24 -0400] "GET /core/.env HTTP/1.1" 404 196 "-" "python-requests/2.25.1"
128.199.250.120 - - [03/Jun/2021:14:55:46 -0400] "GET /public/.env HTTP/1.1" 404 196 "-" "python-requests/2.25.1"
128.199.250.120 - - [03/Jun/2021:14:56:35 -0400] "GET /app/.env HTTP/1.1" 404 196 "-" "python-requests/2.25.1"
128.199.250.120 - - [03/Jun/2021:14:56:56 -0400] "GET /laravel/.env HTTP/1.1" 404 196 "-" "python-requests/2.25.1"
128.199.250.120 - - [03/Jun/2021:14:57:39 -0400] "GET /laravel/core/.env HTTP/1.1" 404 196 "-" "python-requests/2.25.1"
128.199.250.120 - - [03/Jun/2021:14:58:26 -0400] "GET /beta/.env HTTP/1.1" 404 196 "-" "python-requests/2.25.1"
128.199.250.120 - - [03/Jun/2021:14:58:58 -0400] "GET /config/.env HTTP/1.1" 404 196 "-" "python-requests/2.25.1"
128.199.250.120 - - [03/Jun/2021:14:59:31 -0400] "GET /kyc/.env HTTP/1.1" 404 196 "-" "python-requests/2.25.1"
128.199.250.120 - - [03/Jun/2021:15:00:10 -0400] "GET /admin/.env HTTP/1.1" 404 196 "-" "python-requests/2.25.1"
128.199.250.120 - - [03/Jun/2021:15:01:27 -0400] "GET /prod/.env HTTP/1.1" 404 196 "-" "python-requests/2.25.1"
128.199.250.120 - - [03/Jun/2021:15:01:59 -0400] "GET /api/.env HTTP/1.1" 404 196 "-" "python-requests/2.25.1"
128.199.250.120 - - [03/Jun/2021:15:02:31 -0400] "POST / HTTP/1.1" 200 5031 "-" "python-requests/2.25.1"
64.225.61.33 - - [03/Jun/2021:15:09:35 -0400] "GET / HTTP/1.1" 200 5031 "-" "Mozilla/5.0 (compatible; NetcraftSurveyAgent/1.0; [email protected])"
13.124.222.242 - - [04/Jun/2021:01:05:35 -0400] "GET / HTTP/1.1" 200 5031 "-" "Mozilla/5.0 (X11; OpenBSD i386) AppleWebKit/537.36 (KHTML, like Gecko) Chrome/36.0.1985.125 Safari/537.36"
13.124.222.242 - - [04/Jun/2021:01:05:37 -0400] "GET /wp-login.php HTTP/1.1" 404 16 "-" "Mozilla/5.0 (X11; OpenBSD i386) AppleWebKit/537.36 (KHTML, like Gecko) Chrome/36.0.1985.125 Safari/537.36"
13.124.222.242 - - [04/Jun/2021:01:05:38 -0400] "GET /wordpress/wp-login.php HTTP/1.1" 404 196 "-" "Mozilla/5.0 (X11; OpenBSD i386) AppleWebKit/537.36 (KHTML, like Gecko) Chrome/36.0.1985.125 Safari/537.36"
13.124.222.242 - - [04/Jun/2021:01:05:39 -0400] "GET /blog/wp-login.php HTTP/1.1" 404 196 "-" "Mozilla/5.0 (X11; OpenBSD i386) AppleWebKit/537.36 (KHTML, like Gecko) Chrome/36.0.1985.125 Safari/537.36"
13.124.222.242 - - [04/Jun/2021:01:05:40 -0400] "GET /wp/wp-login.php HTTP/2.0" 404 196 "-" "Mozilla/5.0 (X11; OpenBSD i386) AppleWebKit/537.36 (KHTML, like Gecko) Chrome/36.0.1985.125 Safari/537.36"
104.143.83.241 - - [04/Jun/2021:10:54:48 -0400] "GET / HTTP/1.1" 200 5031 "http://nympdev.davlermedia.com/" "Mozilla/5.0 zgrab/0.x"
85.215.228.161 - - [04/Jun/2021:16:59:57 -0400] "GET /wp-includes/css/css.php HTTP/1.1" 404 196 "-" "python-requests/2.25.1"
85.215.228.161 - - [04/Jun/2021:17:00:37 -0400] "GET /wp-includes/fonts/css.php HTTP/1.1" 404 196 "-" "python-requests/2.25.1"
103.74.54.192 - - [04/Jun/2021:19:25:45 -0400] "GET /wp-login.php HTTP/1.1" 404 16 "http://nympdev.davlermedia.com/wp-login.php" "Mozilla/5.0 (X11; Ubuntu; Linux x86_64; rv:62.0) Gecko/20100101 Firefox/62.0"
2001:4ca0:108:42::24 - - [05/Jun/2021:08:59:24 -0400] "HEAD / HTTP/1.1" 200 - "-" "Mozilla/5.0 (Windows NT 10.0; Win64; x64) AppleWebKit/537.36 (KHTML, like Gecko) Chrome/88.0.4324.146 Safari/537.36"
2001:4ca0:108:42::24 - - [05/Jun/2021:09:45:48 -0400] "HEAD / HTTP/1.1" 200 - "-" "Mozilla/5.0 (Windows NT 10.0; Win64; x64) AppleWebKit/537.36 (KHTML, like Gecko) Chrome/88.0.4324.146 Safari/537.36"
104.143.83.241 - - [05/Jun/2021:10:55:54 -0400] "GET / HTTP/1.1" 200 5031 "http://nympdev.davlermedia.com/" "Mozilla/5.0 zgrab/0.x"
13.232.96.15 - - [06/Jun/2021:01:11:11 -0400] "GET / HTTP/1.1" 200 5031 "-" "Mozilla/5.0 (Windows NT 6.2; WOW64) AppleWebKit/537.36 (KHTML, like Gecko) Chrome/27.0.1453.93 Safari/537.36"
13.232.96.15 - - [06/Jun/2021:01:11:12 -0400] "GET /wp-login.php HTTP/1.1" 404 16 "-" "Mozilla/5.0 (Windows NT 6.2; WOW64) AppleWebKit/537.36 (KHTML, like Gecko) Chrome/27.0.1453.93 Safari/537.36"
13.232.96.15 - - [06/Jun/2021:01:11:14 -0400] "GET /wordpress/wp-login.php HTTP/1.1" 404 196 "-" "Mozilla/5.0 (Windows NT 6.2; WOW64) AppleWebKit/537.36 (KHTML, like Gecko) Chrome/27.0.1453.93 Safari/537.36"
13.232.96.15 - - [06/Jun/2021:01:11:15 -0400] "GET /blog/wp-login.php HTTP/2.0" 404 196 "-" "Mozilla/5.0 (Windows NT 6.2; WOW64) AppleWebKit/537.36 (KHTML, like Gecko) Chrome/27.0.1453.93 Safari/537.36"
13.232.96.15 - - [06/Jun/2021:01:11:16 -0400] "GET /wp/wp-login.php HTTP/1.1" 404 196 "-" "Mozilla/5.0 (Windows NT 6.2; WOW64) AppleWebKit/537.36 (KHTML, like Gecko) Chrome/27.0.1453.93 Safari/537.36"
104.143.83.241 - - [06/Jun/2021:10:55:38 -0400] "GET / HTTP/1.1" 200 5031 "http://nympdev.davlermedia.com/" "Mozilla/5.0 zgrab/0.x"
104.143.83.241 - - [07/Jun/2021:10:56:12 -0400] "GET / HTTP/1.1" 200 5031 "http://nympdev.davlermedia.com/" "Mozilla/5.0 zgrab/0.x"
34.236.202.207 - - [08/Jun/2021:10:41:01 -0400] "GET / HTTP/1.1" 200 5031 "-" "Mozilla/5.0 (Windows NT 6.1; WOW64) AppleWebKit/537.36 (KHTML, like Gecko) Chrome/29.0.1547.62 Safari/537.36"
34.236.202.207 - - [08/Jun/2021:10:41:01 -0400] "GET /wp-login.php HTTP/1.1" 404 16 "-" "Mozilla/5.0 (Windows NT 6.1; WOW64) AppleWebKit/537.36 (KHTML, like Gecko) Chrome/29.0.1547.62 Safari/537.36"
34.236.202.207 - - [08/Jun/2021:10:41:02 -0400] "GET /wordpress/wp-login.php HTTP/1.1" 404 196 "-" "Mozilla/5.0 (Windows NT 6.1; WOW64) AppleWebKit/537.36 (KHTML, like Gecko) Chrome/29.0.1547.62 Safari/537.36"
34.236.202.207 - - [08/Jun/2021:10:41:02 -0400] "GET /blog/wp-login.php HTTP/1.1" 404 196 "-" "Mozilla/5.0 (Windows NT 6.1; WOW64) AppleWebKit/537.36 (KHTML, like Gecko) Chrome/29.0.1547.62 Safari/537.36"
34.236.202.207 - - [08/Jun/2021:10:41:02 -0400] "GET /wp/wp-login.php HTTP/1.1" 404 196 "-" "Mozilla/5.0 (Windows NT 6.1; WOW64) AppleWebKit/537.36 (KHTML, like Gecko) Chrome/29.0.1547.62 Safari/537.36"
104.143.83.241 - - [08/Jun/2021:10:59:05 -0400] "GET / HTTP/1.1" 200 5031 "http://nympdev.davlermedia.com/" "Mozilla/5.0 zgrab/0.x"
3.8.12.221 - - [09/Jun/2021:09:07:14 -0400] "GET / HTTP/1.1" 200 5031 "-" "Mozilla/5.0 (X11; OpenBSD i386) AppleWebKit/537.36 (KHTML, like Gecko) Chrome/36.0.1985.125 Safari/537.36"
3.8.12.221 - - [09/Jun/2021:09:07:14 -0400] "GET /wp-login.php HTTP/1.1" 404 16 "-" "Mozilla/5.0 (X11; OpenBSD i386) AppleWebKit/537.36 (KHTML, like Gecko) Chrome/36.0.1985.125 Safari/537.36"
3.8.12.221 - - [09/Jun/2021:09:07:15 -0400] "GET /wordpress/wp-login.php HTTP/1.1" 404 196 "-" "Mozilla/5.0 (X11; OpenBSD i386) AppleWebKit/537.36 (KHTML, like Gecko) Chrome/36.0.1985.125 Safari/537.36"
3.8.12.221 - - [09/Jun/2021:09:07:15 -0400] "GET /blog/wp-login.php HTTP/1.1" 404 196 "-" "Mozilla/5.0 (X11; OpenBSD i386) AppleWebKit/537.36 (KHTML, like Gecko) Chrome/36.0.1985.125 Safari/537.36"
3.8.12.221 - - [09/Jun/2021:09:07:16 -0400] "GET /wp/wp-login.php HTTP/1.1" 404 196 "-" "Mozilla/5.0 (X11; OpenBSD i386) AppleWebKit/537.36 (KHTML, like Gecko) Chrome/36.0.1985.125 Safari/537.36"
104.143.83.241 - - [09/Jun/2021:10:57:39 -0400] "GET / HTTP/1.1" 200 5031 "http://nympdev.davlermedia.com/" "Mozilla/5.0 zgrab/0.x"
152.70.121.209 - - [09/Jun/2021:23:52:29 -0400] "GET / HTTP/1.1" 200 5031 "-" "Mozilla/5.0 (Windows NT 10.0; Win64; x64) AppleWebKit/537.36 (KHTML, like Gecko) Chrome/78.0.3904.108 Safari/537.36"
152.70.121.209 - - [09/Jun/2021:23:52:30 -0400] "GET //wp-includes/wlwmanifest.xml HTTP/1.1" 404 196 "-" "Mozilla/5.0 (Windows NT 10.0; Win64; x64) AppleWebKit/537.36 (KHTML, like Gecko) Chrome/78.0.3904.108 Safari/537.36"
152.70.121.209 - - [09/Jun/2021:23:52:30 -0400] "GET //xmlrpc.php?rsd HTTP/1.1" 404 16 "-" "Mozilla/5.0 (Windows NT 10.0; Win64; x64) AppleWebKit/537.36 (KHTML, like Gecko) Chrome/78.0.3904.108 Safari/537.36"
152.70.121.209 - - [09/Jun/2021:23:52:30 -0400] "GET / HTTP/1.1" 200 5031 "-" "Mozilla/5.0 (Windows NT 10.0; Win64; x64) AppleWebKit/537.36 (KHTML, like Gecko) Chrome/78.0.3904.108 Safari/537.36"
152.70.121.209 - - [09/Jun/2021:23:52:31 -0400] "GET //blog/wp-includes/wlwmanifest.xml HTTP/1.1" 404 196 "-" "Mozilla/5.0 (Windows NT 10.0; Win64; x64) AppleWebKit/537.36 (KHTML, like Gecko) Chrome/78.0.3904.108 Safari/537.36"
152.70.121.209 - - [09/Jun/2021:23:52:31 -0400] "GET //web/wp-includes/wlwmanifest.xml HTTP/1.1" 404 196 "-" "Mozilla/5.0 (Windows NT 10.0; Win64; x64) AppleWebKit/537.36 (KHTML, like Gecko) Chrome/78.0.3904.108 Safari/537.36"
152.70.121.209 - - [09/Jun/2021:23:52:31 -0400] "GET //wordpress/wp-includes/wlwmanifest.xml HTTP/1.1" 404 196 "-" "Mozilla/5.0 (Windows NT 10.0; Win64; x64) AppleWebKit/537.36 (KHTML, like Gecko) Chrome/78.0.3904.108 Safari/537.36"
152.70.121.209 - - [09/Jun/2021:23:52:31 -0400] "GET //website/wp-includes/wlwmanifest.xml HTTP/1.1" 404 196 "-" "Mozilla/5.0 (Windows NT 10.0; Win64; x64) AppleWebKit/537.36 (KHTML, like Gecko) Chrome/78.0.3904.108 Safari/537.36"
152.70.121.209 - - [09/Jun/2021:23:52:32 -0400] "GET //wp/wp-includes/wlwmanifest.xml HTTP/2.0" 404 196 "-" "Mozilla/5.0 (Windows NT 10.0; Win64; x64) AppleWebKit/537.36 (KHTML, like Gecko) Chrome/78.0.3904.108 Safari/537.36"
152.70.121.209 - - [09/Jun/2021:23:52:32 -0400] "GET //news/wp-includes/wlwmanifest.xml HTTP/1.1" 404 196 "-" "Mozilla/5.0 (Windows NT 10.0; Win64; x64) AppleWebKit/537.36 (KHTML, like Gecko) Chrome/78.0.3904.108 Safari/537.36"
152.70.121.209 - - [09/Jun/2021:23:52:32 -0400] "GET //2018/wp-includes/wlwmanifest.xml HTTP/1.1" 404 196 "-" "Mozilla/5.0 (Windows NT 10.0; Win64; x64) AppleWebKit/537.36 (KHTML, like Gecko) Chrome/78.0.3904.108 Safari/537.36"
152.70.121.209 - - [09/Jun/2021:23:52:33 -0400] "GET //2019/wp-includes/wlwmanifest.xml HTTP/1.1" 404 196 "-" "Mozilla/5.0 (Windows NT 10.0; Win64; x64) AppleWebKit/537.36 (KHTML, like Gecko) Chrome/78.0.3904.108 Safari/537.36"
152.70.121.209 - - [09/Jun/2021:23:52:33 -0400] "GET //shop/wp-includes/wlwmanifest.xml HTTP/1.1" 404 196 "-" "Mozilla/5.0 (Windows NT 10.0; Win64; x64) AppleWebKit/537.36 (KHTML, like Gecko) Chrome/78.0.3904.108 Safari/537.36"
152.70.121.209 - - [09/Jun/2021:23:52:33 -0400] "GET //wp1/wp-includes/wlwmanifest.xml HTTP/1.1" 404 196 "-" "Mozilla/5.0 (Windows NT 10.0; Win64; x64) AppleWebKit/537.36 (KHTML, like Gecko) Chrome/78.0.3904.108 Safari/537.36"
152.70.121.209 - - [09/Jun/2021:23:52:33 -0400] "GET //test/wp-includes/wlwmanifest.xml HTTP/2.0" 404 196 "-" "Mozilla/5.0 (Windows NT 10.0; Win64; x64) AppleWebKit/537.36 (KHTML, like Gecko) Chrome/78.0.3904.108 Safari/537.36"
152.70.121.209 - - [09/Jun/2021:23:52:34 -0400] "GET //media/wp-includes/wlwmanifest.xml HTTP/1.1" 404 196 "-" "Mozilla/5.0 (Windows NT 10.0; Win64; x64) AppleWebKit/537.36 (KHTML, like Gecko) Chrome/78.0.3904.108 Safari/537.36"
152.70.121.209 - - [09/Jun/2021:23:52:34 -0400] "GET //wp2/wp-includes/wlwmanifest.xml HTTP/2.0" 404 196 "-" "Mozilla/5.0 (Windows NT 10.0; Win64; x64) AppleWebKit/537.36 (KHTML, like Gecko) Chrome/78.0.3904.108 Safari/537.36"
152.70.121.209 - - [09/Jun/2021:23:52:34 -0400] "GET //site/wp-includes/wlwmanifest.xml HTTP/1.1" 404 196 "-" "Mozilla/5.0 (Windows NT 10.0; Win64; x64) AppleWebKit/537.36 (KHTML, like Gecko) Chrome/78.0.3904.108 Safari/537.36"
152.70.121.209 - - [09/Jun/2021:23:52:35 -0400] "GET //cms/wp-includes/wlwmanifest.xml HTTP/1.1" 404 196 "-" "Mozilla/5.0 (Windows NT 10.0; Win64; x64) AppleWebKit/537.36 (KHTML, like Gecko) Chrome/78.0.3904.108 Safari/537.36"
152.70.121.209 - - [09/Jun/2021:23:52:35 -0400] "GET //sito/wp-includes/wlwmanifest.xml HTTP/1.1" 404 196 "-" "Mozilla/5.0 (Windows NT 10.0; Win64; x64) AppleWebKit/537.36 (KHTML, like Gecko) Chrome/78.0.3904.108 Safari/537.36"
138.246.253.24 - - [10/Jun/2021:09:56:12 -0400] "HEAD / HTTP/1.1" 200 - "-" "Mozilla/5.0 (Windows NT 10.0; Win64; x64) AppleWebKit/537.36 (KHTML, like Gecko) Chrome/88.0.4324.146 Safari/537.36"
104.143.83.241 - - [10/Jun/2021:11:00:03 -0400] "GET / HTTP/1.1" 200 5031 "http://nympdev.davlermedia.com/" "Mozilla/5.0 zgrab/0.x"
34.209.105.222 - - [11/Jun/2021:03:08:58 -0400] "GET / HTTP/1.1" 200 5031 "-" "Mozilla/5.0 (Windows NT 6.1) AppleWebKit/537.36 (KHTML, like Gecko) Chrome/28.0.1468.0 Safari/537.36"
34.209.105.222 - - [11/Jun/2021:03:09:13 -0400] "GET /wp-login.php HTTP/1.1" 404 16 "-" "Mozilla/5.0 (Windows NT 6.1) AppleWebKit/537.36 (KHTML, like Gecko) Chrome/28.0.1468.0 Safari/537.36"
34.209.105.222 - - [11/Jun/2021:03:09:22 -0400] "GET /wordpress/wp-login.php HTTP/1.1" 404 196 "-" "Mozilla/5.0 (Windows NT 6.1) AppleWebKit/537.36 (KHTML, like Gecko) Chrome/28.0.1468.0 Safari/537.36"
34.209.105.222 - - [11/Jun/2021:03:09:30 -0400] "GET /blog/wp-login.php HTTP/1.1" 404 196 "-" "Mozilla/5.0 (Windows NT 6.1) AppleWebKit/537.36 (KHTML, like Gecko) Chrome/28.0.1468.0 Safari/537.36"
34.209.105.222 - - [11/Jun/2021:03:09:44 -0400] "GET /wp/wp-login.php HTTP/1.1" 404 196 "-" "Mozilla/5.0 (Windows NT 6.1) AppleWebKit/537.36 (KHTML, like Gecko) Chrome/28.0.1468.0 Safari/537.36"
138.246.253.24 - - [11/Jun/2021:08:32:41 -0400] "HEAD / HTTP/2.0" 200 - "-" "Mozilla/5.0 (Windows NT 10.0; Win64; x64) AppleWebKit/537.36 (KHTML, like Gecko) Chrome/88.0.4324.146 Safari/537.36"
104.143.83.241 - - [11/Jun/2021:11:01:24 -0400] "GET / HTTP/1.1" 200 5031 "http://nympdev.davlermedia.com/" "Mozilla/5.0 zgrab/0.x"
138.246.253.15 - - [11/Jun/2021:20:39:52 -0400] "HEAD / HTTP/1.1" 200 - "-" "quic-go-HTTP/3"
40.77.167.44 - - [11/Jun/2021:20:45:57 -0400] "GET /robots.txt HTTP/1.1" 404 196 "-" "Mozilla/5.0 (compatible; bingbot/2.0; +http://www.bing.com/bingbot.htm)"
157.55.39.20 - - [11/Jun/2021:20:46:04 -0400] "GET /index.php?IX=home HTTP/1.1" 200 5031 "-" "Mozilla/5.0 (iPhone; CPU iPhone OS 7_0 like Mac OS X) AppleWebKit/537.51.1 (KHTML, like Gecko) Version/7.0 Mobile/11A465 Safari/9537.53 (compatible; bingbot/2.0; +http://www.bing.com/bingbot.htm)"
207.46.13.154 - - [11/Jun/2021:20:46:13 -0400] "GET /robots.txt HTTP/1.1" 404 196 "-" "Mozilla/5.0 (compatible; bingbot/2.0; +http://www.bing.com/bingbot.htm)"
207.46.13.154 - - [11/Jun/2021:20:46:24 -0400] "GET /js/jquery-1.11.2.min.js?ver=1454606617 HTTP/1.1" 200 95931 "-" "Mozilla/5.0 (iPhone; CPU iPhone OS 7_0 like Mac OS X) AppleWebKit/537.51.1 (KHTML, like Gecko) Version/7.0 Mobile/11A465 Safari/9537.53 (compatible; bingbot/2.0; +http://www.bing.com/bingbot.htm)"
40.77.167.4 - - [11/Jun/2021:20:46:24 -0400] "GET /js/jquery-migrate-1.2.1.min.js?ver=1454606618 HTTP/1.1" 200 7199 "-" "Mozilla/5.0 (iPhone; CPU iPhone OS 7_0 like Mac OS X) AppleWebKit/537.51.1 (KHTML, like Gecko) Version/7.0 Mobile/11A465 Safari/9537.53 (compatible; bingbot/2.0; +http://www.bing.com/bingbot.htm)"
40.77.167.46 - - [11/Jun/2021:20:46:25 -0400] "GET /img/loading.gif HTTP/1.1" 404 196 "-" "Mozilla/5.0 (iPhone; CPU iPhone OS 7_0 like Mac OS X) AppleWebKit/537.51.1 (KHTML, like Gecko) Version/7.0 Mobile/11A465 Safari/9537.53 (compatible; bingbot/2.0; +http://www.bing.com/bingbot.htm)"
40.77.167.25 - - [11/Jun/2021:20:46:25 -0400] "GET /css/main_mobile.css?ver=1456734643 HTTP/2.0" 200 2351 "-" "Mozilla/5.0 (iPhone; CPU iPhone OS 7_0 like Mac OS X) AppleWebKit/537.51.1 (KHTML, like Gecko) Version/7.0 Mobile/11A465 Safari/9537.53 (compatible; bingbot/2.0; +http://www.bing.com/bingbot.htm)"
157.55.39.8 - - [11/Jun/2021:20:46:26 -0400] "GET /js/jquery.form.js?ver=1454606622 HTTP/1.1" 200 39396 "-" "Mozilla/5.0 (iPhone; CPU iPhone OS 7_0 like Mac OS X) AppleWebKit/537.51.1 (KHTML, like Gecko) Version/7.0 Mobile/11A465 Safari/9537.53 (compatible; bingbot/2.0; +http://www.bing.com/bingbot.htm)"
157.55.39.100 - - [11/Jun/2021:20:46:27 -0400] "GET /css/datePicker.css?ver=1454105334 HTTP/1.1" 200 2415 "-" "Mozilla/5.0 (iPhone; CPU iPhone OS 7_0 like Mac OS X) AppleWebKit/537.51.1 (KHTML, like Gecko) Version/7.0 Mobile/11A465 Safari/9537.53 (compatible; bingbot/2.0; +http://www.bing.com/bingbot.htm)"
207.46.13.163 - - [11/Jun/2021:20:46:32 -0400] "GET /css/slicknav.min.css?ver=1454616447 HTTP/1.1" 200 2353 "-" "Mozilla/5.0 (iPhone; CPU iPhone OS 7_0 like Mac OS X) AppleWebKit/537.51.1 (KHTML, like Gecko) Version/7.0 Mobile/11A465 Safari/9537.53 (compatible; bingbot/2.0; +http://www.bing.com/bingbot.htm)"
157.55.39.8 - - [11/Jun/2021:20:46:36 -0400] "GET /js/jquery.wakeup.js?ver=1461595780 HTTP/1.1" 200 2396 "-" "Mozilla/5.0 (iPhone; CPU iPhone OS 7_0 like Mac OS X) AppleWebKit/537.51.1 (KHTML, like Gecko) Version/7.0 Mobile/11A465 Safari/9537.53 (compatible; bingbot/2.0; +http://www.bing.com/bingbot.htm)"
157.55.39.100 - - [11/Jun/2021:20:46:42 -0400] "GET /css/main.css?ver=1515980047 HTTP/1.1" 200 35855 "-" "Mozilla/5.0 (iPhone; CPU iPhone OS 7_0 like Mac OS X) AppleWebKit/537.51.1 (KHTML, like Gecko) Version/7.0 Mobile/11A465 Safari/9537.53 (compatible; bingbot/2.0; +http://www.bing.com/bingbot.htm)"
157.55.39.100 - - [11/Jun/2021:20:46:42 -0400] "GET /js/index.js?ver=1517857683 HTTP/1.1" 200 34837 "-" "Mozilla/5.0 (iPhone; CPU iPhone OS 7_0 like Mac OS X) AppleWebKit/537.51.1 (KHTML, like Gecko) Version/7.0 Mobile/11A465 Safari/9537.53 (compatible; bingbot/2.0; +http://www.bing.com/bingbot.htm)"
157.55.39.100 - - [11/Jun/2021:20:46:42 -0400] "GET /js/jquery.datePicker.js?ver=1454606621 HTTP/1.1" 200 42569 "-" "Mozilla/5.0 (iPhone; CPU iPhone OS 7_0 like Mac OS X) AppleWebKit/537.51.1 (KHTML, like Gecko) Version/7.0 Mobile/11A465 Safari/9537.53 (compatible; bingbot/2.0; +http://www.bing.com/bingbot.htm)"
40.77.167.46 - - [11/Jun/2021:20:46:46 -0400] "GET /js/jquery.slicknav.min.js?ver=1454616436 HTTP/1.1" 200 6665 "-" "Mozilla/5.0 (iPhone; CPU iPhone OS 7_0 like Mac OS X) AppleWebKit/537.51.1 (KHTML, like Gecko) Version/7.0 Mobile/11A465 Safari/9537.53 (compatible; bingbot/2.0; +http://www.bing.com/bingbot.htm)"
40.77.167.25 - - [11/Jun/2021:20:46:46 -0400] "GET /js/date.js?ver=1454606615 HTTP/1.1" 200 12767 "-" "Mozilla/5.0 (iPhone; CPU iPhone OS 7_0 like Mac OS X) AppleWebKit/537.51.1 (KHTML, like Gecko) Version/7.0 Mobile/11A465 Safari/9537.53 (compatible; bingbot/2.0; +http://www.bing.com/bingbot.htm)"
40.77.167.25 - - [11/Jun/2021:20:46:46 -0400] "GET /js/json2.min.js?ver=1458875434 HTTP/1.1" 200 3460 "-" "Mozilla/5.0 (iPhone; CPU iPhone OS 7_0 like Mac OS X) AppleWebKit/537.51.1 (KHTML, like Gecko) Version/7.0 Mobile/11A465 Safari/9537.53 (compatible; bingbot/2.0; +http://www.bing.com/bingbot.htm)"
40.77.202.112 - - [11/Jun/2021:21:17:24 -0400] "GET /img/close_icon.png HTTP/1.1" 404 196 "https://nympdev.davlermedia.com/index.php?IX=home" "Mozilla/5.0 (iPhone; CPU iPhone OS 7_0 like Mac OS X) AppleWebKit/537.51.1 (KHTML, like Gecko) Version/7.0 Mobile/11A465 Safari/9537.53 BingPreview/1.0b"
207.46.13.154 - - [11/Jun/2021:21:17:36 -0400] "GET /robots.txt HTTP/1.1" 404 196 "-" "Mozilla/5.0 (compatible; bingbot/2.0; +http://www.bing.com/bingbot.htm)"
2001:4ca0:108:42::24 - - [12/Jun/2021:02:24:14 -0400] "HEAD / HTTP/1.1" 200 - "-" "Mozilla/5.0 (Windows NT 10.0; Win64; x64) AppleWebKit/537.36 (KHTML, like Gecko) Chrome/88.0.4324.146 Safari/537.36"
2001:4ca0:108:42::24 - - [12/Jun/2021:08:09:30 -0400] "HEAD / HTTP/1.1" 200 - "-" "Mozilla/5.0 (Windows NT 10.0; Win64; x64) AppleWebKit/537.36 (KHTML, like Gecko) Chrome/88.0.4324.146 Safari/537.36"
34.237.4.205 - - [12/Jun/2021:09:55:10 -0400] "GET / HTTP/1.1" 200 5031 "-" "Mozilla/5.0 (X11; Linux x86_64) AppleWebKit/537.36 (KHTML, like Gecko) Chrome/34.0.1847.137 Safari/4E423F"
34.237.4.205 - - [12/Jun/2021:09:55:12 -0400] "GET /wp-login.php HTTP/1.1" 404 16 "-" "Mozilla/5.0 (X11; Linux x86_64) AppleWebKit/537.36 (KHTML, like Gecko) Chrome/34.0.1847.137 Safari/4E423F"
34.237.4.205 - - [12/Jun/2021:09:55:14 -0400] "GET /wordpress/wp-login.php HTTP/1.1" 404 196 "-" "Mozilla/5.0 (X11; Linux x86_64) AppleWebKit/537.36 (KHTML, like Gecko) Chrome/34.0.1847.137 Safari/4E423F"
34.237.4.205 - - [12/Jun/2021:09:55:15 -0400] "GET /blog/wp-login.php HTTP/1.1" 404 196 "-" "Mozilla/5.0 (X11; Linux x86_64) AppleWebKit/537.36 (KHTML, like Gecko) Chrome/34.0.1847.137 Safari/4E423F"
34.237.4.205 - - [12/Jun/2021:09:55:17 -0400] "GET /wp/wp-login.php HTTP/1.1" 404 196 "-" "Mozilla/5.0 (X11; Linux x86_64) AppleWebKit/537.36 (KHTML, like Gecko) Chrome/34.0.1847.137 Safari/4E423F"
104.143.83.241 - - [12/Jun/2021:11:00:25 -0400] "GET / HTTP/1.1" 200 5031 "http://nympdev.davlermedia.com/" "Mozilla/5.0 zgrab/0.x"
66.33.205.189 - - [12/Jun/2021:16:29:56 -0400] "GET /wp-login.php HTTP/1.1" 404 16 "http://nympdev.davlermedia.com/wp-login.php" "Mozilla/5.0 (X11; Ubuntu; Linux x86_64; rv:62.0) Gecko/20100101 Firefox/62.0"
66.33.205.189 - - [12/Jun/2021:16:29:56 -0400] "GET /wp-login.php HTTP/1.1" 404 16 "http://nympdev.davlermedia.com/wp-login.php" "Mozilla/5.0 (X11; Ubuntu; Linux x86_64; rv:62.0) Gecko/20100101 Firefox/62.0"
136.144.41.188 - - [12/Jun/2021:19:46:33 -0400] "GET / HTTP/1.1" 200 5031 "-" "Mozlila/5.0 (Linux; Android 7.0; SM-G892A Bulid/NRD90M; wv) AppleWebKit/537.36 (KHTML, like Gecko) Version/4.0 Chrome/60.0.3112.107 Moblie Safari/537.36"
136.144.41.188 - - [12/Jun/2021:19:46:35 -0400] "GET /.env HTTP/1.1" 404 196 "-" "Mozlila/5.0 (Linux; Android 7.0; SM-G892A Bulid/NRD90M; wv) AppleWebKit/537.36 (KHTML, like Gecko) Version/4.0 Chrome/60.0.3112.107 Moblie Safari/537.36"
104.143.83.241 - - [13/Jun/2021:10:59:32 -0400] "GET / HTTP/1.1" 200 5031 "http://nympdev.davlermedia.com/" "Mozilla/5.0 zgrab/0.x"
34.236.55.223 - - [13/Jun/2021:12:51:10 -0400] "GET / HTTP/1.1" 200 5031 "-" "Mozilla/5.0 (Macintosh; Intel Mac OS X 10_10_1) AppleWebKit/537.36 (KHTML, like Gecko) Chrome/41.0.2227.1 Safari/537.36"
34.236.55.223 - - [13/Jun/2021:12:51:11 -0400] "GET /wp-login.php HTTP/1.1" 404 16 "-" "Mozilla/5.0 (Macintosh; Intel Mac OS X 10_10_1) AppleWebKit/537.36 (KHTML, like Gecko) Chrome/41.0.2227.1 Safari/537.36"
