66.249.65.177 600079 - [20/Mar/2020:13:16:43 -0400] "GET /col1/baby/baby-acne-causes-and-treatment-part-2/amp/ HTTP/1.1" 200 21872 "-" "Mozilla/5.0 (Linux; Android 6.0.1; Nexus 5X Build/MMB29P) AppleWebKit/537.36 (KHTML, like Gecko) Chrome/41.0.2272.96 Mobile Safari/537.36 (compatible; Googlebot/2.1; +http://www.google.com/bot.html)"
217.138.198.164 349760 - [20/Mar/2020:13:16:44 -0400] "GET /wp-json/yoast/v1/prominent_words?word=core HTTP/1.1" 200 3585 "https://mommybites.com/wp-admin/post.php?post=15867&action=edit" "Mozilla/5.0 (Macintosh; Intel Mac OS X 10_15_3) AppleWebKit/537.36 (KHTML, like Gecko) Chrome/80.0.3987.132 Safari/537.36"
217.138.198.164 604310 - [20/Mar/2020:13:16:44 -0400] "POST /wp-admin/admin-ajax.php HTTP/1.1" 200 11413 "https://mommybites.com/wp-admin/post.php?post=15867&action=edit" "Mozilla/5.0 (Macintosh; Intel Mac OS X 10_15_3) AppleWebKit/537.36 (KHTML, like Gecko) Chrome/80.0.3987.132 Safari/537.36"
217.138.198.164 528649 - [20/Mar/2020:13:16:44 -0400] "GET /wp-json/yoast/v1/prominent_words?word=body HTTP/1.1" 200 3586 "https://mommybites.com/wp-admin/post.php?post=15867&action=edit" "Mozilla/5.0 (Macintosh; Intel Mac OS X 10_15_3) AppleWebKit/537.36 (KHTML, like Gecko) Chrome/80.0.3987.132 Safari/537.36"
217.138.198.164 586395 - [20/Mar/2020:13:16:45 -0400] "POST /wp-admin/admin-ajax.php HTTP/1.1" 200 11612 "https://mommybites.com/wp-admin/post.php?post=15867&action=edit" "Mozilla/5.0 (Macintosh; Intel Mac OS X 10_15_3) AppleWebKit/537.36 (KHTML, like Gecko) Chrome/80.0.3987.132 Safari/537.36"
217.138.198.164 351857 - [20/Mar/2020:13:16:46 -0400] "GET /wp-json/yoast/v1/prominent_words?word=babies HTTP/1.1" 200 3587 "https://mommybites.com/wp-admin/post.php?post=15867&action=edit" "Mozilla/5.0 (Macintosh; Intel Mac OS X 10_15_3) AppleWebKit/537.36 (KHTML, like Gecko) Chrome/80.0.3987.132 Safari/537.36"
217.138.198.164 449814 - [20/Mar/2020:13:16:47 -0400] "GET /wp-json/yoast/v1/prominent_words?word=position HTTP/1.1" 200 3587 "https://mommybites.com/wp-admin/post.php?post=15867&action=edit" "Mozilla/5.0 (Macintosh; Intel Mac OS X 10_15_3) AppleWebKit/537.36 (KHTML, like Gecko) Chrome/80.0.3987.132 Safari/537.36"
217.138.198.164 338850 - [20/Mar/2020:13:16:49 -0400] "GET /wp-json/yoast/v1/prominent_words?word=muscles HTTP/1.1" 200 3586 "https://mommybites.com/wp-admin/post.php?post=15867&action=edit" "Mozilla/5.0 (Macintosh; Intel Mac OS X 10_15_3) AppleWebKit/537.36 (KHTML, like Gecko) Chrome/80.0.3987.132 Safari/537.36"
217.138.198.164 443080 - [20/Mar/2020:13:16:49 -0400] "GET /wp-json/yoast/v1/prominent_words?word=strong HTTP/1.1" 200 3586 "https://mommybites.com/wp-admin/post.php?post=15867&action=edit" "Mozilla/5.0 (Macintosh; Intel Mac OS X 10_15_3) AppleWebKit/537.36 (KHTML, like Gecko) Chrome/80.0.3987.132 Safari/537.36"
205.164.44.178 318001 - [20/Mar/2020:13:16:50 -0400] "POST /baltimore/wp-cron.php?doing_wp_cron=1584724610.4873321056365966796875 HTTP/1.1" 200 3099 "https://mommybites.com/baltimore/wp-cron.php?doing_wp_cron=1584724610.4873321056365966796875" "WordPress/5.2.3; https://mommybites.com/baltimore"
207.46.13.249 677983 - [20/Mar/2020:13:16:50 -0400] "GET /baltimore/post-sitemap.xml HTTP/1.1" 200 3500 "-" "msnbot/2.0b (+http://search.msn.com/msnbot.htm)"
217.138.198.164 346831 - [20/Mar/2020:13:16:50 -0400] "GET /wp-json/yoast/v1/prominent_words?word=work HTTP/1.1" 200 3585 "https://mommybites.com/wp-admin/post.php?post=15867&action=edit" "Mozilla/5.0 (Macintosh; Intel Mac OS X 10_15_3) AppleWebKit/537.36 (KHTML, like Gecko) Chrome/80.0.3987.132 Safari/537.36"
217.138.198.164 665966 - [20/Mar/2020:13:16:51 -0400] "POST /wp-admin/post.php HTTP/1.1" 302 3345 "https://mommybites.com/wp-admin/post.php?post=15867&action=edit" "Mozilla/5.0 (Macintosh; Intel Mac OS X 10_15_3) AppleWebKit/537.36 (KHTML, like Gecko) Chrome/80.0.3987.132 Safari/537.36"
217.138.198.164 826637 - [20/Mar/2020:13:16:51 -0400] "GET /wp-json/yoast/v1/prominent_words?word=working HTTP/1.1" 200 3586 "https://mommybites.com/wp-admin/post.php?post=15867&action=edit" "Mozilla/5.0 (Macintosh; Intel Mac OS X 10_15_3) AppleWebKit/537.36 (KHTML, like Gecko) Chrome/80.0.3987.132 Safari/537.36"
205.164.44.178 317192 - [20/Mar/2020:13:16:53 -0400] "HEAD /register/ HTTP/1.1" 200 3115 "https://mommybites.com/register/" "WordPress/5.2.3; https://mommybites.com"
205.164.44.178 334442 - [20/Mar/2020:13:16:54 -0400] "HEAD /free-online-parenting-classes/ HTTP/1.1" 200 3162 "https://mommybites.com/free-online-parenting-classes/" "WordPress/5.2.3; https://mommybites.com"
217.138.198.164 1924915 - [20/Mar/2020:13:16:52 -0400] "GET /wp-admin/post.php?post=15867&action=edit&message=1 HTTP/1.1" 200 156388 "https://mommybites.com/wp-admin/post.php?post=15867&action=edit" "Mozilla/5.0 (Macintosh; Intel Mac OS X 10_15_3) AppleWebKit/537.36 (KHTML, like Gecko) Chrome/80.0.3987.132 Safari/537.36"
217.138.198.164 2044867 - [20/Mar/2020:13:16:52 -0400] "POST /wp-json/yoast/v1/prominent_words_link/15867 HTTP/1.1" 200 3547 "https://mommybites.com/wp-admin/post.php?post=15867&action=edit" "Mozilla/5.0 (Macintosh; Intel Mac OS X 10_15_3) AppleWebKit/537.36 (KHTML, like Gecko) Chrome/80.0.3987.132 Safari/537.36"
205.164.44.178 441707 - [20/Mar/2020:13:16:54 -0400] "HEAD /community/blog/ HTTP/1.1" 200 3059 "https://mommybites.com/community/blog/" "WordPress/5.2.3; https://mommybites.com"
217.138.198.164 1605428 - [20/Mar/2020:13:16:53 -0400] "POST /wp-admin/admin-ajax.php HTTP/1.1" 200 3362 "https://mommybites.com/wp-admin/post.php?post=15867&action=edit" "Mozilla/5.0 (Macintosh; Intel Mac OS X 10_15_3) AppleWebKit/537.36 (KHTML, like Gecko) Chrome/80.0.3987.132 Safari/537.36"
205.164.44.178 326574 - [20/Mar/2020:13:16:54 -0400] "HEAD /newyork/community-events/find-family-friendly-events/ HTTP/1.1" 200 3131 "https://mommybites.com/newyork/community-events/find-family-friendly-events/" "WordPress/5.2.3; https://mommybites.com"
217.138.198.164 460459 - [20/Mar/2020:13:16:54 -0400] "GET /wp-admin/admin-ajax.php?action=ampforwp_dynaminc_css&verify_nonce=7eb502db6f&ver=1.0.34 HTTP/1.1" 200 9965 "https://mommybites.com/wp-admin/post.php?post=15867&action=edit&message=1" "Mozilla/5.0 (Macintosh; Intel Mac OS X 10_15_3) AppleWebKit/537.36 (KHTML, like Gecko) Chrome/80.0.3987.132 Safari/537.36"
205.164.44.178 318722 - [20/Mar/2020:13:16:55 -0400] "HEAD /child-care/ HTTP/1.1" 200 3162 "https://mommybites.com/child-care/" "WordPress/5.2.3; https://mommybites.com"
205.164.44.178 337998 - [20/Mar/2020:13:16:55 -0400] "HEAD /casting-calls/ HTTP/1.1" 200 3115 "https://mommybites.com/casting-calls/" "WordPress/5.2.3; https://mommybites.com"
205.164.44.178 352051 - [20/Mar/2020:13:16:56 -0400] "HEAD /raffles/ HTTP/1.1" 200 3162 "https://mommybites.com/raffles/" "WordPress/5.2.3; https://mommybites.com"
205.164.44.178 3917605 - [20/Mar/2020:13:16:52 -0400] "POST /wp-cron.php?doing_wp_cron=1584724612.9170610904693603515625 HTTP/1.1" 200 3099 "https://mommybites.com/wp-cron.php?doing_wp_cron=1584724612.9170610904693603515625" "WordPress/5.2.3; https://mommybites.com"
217.138.198.164 473170 - [20/Mar/2020:13:16:56 -0400] "GET /wp-admin/admin-ajax.php?action=oembed-cache&post=15867 HTTP/1.1" 200 3178 "https://mommybites.com/wp-admin/post.php?post=15867&action=edit" "Mozilla/5.0 (Macintosh; Intel Mac OS X 10_15_3) AppleWebKit/537.36 (KHTML, like Gecko) Chrome/80.0.3987.132 Safari/537.36"
217.138.198.164 741021 - [20/Mar/2020:13:16:56 -0400] "POST /wp-admin/admin-ajax.php HTTP/1.1" 200 4830 "https://mommybites.com/wp-admin/post.php?post=15867&action=edit" "Mozilla/5.0 (Macintosh; Intel Mac OS X 10_15_3) AppleWebKit/537.36 (KHTML, like Gecko) Chrome/80.0.3987.132 Safari/537.36"
217.138.198.164 859651 - [20/Mar/2020:13:16:56 -0400] "POST /wp-admin/admin-ajax.php HTTP/1.1" 200 3598 "https://mommybites.com/wp-admin/post.php?post=15867&action=edit" "Mozilla/5.0 (Macintosh; Intel Mac OS X 10_15_3) AppleWebKit/537.36 (KHTML, like Gecko) Chrome/80.0.3987.132 Safari/537.36"
217.138.198.164 598497 - [20/Mar/2020:13:16:57 -0400] "GET /wp-admin/admin-ajax.php?action=wpseo_get_facebook_name&_ajax_nonce=f15c845dfb&user_id=580 HTTP/1.1" 200 3177 "https://mommybites.com/wp-admin/post.php?post=15867&action=edit" "Mozilla/5.0 (Macintosh; Intel Mac OS X 10_15_3) AppleWebKit/537.36 (KHTML, like Gecko) Chrome/80.0.3987.132 Safari/537.36"
198.58.103.115 690995 - [20/Mar/2020:13:16:57 -0400] "GET /feed/ HTTP/1.1" 200 31326 "http://mommybites.com/feed/" "Superfeedr bot/2.0 http://superfeedr.com - Make your feeds realtime: get in touch - feed-id:1395961408"
217.138.198.164 920545 - [20/Mar/2020:13:16:57 -0400] "GET /wp-admin/admin-ajax.php?action=retrieve_image_data_from_url&imageURL=https%3A%2F%2Fmommybites.com%2Fwp-content%2Fuploads%2F2012%2F04%2Fbaby-core-exercise-1024x535.jpg HTTP/1.1" 200 3267 "https://mommybites.com/wp-admin/post.php?post=15867&action=edit" "Mozilla/5.0 (Macintosh; Intel Mac OS X 10_15_3) AppleWebKit/537.36 (KHTML, like Gecko) Chrome/80.0.3987.132 Safari/537.36"
66.249.65.177 573777 - [20/Mar/2020:13:16:59 -0400] "GET /col1/baby/5-best-breastfeeding-positions-new-moms/amp/ HTTP/1.1" 200 21701 "-" "Mozilla/5.0 (Linux; Android 6.0.1; Nexus 5X Build/MMB29P) AppleWebKit/537.36 (KHTML, like Gecko) Chrome/41.0.2272.96 Mobile Safari/537.36 (compatible; Googlebot/2.1; +http://www.google.com/bot.html)"
217.138.198.164 342555 - [20/Mar/2020:13:17:07 -0400] "GET /wp-json/yoast/v1/prominent_words?word=strengthen+a+baby%27s+core HTTP/1.1" 200 3614 "https://mommybites.com/wp-admin/post.php?post=15867&action=edit" "Mozilla/5.0 (Macintosh; Intel Mac OS X 10_15_3) AppleWebKit/537.36 (KHTML, like Gecko) Chrome/80.0.3987.132 Safari/537.36"
217.138.198.164 343207 - [20/Mar/2020:13:17:08 -0400] "GET /wp-json/yoast/v1/prominent_words?word=baby HTTP/1.1" 200 3588 "https://mommybites.com/wp-admin/post.php?post=15867&action=edit" "Mozilla/5.0 (Macintosh; Intel Mac OS X 10_15_3) AppleWebKit/537.36 (KHTML, like Gecko) Chrome/80.0.3987.132 Safari/537.36"
40.77.167.55 618739 - [20/Mar/2020:13:17:09 -0400] "GET /col2/big-kid/3-ways-to-suss-out-a-suburb-that-you-probably-havent-thought-of/ HTTP/1.1" 200 20151 "-" "Mozilla/5.0 (compatible; bingbot/2.0; +http://www.bing.com/bingbot.htm)"
217.138.198.164 369829 - [20/Mar/2020:13:17:09 -0400] "GET /wp-json/yoast/v1/prominent_words?word=position+on+the+floor HTTP/1.1" 200 3608 "https://mommybites.com/wp-admin/post.php?post=15867&action=edit" "Mozilla/5.0 (Macintosh; Intel Mac OS X 10_15_3) AppleWebKit/537.36 (KHTML, like Gecko) Chrome/80.0.3987.132 Safari/537.36"
217.138.198.164 336302 - [20/Mar/2020:13:17:10 -0400] "GET /wp-json/yoast/v1/prominent_words?word=strong+core HTTP/1.1" 200 3595 "https://mommybites.com/wp-admin/post.php?post=15867&action=edit" "Mozilla/5.0 (Macintosh; Intel Mac OS X 10_15_3) AppleWebKit/537.36 (KHTML, like Gecko) Chrome/80.0.3987.132 Safari/537.36"
217.138.198.164 344829 - [20/Mar/2020:13:17:11 -0400] "GET /wp-json/yoast/v1/prominent_words?word=baby%27s+body HTTP/1.1" 200 3597 "https://mommybites.com/wp-admin/post.php?post=15867&action=edit" "Mozilla/5.0 (Macintosh; Intel Mac OS X 10_15_3) AppleWebKit/537.36 (KHTML, like Gecko) Chrome/80.0.3987.132 Safari/537.36"
217.138.198.164 430412 - [20/Mar/2020:13:17:11 -0400] "POST /wp-admin/admin-ajax.php HTTP/1.1" 200 3362 "https://mommybites.com/wp-admin/post.php?post=15867&action=edit" "Mozilla/5.0 (Macintosh; Intel Mac OS X 10_15_3) AppleWebKit/537.36 (KHTML, like Gecko) Chrome/80.0.3987.132 Safari/537.36"
217.138.198.164 432981 - [20/Mar/2020:13:17:11 -0400] "GET /wp-json/yoast/v1/prominent_words?word=encourage+your+baby HTTP/1.1" 200 3605 "https://mommybites.com/wp-admin/post.php?post=15867&action=edit" "Mozilla/5.0 (Macintosh; Intel Mac OS X 10_15_3) AppleWebKit/537.36 (KHTML, like Gecko) Chrome/80.0.3987.132 Safari/537.36"
217.138.198.164 340589 - [20/Mar/2020:13:17:12 -0400] "GET /wp-json/yoast/v1/prominent_words?word=lay+your+baby HTTP/1.1" 200 3601 "https://mommybites.com/wp-admin/post.php?post=15867&action=edit" "Mozilla/5.0 (Macintosh; Intel Mac OS X 10_15_3) AppleWebKit/537.36 (KHTML, like Gecko) Chrome/80.0.3987.132 Safari/537.36"
217.138.198.164 341140 - [20/Mar/2020:13:17:13 -0400] "GET /wp-json/yoast/v1/prominent_words?word=baby%27s+core HTTP/1.1" 200 3597 "https://mommybites.com/wp-admin/post.php?post=15867&action=edit" "Mozilla/5.0 (Macintosh; Intel Mac OS X 10_15_3) AppleWebKit/537.36 (KHTML, like Gecko) Chrome/80.0.3987.132 Safari/537.36"
217.138.198.164 335699 - [20/Mar/2020:13:17:14 -0400] "GET /wp-json/yoast/v1/prominent_words?word=trunk+strengthening HTTP/1.1" 200 3601 "https://mommybites.com/wp-admin/post.php?post=15867&action=edit" "Mozilla/5.0 (Macintosh; Intel Mac OS X 10_15_3) AppleWebKit/537.36 (KHTML, like Gecko) Chrome/80.0.3987.132 Safari/537.36"
217.138.198.164 338457 - [20/Mar/2020:13:17:14 -0400] "GET /wp-json/yoast/v1/prominent_words?word=physical+therapist HTTP/1.1" 200 3601 "https://mommybites.com/wp-admin/post.php?post=15867&action=edit" "Mozilla/5.0 (Macintosh; Intel Mac OS X 10_15_3) AppleWebKit/537.36 (KHTML, like Gecko) Chrome/80.0.3987.132 Safari/537.36"
217.138.198.164 343959 - [20/Mar/2020:13:17:15 -0400] "GET /wp-json/yoast/v1/prominent_words?word=v+position HTTP/1.1" 200 3593 "https://mommybites.com/wp-admin/post.php?post=15867&action=edit" "Mozilla/5.0 (Macintosh; Intel Mac OS X 10_15_3) AppleWebKit/537.36 (KHTML, like Gecko) Chrome/80.0.3987.132 Safari/537.36"
217.138.198.164 343601 - [20/Mar/2020:13:17:16 -0400] "GET /wp-json/yoast/v1/prominent_words?word=physical+therapy HTTP/1.1" 200 3599 "https://mommybites.com/wp-admin/post.php?post=15867&action=edit" "Mozilla/5.0 (Macintosh; Intel Mac OS X 10_15_3) AppleWebKit/537.36 (KHTML, like Gecko) Chrome/80.0.3987.132 Safari/537.36"
217.138.198.164 364793 - [20/Mar/2020:13:17:17 -0400] "GET /wp-json/yoast/v1/prominent_words?word=core HTTP/1.1" 200 3585 "https://mommybites.com/wp-admin/post.php?post=15867&action=edit" "Mozilla/5.0 (Macintosh; Intel Mac OS X 10_15_3) AppleWebKit/537.36 (KHTML, like Gecko) Chrome/80.0.3987.132 Safari/537.36"
217.138.198.164 357730 - [20/Mar/2020:13:17:17 -0400] "GET /wp-json/yoast/v1/prominent_words?word=body HTTP/1.1" 200 3586 "https://mommybites.com/wp-admin/post.php?post=15867&action=edit" "Mozilla/5.0 (Macintosh; Intel Mac OS X 10_15_3) AppleWebKit/537.36 (KHTML, like Gecko) Chrome/80.0.3987.132 Safari/537.36"
217.138.198.164 364693 - [20/Mar/2020:13:17:18 -0400] "GET /wp-json/yoast/v1/prominent_words?word=babies HTTP/1.1" 200 3587 "https://mommybites.com/wp-admin/post.php?post=15867&action=edit" "Mozilla/5.0 (Macintosh; Intel Mac OS X 10_15_3) AppleWebKit/537.36 (KHTML, like Gecko) Chrome/80.0.3987.132 Safari/537.36" 2 679295 - [20/Mar/2020:13:17:18 -0400] "GET /col1/baby/how-to-promote-strength-in-babies/ HTTP/1.1" 206 20005 "-" "facebookexternalhit/1.1 (+http://www.facebook.com/externalhit_uatext.php)"
217.138.198.164 339942 - [20/Mar/2020:13:17:19 -0400] "GET /wp-json/yoast/v1/prominent_words?word=position HTTP/1.1" 200 3587 "https://mommybites.com/wp-admin/post.php?post=15867&action=edit" "Mozilla/5.0 (Macintosh; Intel Mac OS X 10_15_3) AppleWebKit/537.36 (KHTML, like Gecko) Chrome/80.0.3987.132 Safari/537.36"
217.138.198.164 342571 - [20/Mar/2020:13:17:19 -0400] "GET /wp-json/yoast/v1/prominent_words?word=muscles HTTP/1.1" 200 3586 "https://mommybites.com/wp-admin/post.php?post=15867&action=edit" "Mozilla/5.0 (Macintosh; Intel Mac OS X 10_15_3) AppleWebKit/537.36 (KHTML, like Gecko) Chrome/80.0.3987.132 Safari/537.36"
217.138.198.164 344043 - [20/Mar/2020:13:17:20 -0400] "GET /wp-json/yoast/v1/prominent_words?word=strong HTTP/1.1" 200 3586 "https://mommybites.com/wp-admin/post.php?post=15867&action=edit" "Mozilla/5.0 (Macintosh; Intel Mac OS X 10_15_3) AppleWebKit/537.36 (KHTML, like Gecko) Chrome/80.0.3987.132 Safari/537.36"
217.138.198.164 347282 - [20/Mar/2020:13:17:21 -0400] "GET /wp-json/yoast/v1/prominent_words?word=work HTTP/1.1" 200 3585 "https://mommybites.com/wp-admin/post.php?post=15867&action=edit" "Mozilla/5.0 (Macintosh; Intel Mac OS X 10_15_3) AppleWebKit/537.36 (KHTML, like Gecko) Chrome/80.0.3987.132 Safari/537.36"
217.138.198.164 344669 - [20/Mar/2020:13:17:22 -0400] "GET /wp-json/yoast/v1/prominent_words?word=working HTTP/1.1" 200 3586 "https://mommybites.com/wp-admin/post.php?post=15867&action=edit" "Mozilla/5.0 (Macintosh; Intel Mac OS X 10_15_3) AppleWebKit/537.36 (KHTML, like Gecko) Chrome/80.0.3987.132 Safari/537.36"
217.138.198.164 348075 - [20/Mar/2020:13:17:22 -0400] "POST /wp-json/yoast/v1/prominent_words_link/15867 HTTP/1.1" 200 3547 "https://mommybites.com/wp-admin/post.php?post=15867&action=edit" "Mozilla/5.0 (Macintosh; Intel Mac OS X 10_15_3) AppleWebKit/537.36 (KHTML, like Gecko) Chrome/80.0.3987.132 Safari/537.36"
217.138.198.164 582953 - [20/Mar/2020:13:17:23 -0400] "GET /wp-json/yoast/v1/link_suggestions?prominent_words%5B%5D=16609&prominent_words%5B%5D=1039&prominent_words%5B%5D=6826&prominent_words%5B%5D=6827&prominent_words%5B%5D=6828&prominent_words%5B%5D=6829&prominent_words%5B%5D=6830&prominent_words%5B%5D=16610&prominent_words%5B%5D=6831&prominent_words%5B%5D=6832&prominent_words%5B%5D=6833&prominent_words%5B%5D=6834&prominent_words%5B%5D=6835&prominent_words%5B%5D=1136&prominent_words%5B%5D=1081&prominent_words%5B%5D=1054&prominent_words%5B%5D=1541&prominent_words%5B%5D=3008&prominent_words%5B%5D=1225&prominent_words%5B%5D=1228 HTTP/1.1" 200 6243 "https://mommybites.com/wp-admin/post.php?post=15867&action=edit" "Mozilla/5.0 (Macintosh; Intel Mac OS X 10_15_3) AppleWebKit/537.36 (KHTML, like Gecko) Chrome/80.0.3987.132 Safari/537.36" 2 599200 - [20/Mar/2020:13:17:26 -0400] "GET /col1/baby/how-to-promote-strength-in-babies/ HTTP/1.1" 206 19978 "-" "facebookexternalhit/1.1 (+http://www.facebook.com/externalhit_uatext.php)"
46.229.168.148 678336 - [20/Mar/2020:13:17:28 -0400] "GET /newyork/ultimate-moms-night-out/sponsors/babiesrus_unionsq/ HTTP/1.1" 200 14503 "-" "Mozilla/5.0 (compatible; SemrushBot/6~bl; +http://www.semrush.com/bot.html)"
46.229.168.137 550207 - [20/Mar/2020:13:17:31 -0400] "GET /author/erindullea/ HTTP/1.1" 200 15275 "-" "Mozilla/5.0 (compatible; SemrushBot/6~bl; +http://www.semrush.com/bot.html)"
217.138.198.164 413187 - [20/Mar/2020:13:17:44 -0400] "POST /wp-admin/admin-ajax.php HTTP/1.1" 200 3362 "https://mommybites.com/wp-admin/post.php?post=15867&action=edit" "Mozilla/5.0 (Macintosh; Intel Mac OS X 10_15_3) AppleWebKit/537.36 (KHTML, like Gecko) Chrome/80.0.3987.132 Safari/537.36" 2 812015 - [20/Mar/2020:13:17:45 -0400] "GET /newyork/5-tips-on-keeping-kids-asleep-through-the-night/ HTTP/1.1" 206 19471 "-" "facebookexternalhit/1.1 (+http://www.facebook.com/externalhit_uatext.php)"
207.46.13.226 651896 - [20/Mar/2020:13:17:47 -0400] "GET /feed/ HTTP/1.1" 200 31326 "-" "Mozilla/5.0 (compatible; bingbot/2.0; +http://www.bing.com/bingbot.htm)"
66.249.73.29 325495 - [20/Mar/2020:13:17:54 -0400] "GET / HTTP/1.1" 301 3175 "-" "Mozilla/5.0 (Linux; Android 6.0.1; Nexus 5X Build/MMB29P) AppleWebKit/537.36 (KHTML, like Gecko) Chrome/41.0.2272.96 Mobile Safari/537.36 (compatible; Googlebot/2.1; +http://www.google.com/bot.html)"
66.249.65.177 566017 - [20/Mar/2020:13:17:55 -0400] "GET / HTTP/1.1" 200 22978 "-" "Mozilla/5.0 (Linux; Android 6.0.1; Nexus 5X Build/MMB29P) AppleWebKit/537.36 (KHTML, like Gecko) Chrome/41.0.2272.96 Mobile Safari/537.36 (compatible; Googlebot/2.1; +http://www.google.com/bot.html)"
46.229.161.131 689489 - [20/Mar/2020:13:17:55 -0400] "GET /newyork/beware-pink-bins/ HTTP/1.1" 200 18308 "-" "Mozilla/5.0 (compatible; SemrushBot; +http://www.semrush.com/bot.html)"
217.138.198.164 531410 - [20/Mar/2020:13:17:59 -0400] "POST /wp-admin/admin-ajax.php HTTP/1.1" 200 3362 "https://mommybites.com/wp-admin/post.php?post=15867&action=edit" "Mozilla/5.0 (Macintosh; Intel Mac OS X 10_15_3) AppleWebKit/537.36 (KHTML, like Gecko) Chrome/80.0.3987.132 Safari/537.36"
66.249.65.181 562541 - [20/Mar/2020:13:18:08 -0400] "GET /newyork/difference-nanny-au-pair/amp/ HTTP/1.1" 200 20137 "-" "Mozilla/5.0 (Linux; Android 6.0.1; Nexus 5X Build/MMB29P) AppleWebKit/537.36 (KHTML, like Gecko) Chrome/41.0.2272.96 Mobile Safari/537.36 (compatible; Googlebot/2.1; +http://www.google.com/bot.html)"
40.77.167.95 600902 - [20/Mar/2020:13:18:09 -0400] "GET /col2/moms/how-to-tell-my-children-their-grandmother-has-cancer/ HTTP/1.1" 200 20584 "-" "Mozilla/5.0 (compatible; bingbot/2.0; +http://www.bing.com/bingbot.htm)"
217.138.198.164 413090 - [20/Mar/2020:13:18:15 -0400] "POST /wp-admin/admin-ajax.php HTTP/1.1" 200 3362 "https://mommybites.com/wp-admin/post.php?post=15867&action=edit" "Mozilla/5.0 (Macintosh; Intel Mac OS X 10_15_3) AppleWebKit/537.36 (KHTML, like Gecko) Chrome/80.0.3987.132 Safari/537.36"
217.138.198.164 420333 - [20/Mar/2020:13:18:16 -0400] "POST /wp-admin/admin-ajax.php HTTP/1.1" 200 3324 "https://mommybites.com/wp-admin/admin.php?page=nbn-top-level-handle" "Mozilla/5.0 (Macintosh; Intel Mac OS X 10_15_3) AppleWebKit/537.36 (KHTML, like Gecko) Chrome/80.0.3987.132 Safari/537.36"
148.75.221.231 857131 - [20/Mar/2020:13:18:24 -0400] "GET /newyork/creative-childcare-solutions-city-life/ HTTP/1.1" 200 19996 "https://www.google.com/" "Mozilla/5.0 (Macintosh; Intel Mac OS X 10_15_2) AppleWebKit/537.36 (KHTML, like Gecko) Chrome/79.0.3945.130 Safari/537.36"
148.75.221.231 1702 - [20/Mar/2020:13:18:26 -0400] "GET /newyork/wp-content/themes/mb-std-17/images/site.webmanifest HTTP/1.1" 200 3252 "https://mommybites.com/newyork/creative-childcare-solutions-city-life/" "Mozilla/5.0 (Macintosh; Intel Mac OS X 10_15_2) AppleWebKit/537.36 (KHTML, like Gecko) Chrome/79.0.3945.130 Safari/537.36"
66.249.65.177 580185 - [20/Mar/2020:13:18:28 -0400] "GET /col2/nanny/the-value-of-a-flexible-routine/amp/ HTTP/1.1" 200 22451 "-" "Mozilla/5.0 (Linux; Android 6.0.1; Nexus 5X Build/MMB29P) AppleWebKit/537.36 (KHTML, like Gecko) Chrome/41.0.2272.96 Mobile Safari/537.36 (compatible; Googlebot/2.1; +http://www.google.com/bot.html)"
66.249.65.179 625680 - [20/Mar/2020:13:18:31 -0400] "GET /col2/moms/how-to-handle-my-spoiled-niece-and-nephew/amp/ HTTP/1.1" 200 23251 "-" "Mozilla/5.0 (Linux; Android 6.0.1; Nexus 5X Build/MMB29P) AppleWebKit/537.36 (KHTML, like Gecko) Chrome/41.0.2272.96 Mobile Safari/537.36 (compatible; Googlebot/2.1; +http://www.google.com/bot.html)"
217.138.198.164 414099 - [20/Mar/2020:13:18:34 -0400] "POST /wp-admin/admin-ajax.php HTTP/1.1" 200 3362 "https://mommybites.com/wp-admin/post.php?post=15867&action=edit" "Mozilla/5.0 (Macintosh; Intel Mac OS X 10_15_3) AppleWebKit/537.36 (KHTML, like Gecko) Chrome/80.0.3987.132 Safari/537.36"
40.77.167.55 656171 - [20/Mar/2020:13:18:35 -0400] "GET /col1/baby/baby-sign-language-fact-or-fiction/ HTTP/1.1" 200 19344 "-" "Mozilla/5.0 (compatible; bingbot/2.0; +http://www.bing.com/bingbot.htm)"
66.249.65.177 583433 - [20/Mar/2020:13:18:39 -0400] "GET /col1/prenatal/should-my-personal-care-change-while-im-nursing/amp/ HTTP/1.1" 200 22491 "-" "Mozilla/5.0 (Linux; Android 6.0.1; Nexus 5X Build/MMB29P) AppleWebKit/537.36 (KHTML, like Gecko) Chrome/41.0.2272.96 Mobile Safari/537.36 (compatible; Googlebot/2.1; +http://www.google.com/bot.html)"
217.138.198.164 352897 - [20/Mar/2020:13:18:39 -0400] "GET /index.php/newyork/blog/ HTTP/1.1" 301 3133 "https://mommybites.com/" "Mozilla/5.0 (Macintosh; Intel Mac OS X 10_15_3) AppleWebKit/537.36 (KHTML, like Gecko) Chrome/80.0.3987.132 Safari/537.36"
40.77.167.95 329430 - [20/Mar/2020:13:18:39 -0400] "GET /newyork/kindergarten-readiness/feed/ HTTP/1.1" 200 3838 "-" "msnbot/2.0b (+http://search.msn.com/msnbot.htm)"
217.138.198.164 682968 - [20/Mar/2020:13:18:40 -0400] "GET /community/blog/ HTTP/1.1" 200 21736 "https://mommybites.com/" "Mozilla/5.0 (Macintosh; Intel Mac OS X 10_15_3) AppleWebKit/537.36 (KHTML, like Gecko) Chrome/80.0.3987.132 Safari/537.36"
40.77.167.95 748776 - [20/Mar/2020:13:18:41 -0400] "GET /newyork/easier-vacations-with-kids/ HTTP/1.1" 200 18665 "-" "Mozilla/5.0 (compatible; bingbot/2.0; +http://www.bing.com/bingbot.htm)"
68.82.61.173 419062 - [20/Mar/2020:13:18:46 -0400] "POST /newyork/wp-admin/admin-ajax.php HTTP/1.1" 200 3322 "https://mommybites.com/newyork/wp-admin/edit.php?s=nanny&post_status=all&post_type=post&action=-1&m=0&cat=0&post_format&seo_filter&readability_filter&paged=1&action2=-1" "Mozilla/5.0 (Windows NT 10.0; Win64; x64) AppleWebKit/537.36 (KHTML, like Gecko) Chrome/80.0.3987.149 Safari/537.36"
66.249.65.177 541623 - [20/Mar/2020:13:18:50 -0400] "GET /newyork/top-childrens-acting-classes-nyc/amp/ HTTP/1.1" 200 21235 "-" "Mozilla/5.0 (Linux; Android 6.0.1; Nexus 5X Build/MMB29P) AppleWebKit/537.36 (KHTML, like Gecko) Chrome/41.0.2272.96 Mobile Safari/537.36 (compatible; Googlebot/2.1; +http://www.google.com/bot.html)"
207.46.13.226 328266 - [20/Mar/2020:13:18:57 -0400] "GET /feed/ HTTP/1.1" 304 2916 "-" "Mozilla/5.0 (compatible; bingbot/2.0; +http://www.bing.com/bingbot.htm)"
68.82.61.173 431310 - [20/Mar/2020:13:19:01 -0400] "POST /newyork/wp-admin/admin-ajax.php HTTP/1.1" 200 3324 "https://mommybites.com/newyork/wp-admin/edit.php?s=nanny&post_status=all&post_type=post&action=-1&m=0&cat=0&post_format&seo_filter&readability_filter&paged=1&action2=-1" "Mozilla/5.0 (Windows NT 10.0; Win64; x64) AppleWebKit/537.36 (KHTML, like Gecko) Chrome/80.0.3987.149 Safari/537.36"
46.229.168.146 679923 - [20/Mar/2020:13:19:02 -0400] "GET /newyork/9-indoor-play-places-to-encourage-language-in-nyc/playspace-4/ HTTP/1.1" 200 14693 "-" "Mozilla/5.0 (compatible; SemrushBot/6~bl; +http://www.semrush.com/bot.html)"
46.229.168.143 670082 - [20/Mar/2020:13:19:10 -0400] "GET /newyork/swim-classes-encourage-language/ HTTP/1.1" 200 18512 "-" "Mozilla/5.0 (compatible; SemrushBot/6~bl; +http://www.semrush.com/bot.html)"
46.229.168.147 672013 - [20/Mar/2020:13:19:15 -0400] "GET /newyork/manhattan-events/special-events/nanny-certification-2/ HTTP/1.1" 200 14436 "-" "Mozilla/5.0 (compatible; SemrushBot/6~bl; +http://www.semrush.com/bot.html)"
217.138.198.164 418045 - [20/Mar/2020:13:19:16 -0400] "POST /wp-admin/admin-ajax.php HTTP/1.1" 200 3324 "https://mommybites.com/wp-admin/admin.php?page=nbn-top-level-handle" "Mozilla/5.0 (Macintosh; Intel Mac OS X 10_15_3) AppleWebKit/537.36 (KHTML, like Gecko) Chrome/80.0.3987.132 Safari/537.36"
46.229.168.154 685297 - [20/Mar/2020:13:19:17 -0400] "GET /newyork/martha-stewart-brings-craft-to-ipad/mso0013_cratfstudtio_title/ HTTP/1.1" 200 14735 "-" "Mozilla/5.0 (compatible; SemrushBot/6~bl; +http://www.semrush.com/bot.html)"
46.229.168.131 717530 - [20/Mar/2020:13:19:29 -0400] "GET /col2/grandparents/ask-dr-gramma-karen-interview-jane-isay/ HTTP/1.1" 200 20498 "-" "Mozilla/5.0 (compatible; SemrushBot/6~bl; +http://www.semrush.com/bot.html)"
217.138.198.164 427592 - [20/Mar/2020:13:19:31 -0400] "POST /wp-admin/admin-ajax.php HTTP/1.1" 200 3362 "https://mommybites.com/wp-admin/post.php?post=15867&action=edit" "Mozilla/5.0 (Macintosh; Intel Mac OS X 10_15_3) AppleWebKit/537.36 (KHTML, like Gecko) Chrome/80.0.3987.132 Safari/537.36"
23.100.232.233 799025 - [20/Mar/2020:13:19:45 -0400] "GET /newyork/halloween-coming-soon-common-dentist-questions/ HTTP/1.1" 200 19034 "-" "Mozilla/5.0 (compatible; MSIE 9.0; Windows NT 6.0; Trident/5.0; Trident/5.0)"
217.138.198.164 426763 - [20/Mar/2020:13:19:47 -0400] "POST /wp-admin/admin-ajax.php HTTP/1.1" 200 3362 "https://mommybites.com/wp-admin/post.php?post=15867&action=edit" "Mozilla/5.0 (Macintosh; Intel Mac OS X 10_15_3) AppleWebKit/537.36 (KHTML, like Gecko) Chrome/80.0.3987.132 Safari/537.36"
66.249.65.179 438270 - [20/Mar/2020:13:19:53 -0400] "GET /newyork/casting-calls/amp/ HTTP/1.1" 200 14819 "-" "Mozilla/5.0 (Linux; Android 6.0.1; Nexus 5X Build/MMB29P) AppleWebKit/537.36 (KHTML, like Gecko) Chrome/41.0.2272.96 Mobile Safari/537.36 (compatible; Googlebot/2.1; +http://www.google.com/bot.html)"
23.100.232.233 878371 - [20/Mar/2020:13:19:56 -0400] "GET /newyork/child-care/nanny-post-view/ HTTP/1.1" 200 44144 "-" "Mozilla/5.0 (compatible; MSIE 9.0; Windows NT 6.0; Trident/5.0; Trident/5.0)"
66.249.65.181 589750 - [20/Mar/2020:13:19:57 -0400] "GET /col1/baby/baby-acne-causes-and-treatment-part-2/amp/ HTTP/1.1" 200 21872 "-" "Mozilla/5.0 (Linux; Android 6.0.1; Nexus 5X Build/MMB29P) AppleWebKit/537.36 (KHTML, like Gecko) Chrome/41.0.2272.96 Mobile Safari/537.36 (compatible; Googlebot/2.1; +http://www.google.com/bot.html)"
3.85.133.244 521714 - [20/Mar/2020:13:20:00 -0400] "GET /author/rebeccadixon/feed/ HTTP/1.1" 200 13573 "https://www.google.com/" "Mozilla/5.0 (Windows NT 6.3; Win64; x64) AppleWebKit/537.36 (KHTML, like Gecko) Chrome/60.0.3112.113 Safari/537.36"
207.46.13.226 331376 - [20/Mar/2020:13:20:12 -0400] "GET /feed/ HTTP/1.1" 304 2916 "-" "Mozilla/5.0 (compatible; bingbot/2.0; +http://www.bing.com/bingbot.htm)"
217.138.198.164 574327 - [20/Mar/2020:13:20:17 -0400] "POST /wp-admin/admin-ajax.php HTTP/1.1" 200 3324 "https://mommybites.com/wp-admin/admin.php?page=nbn-top-level-handle" "Mozilla/5.0 (Macintosh; Intel Mac OS X 10_15_3) AppleWebKit/537.36 (KHTML, like Gecko) Chrome/80.0.3987.132 Safari/537.36"
66.249.65.179 4306898 - [20/Mar/2020:13:20:18 -0400] "GET /col2/moms/how-to-handle-my-spoiled-niece-and-nephew/amp/ HTTP/1.1" 200 23251 "-" "Mozilla/5.0 (Linux; Android 6.0.1; Nexus 5X Build/MMB29P) AppleWebKit/537.36 (KHTML, like Gecko) Chrome/41.0.2272.96 Mobile Safari/537.36 (compatible; Googlebot/2.1; +http://www.google.com/bot.html)"
66.249.65.177 529553 - [20/Mar/2020:13:20:30 -0400] "GET /newyork/find-flexible-work-home-jobs/amp/ HTTP/1.1" 200 20811 "-" "Mozilla/5.0 (Linux; Android 6.0.1; Nexus 5X Build/MMB29P) AppleWebKit/537.36 (KHTML, like Gecko) Chrome/41.0.2272.96 Mobile Safari/537.36 (compatible; Googlebot/2.1; +http://www.google.com/bot.html)"
66.249.65.179 488284 - [20/Mar/2020:13:20:33 -0400] "GET /events/2253-10-23/ HTTP/1.1" 404 18265 "-" "Mozilla/5.0 (Linux; Android 6.0.1; Nexus 5X Build/MMB29P) AppleWebKit/537.36 (KHTML, like Gecko) Chrome/41.0.2272.96 Mobile Safari/537.36 (compatible; Googlebot/2.1; +http://www.google.com/bot.html)" 2 625774 - [20/Mar/2020:13:20:34 -0400] "GET /col1/toddler/my-son-wants-to-wear-a-tutu/ HTTP/1.1" 206 19195 "-" "facebookexternalhit/1.1 (+http://www.facebook.com/externalhit_uatext.php)"
40.77.167.55 673393 - [20/Mar/2020:13:20:39 -0400] "GET /newyork/author/amyalpert/ HTTP/1.1" 200 14930 "-" "Mozilla/5.0 (compatible; bingbot/2.0; +http://www.bing.com/bingbot.htm)"
40.77.167.55 638979 - [20/Mar/2020:13:20:40 -0400] "GET /tag/fitness/ HTTP/1.1" 200 17291 "-" "Mozilla/5.0 (compatible; bingbot/2.0; +http://www.bing.com/bingbot.htm)"
40.77.167.55 704103 - [20/Mar/2020:13:20:41 -0400] "GET /newyork/tag/social-skills/ HTTP/1.1" 200 14908 "-" "Mozilla/5.0 (compatible; bingbot/2.0; +http://www.bing.com/bingbot.htm)"
40.77.167.55 652949 - [20/Mar/2020:13:20:42 -0400] "GET /tag/money/ HTTP/1.1" 200 17293 "-" "Mozilla/5.0 (compatible; bingbot/2.0; +http://www.bing.com/bingbot.htm)"
40.77.167.55 862516 - [20/Mar/2020:13:20:43 -0400] "GET /newyork/tag/gear/ HTTP/1.1" 200 17511 "-" "Mozilla/5.0 (compatible; bingbot/2.0; +http://www.bing.com/bingbot.htm)"
40.77.167.55 740172 - [20/Mar/2020:13:20:44 -0400] "GET /newyork/how-to-choose-right-private-school/ HTTP/1.1" 200 20476 "-" "Mozilla/5.0 (compatible; bingbot/2.0; +http://www.bing.com/bingbot.htm)"
40.77.167.55 688428 - [20/Mar/2020:13:20:45 -0400] "GET /tag/news/ HTTP/1.1" 200 16889 "-" "Mozilla/5.0 (compatible; bingbot/2.0; +http://www.bing.com/bingbot.htm)"
40.77.167.55 325754 - [20/Mar/2020:13:20:46 -0400] "GET /col2/big-kid/mother-wants-money-from-grandparents-for-kids%e2%80%99-camp/ HTTP/1.1" 301 3300 "-" "Mozilla/5.0 (compatible; bingbot/2.0; +http://www.bing.com/bingbot.htm)"
40.77.167.55 519971 - [20/Mar/2020:13:20:46 -0400] "GET /col2/moms/happy-new-year-2014/attachment/print-95/ HTTP/1.1" 200 14474 "-" "Mozilla/5.0 (compatible; bingbot/2.0; +http://www.bing.com/bingbot.htm)"
40.77.167.55 599253 - [20/Mar/2020:13:20:47 -0400] "GET /col2/moms/10-test-prep-application-commandments/ HTTP/1.1" 200 21052 "-" "Mozilla/5.0 (compatible; bingbot/2.0; +http://www.bing.com/bingbot.htm)"
40.77.167.55 710836 - [20/Mar/2020:13:20:48 -0400] "GET /tag/sleep/ HTTP/1.1" 200 16847 "-" "Mozilla/5.0 (compatible; bingbot/2.0; +http://www.bing.com/bingbot.htm)"
40.77.167.55 646978 - [20/Mar/2020:13:20:49 -0400] "GET /author/heather/page/3/ HTTP/1.1" 200 17026 "-" "Mozilla/5.0 (compatible; bingbot/2.0; +http://www.bing.com/bingbot.htm)"
40.77.167.55 546710 - [20/Mar/2020:13:20:50 -0400] "GET /col2/moms/always-friends/ HTTP/1.1" 200 18078 "-" "Mozilla/5.0 (compatible; bingbot/2.0; +http://www.bing.com/bingbot.htm)"
40.77.167.55 540429 - [20/Mar/2020:13:20:51 -0400] "GET /author/averyphillips/page/2/ HTTP/1.1" 200 14956 "-" "Mozilla/5.0 (compatible; bingbot/2.0; +http://www.bing.com/bingbot.htm)"
40.77.167.55 797262 - [20/Mar/2020:13:20:52 -0400] "GET /newyork/category/col2/big-kid/page/2/ HTTP/1.1" 200 19339 "-" "Mozilla/5.0 (compatible; bingbot/2.0; +http://www.bing.com/bingbot.htm)"
40.77.167.55 604905 - [20/Mar/2020:13:20:53 -0400] "GET /community/blog/page/4/ HTTP/1.1" 200 17393 "-" "Mozilla/5.0 (compatible; bingbot/2.0; +http://www.bing.com/bingbot.htm)"
40.77.167.55 506211 - [20/Mar/2020:13:20:54 -0400] "GET /samples/ HTTP/1.1" 200 15235 "-" "Mozilla/5.0 (compatible; bingbot/2.0; +http://www.bing.com/bingbot.htm)"
40.77.167.55 654070 - [20/Mar/2020:13:20:55 -0400] "GET /col2/nanny/talking-to-children-about-natural-disasters/ HTTP/1.1" 200 20017 "-" "Mozilla/5.0 (compatible; bingbot/2.0; +http://www.bing.com/bingbot.htm)"
40.77.167.55 587335 - [20/Mar/2020:13:20:56 -0400] "GET /past-parenting-classes/ HTTP/1.1" 200 16377 "-" "Mozilla/5.0 (compatible; bingbot/2.0; +http://www.bing.com/bingbot.htm)"
40.77.167.55 665088 - [20/Mar/2020:13:20:57 -0400] "GET /category/col2/big-kid/page/3/ HTTP/1.1" 200 17799 "-" "Mozilla/5.0 (compatible; bingbot/2.0; +http://www.bing.com/bingbot.htm)"
40.77.167.55 632585 - [20/Mar/2020:13:20:58 -0400] "GET /col2/nanny/worry-about-kids-visiting-homes-with-firearms/ HTTP/1.1" 200 20851 "-" "Mozilla/5.0 (compatible; bingbot/2.0; +http://www.bing.com/bingbot.htm)"
40.77.167.55 604758 - [20/Mar/2020:13:20:59 -0400] "GET /col1/baby/when-to-give-baby-pacifier/ HTTP/1.1" 200 19485 "-" "Mozilla/5.0 (compatible; bingbot/2.0; +http://www.bing.com/bingbot.htm)"
40.77.167.55 524773 - [20/Mar/2020:13:21:00 -0400] "GET /col1/toddler/ok-kids-quit/ HTTP/1.1" 200 18475 "-" "Mozilla/5.0 (compatible; bingbot/2.0; +http://www.bing.com/bingbot.htm)"
40.77.167.55 601352 - [20/Mar/2020:13:21:01 -0400] "GET /col1/baby/camp-readiness-how-to-help-prepare-you-your-child-for-sleepaway-camp/ HTTP/1.1" 200 18806 "-" "Mozilla/5.0 (compatible; bingbot/2.0; +http://www.bing.com/bingbot.htm)"
68.82.61.173 578570 - [20/Mar/2020:13:21:02 -0400] "POST /newyork/wp-admin/admin-ajax.php HTTP/1.1" 200 3324 "https://mommybites.com/newyork/wp-admin/edit.php?s=nanny&post_status=all&post_type=post&action=-1&m=0&cat=0&post_format&seo_filter&readability_filter&paged=1&action2=-1" "Mozilla/5.0 (Windows NT 10.0; Win64; x64) AppleWebKit/537.36 (KHTML, like Gecko) Chrome/80.0.3987.149 Safari/537.36"
40.77.167.95 668849 - [20/Mar/2020:13:21:03 -0400] "GET /newyork/a-day-at-coney-island/coney6/ HTTP/1.1" 200 14662 "-" "Mozilla/5.0 (compatible; bingbot/2.0; +http://www.bing.com/bingbot.htm)"
40.77.167.95 616518 - [20/Mar/2020:13:21:04 -0400] "GET /col1/preschool/wheat-germ-pancakes/ HTTP/1.1" 200 18828 "-" "Mozilla/5.0 (compatible; bingbot/2.0; +http://www.bing.com/bingbot.htm)"
54.158.28.128 680834 - [20/Mar/2020:13:21:05 -0400] "GET /feed/ HTTP/1.1" 200 31326 "-" "Mozilla/5.0 (Windows NT 6.1; WOW64) AppleWebKit/537.36 (KHTML, like Gecko) Chrome/37.0.2062.94 Safari/537.36 (PubExchange)"
40.77.167.95 602060 - [20/Mar/2020:13:21:05 -0400] "GET /col2/moms/overprotective-daughter-law-limits-grandparents-access/ HTTP/1.1" 200 20708 "-" "Mozilla/5.0 (compatible; bingbot/2.0; +http://www.bing.com/bingbot.htm)"
40.77.167.95 519919 - [20/Mar/2020:13:21:06 -0400] "GET /col2/moms/moms-advice/ HTTP/1.1" 200 17225 "-" "Mozilla/5.0 (compatible; bingbot/2.0; +http://www.bing.com/bingbot.htm)"
40.77.167.95 611619 - [20/Mar/2020:13:21:07 -0400] "GET /col2/big-kid/ask-dr-gramma-karen-gift-gap-year/ HTTP/1.1" 200 21050 "-" "Mozilla/5.0 (compatible; bingbot/2.0; +http://www.bing.com/bingbot.htm)"
40.77.167.95 620881 - [20/Mar/2020:13:21:08 -0400] "GET /tag/childcare/ HTTP/1.1" 200 17110 "-" "Mozilla/5.0 (compatible; bingbot/2.0; +http://www.bing.com/bingbot.htm)"
40.77.167.95 598565 - [20/Mar/2020:13:21:09 -0400] "GET /col1/toddler/grandmothers-hurtful-behavior-towards-grandson/ HTTP/1.1" 200 19735 "-" "Mozilla/5.0 (compatible; bingbot/2.0; +http://www.bing.com/bingbot.htm)"
40.77.167.95 533332 - [20/Mar/2020:13:21:09 -0400] "GET /col2/moms/mommybites-job-connections/ HTTP/1.1" 200 17717 "-" "Mozilla/5.0 (compatible; bingbot/2.0; +http://www.bing.com/bingbot.htm)"
40.77.167.95 631578 - [20/Mar/2020:13:21:10 -0400] "GET /tag/development/ HTTP/1.1" 200 17153 "-" "Mozilla/5.0 (compatible; bingbot/2.0; +http://www.bing.com/bingbot.htm)"
40.77.167.95 658242 - [20/Mar/2020:13:21:11 -0400] "GET /author/beccaeisenberg/ HTTP/1.1" 200 16713 "-" "Mozilla/5.0 (compatible; bingbot/2.0; +http://www.bing.com/bingbot.htm)"
40.77.167.95 599205 - [20/Mar/2020:13:21:12 -0400] "GET /col2/moms/start-divorce-process/ HTTP/1.1" 200 18814 "-" "Mozilla/5.0 (compatible; bingbot/2.0; +http://www.bing.com/bingbot.htm)"
40.77.167.95 540124 - [20/Mar/2020:13:21:13 -0400] "GET /col1/baby/gift-of-reading/attachment/istock-mom-reading-to-two-children/ HTTP/1.1" 200 14601 "-" "Mozilla/5.0 (compatible; bingbot/2.0; +http://www.bing.com/bingbot.htm)"
40.77.167.95 688820 - [20/Mar/2020:13:21:14 -0400] "GET /newyork/2015/10/ HTTP/1.1" 200 15303 "-" "Mozilla/5.0 (compatible; bingbot/2.0; +http://www.bing.com/bingbot.htm)"
40.77.167.95 567195 - [20/Mar/2020:13:21:15 -0400] "GET /col2/moms/raffles-rule-heres-how-it-goes/ HTTP/1.1" 200 17366 "-" "Mozilla/5.0 (compatible; bingbot/2.0; +http://www.bing.com/bingbot.htm)"
40.77.167.95 609314 - [20/Mar/2020:13:21:16 -0400] "GET /col2/moms/parents-speak-less-listen/ HTTP/1.1" 200 19714 "-" "Mozilla/5.0 (compatible; bingbot/2.0; +http://www.bing.com/bingbot.htm)"
40.77.167.95 545574 - [20/Mar/2020:13:21:17 -0400] "GET /col1/prenatal/lean-in-or-lean-out-teleclass-re-cap/ HTTP/1.1" 200 18262 "-" "Mozilla/5.0 (compatible; bingbot/2.0; +http://www.bing.com/bingbot.htm)"
66.249.65.181 609200 - [20/Mar/2020:13:21:17 -0400] "GET /newyork/amazing-stepmom/amp/ HTTP/1.1" 200 20391 "-" "Mozilla/5.0 (Linux; Android 6.0.1; Nexus 5X Build/MMB29P) AppleWebKit/537.36 (KHTML, like Gecko) Chrome/41.0.2272.96 Mobile Safari/537.36 (compatible; Googlebot/2.1; +http://www.google.com/bot.html)"
40.77.167.95 810888 - [20/Mar/2020:13:21:18 -0400] "GET /newyork/tag/activities/ HTTP/1.1" 200 18148 "-" "Mozilla/5.0 (compatible; bingbot/2.0; +http://www.bing.com/bingbot.htm)"
40.77.167.95 235785 - [20/Mar/2020:13:21:19 -0400] "GET /col1/baby/signing-with-your-little-one-for-halloween/ HTTP/1.1" 301 3255 "-" "Mozilla/5.0 (compatible; bingbot/2.0; +http://www.bing.com/bingbot.htm)"
205.164.44.178 315360 - [20/Mar/2020:13:21:22 -0400] "POST /boston/wp-cron.php?doing_wp_cron=1584724882.3453478813171386718750 HTTP/1.1" 410 4162 "https://mommybites.com/boston/wp-cron.php?doing_wp_cron=1584724882.3453478813171386718750" "WordPress/5.2.3; https://mommybites.com/boston"
40.77.167.154 514873 - [20/Mar/2020:13:21:22 -0400] "GET /find-nanny-job/ HTTP/1.1" 200 16778 "-" "Mozilla/5.0 (compatible; bingbot/2.0; +http://www.bing.com/bingbot.htm)"
40.77.167.154 682397 - [20/Mar/2020:13:21:23 -0400] "GET /newyork/board-text/event-email-success/ HTTP/1.1" 200 14660 "-" "Mozilla/5.0 (compatible; bingbot/2.0; +http://www.bing.com/bingbot.htm)"
40.77.167.154 667759 - [20/Mar/2020:13:21:24 -0400] "GET /tag/eat/ HTTP/1.1" 200 17283 "-" "Mozilla/5.0 (compatible; bingbot/2.0; +http://www.bing.com/bingbot.htm)"
40.77.167.154 555032 - [20/Mar/2020:13:21:25 -0400] "GET /col1/toddler/how-to-stop-hair-pulling/ HTTP/1.1" 200 17781 "-" "Mozilla/5.0 (compatible; bingbot/2.0; +http://www.bing.com/bingbot.htm)"
207.46.13.249 564998 - [20/Mar/2020:13:21:26 -0400] "GET /col1/preschool/important-considerations-choosing-preschool/ HTTP/1.1" 200 19953 "-" "Mozilla/5.0 (compatible; bingbot/2.0; +http://www.bing.com/bingbot.htm)"
40.77.167.154 715465 - [20/Mar/2020:13:21:26 -0400] "GET /col1/toddler/jumping-away-junk-food/ HTTP/1.1" 200 18932 "-" "Mozilla/5.0 (compatible; bingbot/2.0; +http://www.bing.com/bingbot.htm)"
207.46.13.249 694259 - [20/Mar/2020:13:21:26 -0400] "GET /newyork/mothers-day/honesttea/ HTTP/1.1" 200 14365 "-" "Mozilla/5.0 (compatible; bingbot/2.0; +http://www.bing.com/bingbot.htm)"
207.46.13.249 639690 - [20/Mar/2020:13:21:27 -0400] "GET /col2/moms/how-to-prep-your-child-for-daycare/ HTTP/1.1" 200 20015 "-" "Mozilla/5.0 (compatible; bingbot/2.0; +http://www.bing.com/bingbot.htm)"
207.46.13.249 565501 - [20/Mar/2020:13:21:28 -0400] "GET /col1/toddler/2014-better-candy-cheat-sheet/ HTTP/1.1" 200 21623 "-" "Mozilla/5.0 (compatible; bingbot/2.0; +http://www.bing.com/bingbot.htm)"
207.46.13.249 843246 - [20/Mar/2020:13:21:29 -0400] "GET /newyork/category/col2/big-kid/ HTTP/1.1" 200 19234 "-" "Mozilla/5.0 (compatible; bingbot/2.0; +http://www.bing.com/bingbot.htm)"
207.46.13.249 693666 - [20/Mar/2020:13:21:30 -0400] "GET /newyork/tag/speech/ HTTP/1.1" 200 14920 "-" "Mozilla/5.0 (compatible; bingbot/2.0; +http://www.bing.com/bingbot.htm)"
207.46.13.249 672270 - [20/Mar/2020:13:21:31 -0400] "GET /newyork/tag/language/ HTTP/1.1" 200 14887 "-" "Mozilla/5.0 (compatible; bingbot/2.0; +http://www.bing.com/bingbot.htm)"
207.46.13.249 519181 - [20/Mar/2020:13:21:31 -0400] "GET /nannies/nanny-post/ HTTP/1.1" 200 15010 "-" "Mozilla/5.0 (compatible; bingbot/2.0; +http://www.bing.com/bingbot.htm)"
207.46.13.249 687058 - [20/Mar/2020:13:21:32 -0400] "GET /newyork/banana-pancakes-gluten-free-dairy-free/ HTTP/1.1" 200 18484 "-" "Mozilla/5.0 (compatible; bingbot/2.0; +http://www.bing.com/bingbot.htm)"
207.46.13.249 545664 - [20/Mar/2020:13:21:33 -0400] "GET /tag/travel-with-kids/ HTTP/1.1" 200 14787 "-" "Mozilla/5.0 (compatible; bingbot/2.0; +http://www.bing.com/bingbot.htm)"
217.138.198.164 619555 - [20/Mar/2020:13:21:33 -0400] "GET / HTTP/1.1" 200 28009 "https://mommybites.com/community/blog/" "Mozilla/5.0 (Macintosh; Intel Mac OS X 10_15_3) AppleWebKit/537.36 (KHTML, like Gecko) Chrome/80.0.3987.132 Safari/537.36"
207.46.13.249 657392 - [20/Mar/2020:13:21:34 -0400] "GET /tag/realtionships/ HTTP/1.1" 200 16846 "-" "Mozilla/5.0 (compatible; bingbot/2.0; +http://www.bing.com/bingbot.htm)"
207.46.13.249 640812 - [20/Mar/2020:13:21:34 -0400] "GET /col1/prenatal/vaginal-exams-get-mean/ HTTP/1.1" 200 21172 "-" "Mozilla/5.0 (compatible; bingbot/2.0; +http://www.bing.com/bingbot.htm)"
207.46.13.249 587684 - [20/Mar/2020:13:21:35 -0400] "GET /col1/prenatal/mantras-labor/ HTTP/1.1" 200 20405 "-" "Mozilla/5.0 (compatible; bingbot/2.0; +http://www.bing.com/bingbot.htm)"
66.249.65.191 621637 - [20/Mar/2020:13:21:35 -0400] "GET /col2/grandparents/mother-law-feels-rejected-daughter-law/amp/ HTTP/1.1" 200 23670 "-" "Mozilla/5.0 (Linux; Android 6.0.1; Nexus 5X Build/MMB29P) AppleWebKit/537.36 (KHTML, like Gecko) Chrome/41.0.2272.96 Mobile Safari/537.36 (compatible; Googlebot/2.1; +http://www.google.com/bot.html)"
207.46.13.249 525744 - [20/Mar/2020:13:21:36 -0400] "GET /about/team/attachment/wendybradford_pic_1/ HTTP/1.1" 200 14553 "-" "Mozilla/5.0 (compatible; bingbot/2.0; +http://www.bing.com/bingbot.htm)"
207.46.13.249 555445 - [20/Mar/2020:13:21:37 -0400] "GET /col1/prenatal/importance-of-breathing-during-labor/ HTTP/1.1" 200 19970 "-" "Mozilla/5.0 (compatible; bingbot/2.0; +http://www.bing.com/bingbot.htm)"
207.46.13.249 562173 - [20/Mar/2020:13:21:37 -0400] "GET /col1/prenatal/breastfeeding-basics-everything-moms-need-know-teleclass-re-cap-4/ HTTP/1.1" 200 20289 "-" "Mozilla/5.0 (compatible; bingbot/2.0; +http://www.bing.com/bingbot.htm)"
207.46.13.249 540036 - [20/Mar/2020:13:21:38 -0400] "GET /col1/prenatal/making-the-transition-into-motherhood/ HTTP/1.1" 200 18308 "-" "Mozilla/5.0 (compatible; bingbot/2.0; +http://www.bing.com/bingbot.htm)"
207.46.13.249 840880 - [20/Mar/2020:13:21:39 -0400] "GET /newyork/2013/05/ HTTP/1.1" 200 17613 "-" "Mozilla/5.0 (compatible; bingbot/2.0; +http://www.bing.com/bingbot.htm)"
66.249.65.189 474442 - [20/Mar/2020:13:21:40 -0400] "GET /events/2087-03-27/ HTTP/1.1" 404 18265 "-" "Mozilla/5.0 (Linux; Android 6.0.1; Nexus 5X Build/MMB29P) AppleWebKit/537.36 (KHTML, like Gecko) Chrome/41.0.2272.96 Mobile Safari/537.36 (compatible; Googlebot/2.1; +http://www.google.com/bot.html)"
217.138.198.164 617249 - [20/Mar/2020:13:21:42 -0400] "GET /col1/baby/10-frequently-asked-questions-about-infant-sleep/ HTTP/1.1" 200 24879 "https://mommybites.com/" "Mozilla/5.0 (Macintosh; Intel Mac OS X 10_15_3) AppleWebKit/537.36 (KHTML, like Gecko) Chrome/80.0.3987.132 Safari/537.36"
207.46.13.249 560579 - [20/Mar/2020:13:21:44 -0400] "GET /col1/baby/parenting-third-child/ HTTP/1.1" 200 20770 "-" "Mozilla/5.0 (compatible; bingbot/2.0; +http://www.bing.com/bingbot.htm)"
66.249.65.189 689943 - [20/Mar/2020:13:21:45 -0400] "GET /col2/nanny/7-all-natural-ways-to-deal-with-baby-eczema/amp/ HTTP/1.1" 200 22196 "-" "Mozilla/5.0 (Linux; Android 6.0.1; Nexus 5X Build/MMB29P) AppleWebKit/537.36 (KHTML, like Gecko) Chrome/41.0.2272.96 Mobile Safari/537.36 (compatible; Googlebot/2.1; +http://www.google.com/bot.html)"
66.249.65.189 602927 - [20/Mar/2020:13:21:47 -0400] "GET /col2/nanny/7-all-natural-ways-to-deal-with-baby-eczema/amp/ HTTP/1.1" 200 22196 "-" "Mozilla/5.0 (Linux; Android 6.0.1; Nexus 5X Build/MMB29P) AppleWebKit/537.36 (KHTML, like Gecko) Chrome/41.0.2272.96 Mobile Safari/537.36 (compatible; Googlebot/2.1; +http://www.google.com/bot.html)"
217.138.198.164 417495 - [20/Mar/2020:13:21:48 -0400] "POST /wp-admin/admin-ajax.php HTTP/1.1" 200 3362 "https://mommybites.com/wp-admin/post.php?post=15867&action=edit" "Mozilla/5.0 (Macintosh; Intel Mac OS X 10_15_3) AppleWebKit/537.36 (KHTML, like Gecko) Chrome/80.0.3987.132 Safari/537.36"
207.46.13.226 334440 - [20/Mar/2020:13:21:49 -0400] "GET /feed/ HTTP/1.1" 304 2916 "-" "Mozilla/5.0 (compatible; bingbot/2.0; +http://www.bing.com/bingbot.htm)"
40.77.167.154 1557661 - [20/Mar/2020:13:21:54 -0400] "GET /author/victoriajohnson/ HTTP/1.1" 200 14841 "-" "Mozilla/5.0 (compatible; bingbot/2.0; +http://www.bing.com/bingbot.htm)"
66.249.65.189 759546 - [20/Mar/2020:13:21:56 -0400] "GET /sitemap_index.xml HTTP/1.1" 200 3564 "-" "Mozilla/5.0 (compatible; Googlebot/2.1; +http://www.google.com/bot.html)"
40.77.167.154 539112 - [20/Mar/2020:13:21:57 -0400] "GET /col2/moms/getting-away/ HTTP/1.1" 200 18420 "-" "Mozilla/5.0 (compatible; bingbot/2.0; +http://www.bing.com/bingbot.htm)"
40.77.167.154 639564 - [20/Mar/2020:13:21:58 -0400] "GET /col2/nanny/my-toddler-cries-when-i-leave-the-house/ HTTP/1.1" 200 21289 "-" "Mozilla/5.0 (compatible; bingbot/2.0; +http://www.bing.com/bingbot.htm)"
23.100.232.233 633289 - [20/Mar/2020:13:21:58 -0400] "GET /col2/moms/overprotective-daughter-law-limits-grandparents-access/ HTTP/1.1" 200 20761 "-" "Mozilla/5.0 (compatible; MSIE 9.0; Windows NT 6.1; Trident/5.0; Trident/5.0)"
205.164.44.178 5455552 - [20/Mar/2020:13:21:55 -0400] "POST /wp-cron.php?doing_wp_cron=1584724915.0798161029815673828125 HTTP/1.1" 200 3099 "https://mommybites.com/wp-cron.php?doing_wp_cron=1584724915.0798161029815673828125" "WordPress/5.2.3; https://mommybites.com"
40.77.167.154 633502 - [20/Mar/2020:13:22:00 -0400] "GET /col1/prenatal/birth-revealed%E2%80%93-things-you-need-to-know-about-vbacs-twins-breech-cesarean-sections/ HTTP/1.1" 200 19129 "-" "Mozilla/5.0 (compatible; bingbot/2.0; +http://www.bing.com/bingbot.htm)"
40.77.167.95 540940 - [20/Mar/2020:13:22:00 -0400] "GET /col2/moms/a/ HTTP/1.1" 200 17115 "-" "Mozilla/5.0 (compatible; bingbot/2.0; +http://www.bing.com/bingbot.htm)"
40.77.167.154 614187 - [20/Mar/2020:13:22:01 -0400] "GET /col1/baby/preparing-for-your-child%E2%80%99s-medical-visits-comforting-techniques/ HTTP/1.1" 200 21196 "-" "Mozilla/5.0 (compatible; bingbot/2.0; +http://www.bing.com/bingbot.htm)"
46.229.168.162 782430 - [20/Mar/2020:13:22:01 -0400] "GET /newyork/how-to-teach-sustainability-from-a-young-age/ HTTP/1.1" 200 20163 "-" "Mozilla/5.0 (compatible; SemrushBot/6~bl; +http://www.semrush.com/bot.html)"
217.138.198.164 622569 - [20/Mar/2020:13:22:09 -0400] "GET /col1/prenatal/why-movement-is-important-during-labor/ HTTP/1.1" 200 26111 "https://mommybites.com/" "Mozilla/5.0 (Macintosh; Intel Mac OS X 10_15_3) AppleWebKit/537.36 (KHTML, like Gecko) Chrome/80.0.3987.132 Safari/537.36" 2 351536 - [20/Mar/2020:13:22:10 -0400] "GET /newyork/child-care/nanny-post/feed/ HTTP/1.1" 200 3827 "-" "Gofeed/1.0" 2 342349 - [20/Mar/2020:13:22:10 -0400] "GET /newyork/child-care/nanny-post-view/feed/ HTTP/1.1" 200 3831 "-" "Gofeed/1.0"
217.138.198.164 415279 - [20/Mar/2020:13:22:18 -0400] "POST /wp-admin/admin-ajax.php HTTP/1.1" 200 3324 "https://mommybites.com/wp-admin/admin.php?page=nbn-top-level-handle" "Mozilla/5.0 (Macintosh; Intel Mac OS X 10_15_3) AppleWebKit/537.36 (KHTML, like Gecko) Chrome/80.0.3987.132 Safari/537.36"
205.164.44.178 386944 - [20/Mar/2020:13:22:23 -0400] "POST /boston/wp-cron.php?doing_wp_cron=1584724943.8681569099426269531250 HTTP/1.1" 410 4162 "https://mommybites.com/boston/wp-cron.php?doing_wp_cron=1584724943.8681569099426269531250" "WordPress/5.2.3; https://mommybites.com/boston"
66.249.65.189 627579 - [20/Mar/2020:13:22:43 -0400] "GET /col1/baby/what-shots-does-my-baby-receive-and-when/amp/ HTTP/1.1" 200 22313 "-" "Mozilla/5.0 (Linux; Android 6.0.1; Nexus 5X Build/MMB29P) AppleWebKit/537.36 (KHTML, like Gecko) Chrome/41.0.2272.96 Mobile Safari/537.36 (compatible; Googlebot/2.1; +http://www.google.com/bot.html)"
