| Server IP : 104.21.21.239 / Your IP : 216.73.216.11 Web Server : Apache/2.4.68 (Amazon Linux) OpenSSL/3.5.5 System : Linux ip-172-31-69-123.ec2.internal 6.1.176-223.369.amzn2023.x86_64 #1 SMP PREEMPT_DYNAMIC Fri Jul 24 13:34:27 UTC 2026 x86_64 User : ec2-user ( 1000) PHP Version : 8.4.23 Disable Function : NONE MySQL : OFF | cURL : ON | WGET : ON | Perl : ON | Python : OFF | Sudo : ON | Pkexec : ON Directory : /home/home2/mommybites/ |
Upload File : |
46.229.168.129 602765 - [20/Mar/2020:13:00:00 -0400] "GET /col2/moms/green-parenting-eat-only-what-you-can-pronounce/ HTTP/1.1" 200 18886 "-" "Mozilla/5.0 (compatible; SemrushBot/6~bl; +http://www.semrush.com/bot.html)"
205.164.44.178 310899 - [20/Mar/2020:13:00:01 -0400] "GET /sitemaps/job_sitemap.php HTTP/1.1" 200 3099 "-" "curl/7.58.0"
207.46.13.226 331639 - [20/Mar/2020:13:00:04 -0400] "GET /feed/ HTTP/1.1" 304 2916 "-" "Mozilla/5.0 (compatible; bingbot/2.0; +http://www.bing.com/bingbot.htm)"
66.249.65.181 609059 - [20/Mar/2020:13:00:06 -0400] "GET /col2/moms/how-to-handle-my-spoiled-niece-and-nephew/amp/ HTTP/1.1" 200 23251 "-" "Mozilla/5.0 (Linux; Android 6.0.1; Nexus 5X Build/MMB29P) AppleWebKit/537.36 (KHTML, like Gecko) Chrome/41.0.2272.96 Mobile Safari/537.36 (compatible; Googlebot/2.1; +http://www.google.com/bot.html)"
46.229.168.143 763223 - [20/Mar/2020:13:00:09 -0400] "GET /newyork/blog/page/8/ HTTP/1.1" 200 18038 "-" "Mozilla/5.0 (compatible; SemrushBot/6~bl; +http://www.semrush.com/bot.html)"
66.249.65.179 600771 - [20/Mar/2020:13:00:12 -0400] "GET /col1/baby/questions-to-ask-at-first-newborn-doctor-visit/amp/ HTTP/1.1" 200 23937 "-" "Mozilla/5.0 (Linux; Android 6.0.1; Nexus 5X Build/MMB29P) AppleWebKit/537.36 (KHTML, like Gecko) Chrome/41.0.2272.96 Mobile Safari/537.36 (compatible; Googlebot/2.1; +http://www.google.com/bot.html)"
66.249.65.177 561498 - [20/Mar/2020:13:00:37 -0400] "GET /col1/toddler/how-long-can-my-toddler-concentrate/amp/ HTTP/1.1" 200 22551 "-" "Mozilla/5.0 (Linux; Android 6.0.1; Nexus 5X Build/MMB29P) AppleWebKit/537.36 (KHTML, like Gecko) Chrome/41.0.2272.96 Mobile Safari/537.36 (compatible; Googlebot/2.1; +http://www.google.com/bot.html)"
66.249.65.177 513808 - [20/Mar/2020:13:00:58 -0400] "GET /newyork/find-flexible-work-home-jobs/amp/ HTTP/1.1" 200 20811 "-" "Mozilla/5.0 (Linux; Android 6.0.1; Nexus 5X Build/MMB29P) AppleWebKit/537.36 (KHTML, like Gecko) Chrome/41.0.2272.96 Mobile Safari/537.36 (compatible; Googlebot/2.1; +http://www.google.com/bot.html)"
77.88.47.250 753973 - [20/Mar/2020:13:01:06 -0400] "GET /col2/big-kid/my-best-self-how-sports-transformed-me/ HTTP/1.1" 200 19138 "-" "Mozilla/5.0 (compatible; YandexBot/3.0; +http://yandex.com/bots)"
207.46.13.226 335844 - [20/Mar/2020:13:01:09 -0400] "GET /feed/ HTTP/1.1" 304 2916 "-" "Mozilla/5.0 (compatible; bingbot/2.0; +http://www.bing.com/bingbot.htm)"
66.249.65.179 589353 - [20/Mar/2020:13:01:22 -0400] "GET /col1/baby/baby-acne-causes-and-treatment-part-2/amp/ HTTP/1.1" 200 21872 "-" "Mozilla/5.0 (Linux; Android 6.0.1; Nexus 5X Build/MMB29P) AppleWebKit/537.36 (KHTML, like Gecko) Chrome/41.0.2272.96 Mobile Safari/537.36 (compatible; Googlebot/2.1; +http://www.google.com/bot.html)"
173.67.147.252 717727 - [20/Mar/2020:13:01:29 -0400] "GET /col2/moms/5-adaptations-parents-with-disabilities-can-make-for-better-child-care/ HTTP/1.1" 200 20116 "-" "Mozilla/5.0 (Macintosh; Intel Mac OS X 10_14_6) AppleWebKit/537.36 (KHTML, like Gecko) Chrome/80.0.3987.132 Safari/537.36"
66.249.65.179 478296 - [20/Mar/2020:13:01:30 -0400] "GET /events/2251-03-30/ HTTP/1.1" 404 18266 "-" "Mozilla/5.0 (Linux; Android 6.0.1; Nexus 5X Build/MMB29P) AppleWebKit/537.36 (KHTML, like Gecko) Chrome/41.0.2272.96 Mobile Safari/537.36 (compatible; Googlebot/2.1; +http://www.google.com/bot.html)"
173.67.147.252 1517 - [20/Mar/2020:13:01:34 -0400] "GET /wp-content/themes/mb-std-17/images/site.webmanifest HTTP/1.1" 200 3252 "https://mommybites.com/col2/moms/5-adaptations-parents-with-disabilities-can-make-for-better-child-care/" "Mozilla/5.0 (Macintosh; Intel Mac OS X 10_14_6) AppleWebKit/537.36 (KHTML, like Gecko) Chrome/80.0.3987.132 Safari/537.36"
66.249.65.177 560944 - [20/Mar/2020:13:01:50 -0400] "GET /col1/baby/when-can-you-stop-burping-your-baby/amp/ HTTP/1.1" 200 20710 "-" "Mozilla/5.0 (Linux; Android 6.0.1; Nexus 5X Build/MMB29P) AppleWebKit/537.36 (KHTML, like Gecko) Chrome/41.0.2272.96 Mobile Safari/537.36 (compatible; Googlebot/2.1; +http://www.google.com/bot.html)"
173.67.147.252 2646 - [20/Mar/2020:13:01:53 -0400] "GET /wp-content/themes/mb-std-17/css/template.css.map HTTP/1.1" 200 6598 "-" "Mozilla/5.0 (Macintosh; Intel Mac OS X 10_14_6) AppleWebKit/537.36 (KHTML, like Gecko) Chrome/80.0.3987.132 Safari/537.36"
66.249.65.181 574859 - [20/Mar/2020:13:02:03 -0400] "GET /col1/toddler/son-living-with-us/amp/ HTTP/1.1" 200 23709 "-" "Mozilla/5.0 (Linux; Android 6.0.1; Nexus 5X Build/MMB29P) AppleWebKit/537.36 (KHTML, like Gecko) Chrome/41.0.2272.96 Mobile Safari/537.36 (compatible; Googlebot/2.1; +http://www.google.com/bot.html)"
198.58.102.155 332108 - [20/Mar/2020:13:02:11 -0400] "GET /feed/ HTTP/1.1" 304 2916 "http://mommybites.com/feed/" "Superfeedr bot/2.0 http://superfeedr.com - Make your feeds realtime: get in touch - feed-id:1395961408"
207.46.13.226 332642 - [20/Mar/2020:13:02:20 -0400] "GET /feed/ HTTP/1.1" 304 2916 "-" "Mozilla/5.0 (compatible; bingbot/2.0; +http://www.bing.com/bingbot.htm)"
46.229.168.147 643707 - [20/Mar/2020:13:02:20 -0400] "GET /col2/moms/moms-time-protect-precious-time/ HTTP/1.1" 200 21003 "-" "Mozilla/5.0 (compatible; SemrushBot/6~bl; +http://www.semrush.com/bot.html)"
66.249.65.179 701873 - [20/Mar/2020:13:02:27 -0400] "GET /col1/prenatal/healing-after-vaginal-birth/amp/ HTTP/1.1" 200 22807 "-" "Mozilla/5.0 (Linux; Android 6.0.1; Nexus 5X Build/MMB29P) AppleWebKit/537.36 (KHTML, like Gecko) Chrome/41.0.2272.96 Mobile Safari/537.36 (compatible; Googlebot/2.1; +http://www.google.com/bot.html)"
205.164.44.178 384710 - [20/Mar/2020:13:02:36 -0400] "POST /boston/wp-cron.php?doing_wp_cron=1584723756.6351389884948730468750 HTTP/1.1" 410 4162 "https://mommybites.com/boston/wp-cron.php?doing_wp_cron=1584723756.6351389884948730468750" "WordPress/5.2.3; https://mommybites.com/boston"
66.249.65.177 574659 - [20/Mar/2020:13:02:37 -0400] "GET /col1/baby/when-can-you-stop-burping-your-baby/amp/ HTTP/1.1" 200 20710 "-" "Mozilla/5.0 (Linux; Android 6.0.1; Nexus 5X Build/MMB29P) AppleWebKit/537.36 (KHTML, like Gecko) Chrome/41.0.2272.96 Mobile Safari/537.36 (compatible; Googlebot/2.1; +http://www.google.com/bot.html)"
66.249.65.177 554464 - [20/Mar/2020:13:02:45 -0400] "GET /col1/baby/when-can-you-stop-burping-your-baby/amp/ HTTP/1.1" 200 20710 "-" "Mozilla/5.0 (Linux; Android 6.0.1; Nexus 5X Build/MMB29P) AppleWebKit/537.36 (KHTML, like Gecko) Chrome/41.0.2272.96 Mobile Safari/537.36 (compatible; Googlebot/2.1; +http://www.google.com/bot.html)"
66.249.65.177 624963 - [20/Mar/2020:13:02:48 -0400] "GET /col1/baby/working-with-an-early-intervention-special-instructor/amp/ HTTP/1.1" 200 25987 "-" "Mozilla/5.0 (Linux; Android 6.0.1; Nexus 5X Build/MMB29P) AppleWebKit/537.36 (KHTML, like Gecko) Chrome/41.0.2272.96 Mobile Safari/537.36 (compatible; Googlebot/2.1; +http://www.google.com/bot.html)"
66.249.65.177 568914 - [20/Mar/2020:13:02:49 -0400] "GET /col1/baby/when-can-you-stop-burping-your-baby/amp/ HTTP/1.1" 200 20710 "-" "Mozilla/5.0 (Linux; Android 6.0.1; Nexus 5X Build/MMB29P) AppleWebKit/537.36 (KHTML, like Gecko) Chrome/41.0.2272.96 Mobile Safari/537.36 (compatible; Googlebot/2.1; +http://www.google.com/bot.html)"
66.249.65.177 738746 - [20/Mar/2020:13:02:54 -0400] "GET /newyork/5-differences-singleton-twin-pregnancy/ HTTP/1.1" 200 18737 "-" "Mozilla/5.0 (Linux; Android 6.0.1; Nexus 5X Build/MMB29P) AppleWebKit/537.36 (KHTML, like Gecko) Chrome/41.0.2272.96 Mobile Safari/537.36 (compatible; Googlebot/2.1; +http://www.google.com/bot.html)"
66.249.65.177 559818 - [20/Mar/2020:13:02:55 -0400] "GET /col1/baby/how-to-promote-strength-in-babies/amp/ HTTP/1.1" 200 22819 "-" "Mozilla/5.0 (Linux; Android 6.0.1; Nexus 5X Build/MMB29P) AppleWebKit/537.36 (KHTML, like Gecko) Chrome/41.0.2272.96 Mobile Safari/537.36 (compatible; Googlebot/2.1; +http://www.google.com/bot.html)"
46.229.168.153 599862 - [20/Mar/2020:13:02:55 -0400] "GET /col2/moms/sleepaway-camp-right-child/ HTTP/1.1" 200 18982 "-" "Mozilla/5.0 (compatible; SemrushBot/6~bl; +http://www.semrush.com/bot.html)" 2604 750133 - [20/Mar/2020:13:03:08 -0400] "GET /newyork/community-events/find-family-friendly-events/?ct=t(EMAIL_CAMPAIGN_03192020_NATIONAL)&mc_cid=a419e46e45&mc_eid=fb3e3ffb31 HTTP/1.1" 200 18286 "-" "Mozilla/5.0 (Windows NT 10.0; Win64; x64) AppleWebKit/537.36 (KHTML, like Gecko) Chrome/80.0.3987.132 Safari/537.36"
66.249.65.181 570471 - [20/Mar/2020:13:03:11 -0400] "GET /col2/nanny/big-boygirl-popular-phrases-ban/amp/ HTTP/1.1" 200 22571 "-" "Mozilla/5.0 (Linux; Android 6.0.1; Nexus 5X Build/MMB29P) AppleWebKit/537.36 (KHTML, like Gecko) Chrome/41.0.2272.96 Mobile Safari/537.36 (compatible; Googlebot/2.1; +http://www.google.com/bot.html)"
66.249.65.177 528472 - [20/Mar/2020:13:03:13 -0400] "GET /newyork/find-flexible-work-home-jobs/amp/ HTTP/1.1" 200 20811 "-" "Mozilla/5.0 (Linux; Android 6.0.1; Nexus 5X Build/MMB29P) AppleWebKit/537.36 (KHTML, like Gecko) Chrome/41.0.2272.96 Mobile Safari/537.36 (compatible; Googlebot/2.1; +http://www.google.com/bot.html)" 2604 1903 - [20/Mar/2020:13:03:14 -0400] "GET /newyork/wp-content/themes/mb-std-17/images/site.webmanifest HTTP/1.1" 200 3252 "https://mommybites.com/newyork/community-events/find-family-friendly-events/?ct=t(EMAIL_CAMPAIGN_03192020_NATIONAL)&mc_cid=a419e46e45&mc_eid=fb3e3ffb31" "Mozilla/5.0 (Windows NT 10.0; Win64; x64) AppleWebKit/537.36 (KHTML, like Gecko) Chrome/80.0.3987.132 Safari/537.36"
66.249.65.177 628779 - [20/Mar/2020:13:03:27 -0400] "GET /col1/baby/baby-acne-causes-and-treatment-part-2/amp/ HTTP/1.1" 200 21872 "-" "Mozilla/5.0 (Linux; Android 6.0.1; Nexus 5X Build/MMB29P) AppleWebKit/537.36 (KHTML, like Gecko) Chrome/41.0.2272.96 Mobile Safari/537.36 (compatible; Googlebot/2.1; +http://www.google.com/bot.html)"
66.249.65.177 555603 - [20/Mar/2020:13:03:28 -0400] "GET /col1/baby/how-to-promote-strength-in-babies/amp/ HTTP/1.1" 200 22819 "-" "Mozilla/5.0 (Linux; Android 6.0.1; Nexus 5X Build/MMB29P) AppleWebKit/537.36 (KHTML, like Gecko) Chrome/41.0.2272.96 Mobile Safari/537.36 (compatible; Googlebot/2.1; +http://www.google.com/bot.html)"
207.46.13.226 364736 - [20/Mar/2020:13:03:30 -0400] "GET /feed/ HTTP/1.1" 304 2916 "-" "Mozilla/5.0 (compatible; bingbot/2.0; +http://www.bing.com/bingbot.htm)"
40.77.167.55 527696 - [20/Mar/2020:13:03:55 -0400] "GET /author/pediped/ HTTP/1.1" 200 14824 "-" "Mozilla/5.0 (compatible; bingbot/2.0; +http://www.bing.com/bingbot.htm)" 2601 718360 - [20/Mar/2020:13:03:59 -0400] "GET /newyork/community-events/find-family-friendly-events/?ct=t(EMAIL_CAMPAIGN_03192020_NATIONAL)&mc_cid=a419e46e45&mc_eid=ff7363e30a HTTP/1.1" 200 18241 "-" "Mozilla/5.0 (X11; CrOS x86_64 12739.94.0) AppleWebKit/537.36 (KHTML, like Gecko) Chrome/80.0.3987.137 Safari/537.36" 2601 751223 - [20/Mar/2020:13:04:01 -0400] "GET /newyork/community-events/find-family-friendly-events/?ct=t(EMAIL_CAMPAIGN_03192020_NATIONAL)&mc_cid=a419e46e45&mc_eid=ff7363e30a HTTP/1.1" 200 18261 "-" "Mozilla/5.0 (X11; CrOS x86_64 12739.94.0) AppleWebKit/537.36 (KHTML, like Gecko) Chrome/80.0.3987.137 Safari/537.36" 2 592048 - [20/Mar/2020:13:04:09 -0400] "GET /col2/moms/6-ways-for-moms-to-reduce-anxiety-naturally/ HTTP/1.1" 206 19743 "-" "facebookexternalhit/1.1 (+http://www.facebook.com/externalhit_uatext.php)" 2601 465 - [20/Mar/2020:13:04:13 -0400] "GET /newyork/wp-content/themes/mb-std-17/images/site.webmanifest HTTP/1.1" 200 3252 "https://mommybites.com/newyork/community-events/find-family-friendly-events/?ct=t(EMAIL_CAMPAIGN_03192020_NATIONAL)&mc_cid=a419e46e45&mc_eid=ff7363e30a" "Mozilla/5.0 (X11; CrOS x86_64 12739.94.0) AppleWebKit/537.36 (KHTML, like Gecko) Chrome/80.0.3987.137 Safari/537.36"
66.249.65.177 561264 - [20/Mar/2020:13:04:22 -0400] "GET /col1/baby/how-to-promote-strength-in-babies/amp/ HTTP/1.1" 200 22819 "-" "Mozilla/5.0 (Linux; Android 6.0.1; Nexus 5X Build/MMB29P) AppleWebKit/537.36 (KHTML, like Gecko) Chrome/41.0.2272.96 Mobile Safari/537.36 (compatible; Googlebot/2.1; +http://www.google.com/bot.html)"
40.77.167.95 634167 - [20/Mar/2020:13:04:32 -0400] "GET /col2/big-kid/smilestone-on-art/ HTTP/1.1" 200 18671 "-" "Mozilla/5.0 (compatible; bingbot/2.0; +http://www.bing.com/bingbot.htm)"
207.46.13.226 330167 - [20/Mar/2020:13:04:45 -0400] "GET /feed/ HTTP/1.1" 304 2916 "-" "Mozilla/5.0 (compatible; bingbot/2.0; +http://www.bing.com/bingbot.htm)" 2 611591 - [20/Mar/2020:13:04:55 -0400] "GET /col2/grandparents/ask-dr-gramma-karen-interview-with-ed-leuchs/ HTTP/1.1" 206 20866 "-" "facebookexternalhit/1.1 (+http://www.facebook.com/externalhit_uatext.php)"
66.249.65.181 605703 - [20/Mar/2020:13:05:11 -0400] "GET /col1/baby/questions-to-ask-at-first-newborn-doctor-visit/amp/ HTTP/1.1" 200 23937 "-" "Mozilla/5.0 (Linux; Android 6.0.1; Nexus 5X Build/MMB29P) AppleWebKit/537.36 (KHTML, like Gecko) Chrome/41.0.2272.96 Mobile Safari/537.36 (compatible; Googlebot/2.1; +http://www.google.com/bot.html)"
207.46.13.226 326698 - [20/Mar/2020:13:05:50 -0400] "GET /feed/ HTTP/1.1" 304 2916 "-" "Mozilla/5.0 (compatible; bingbot/2.0; +http://www.bing.com/bingbot.htm)"
40.77.167.154 736293 - [20/Mar/2020:13:06:18 -0400] "GET /newyork/dads-they%E2%80%99re-just-like-us-mommybites-summit-session/ HTTP/1.1" 200 19902 "-" "Mozilla/5.0 (compatible; bingbot/2.0; +http://www.bing.com/bingbot.htm)"
54.167.204.95 541748 - [20/Mar/2020:13:06:22 -0400] "GET /author/renatashishkova/feed/ HTTP/1.1" 200 18292 "https://www.google.com/" "Mozilla/5.0 (Windows NT 6.3; WOW64; Trident/7.0; rv:11.0) like Gecko"
66.249.65.177 595466 - [20/Mar/2020:13:06:34 -0400] "GET /col1/baby/baby-acne-causes-and-treatment-part-2/amp/ HTTP/1.1" 200 21872 "-" "Mozilla/5.0 (Linux; Android 6.0.1; Nexus 5X Build/MMB29P) AppleWebKit/537.36 (KHTML, like Gecko) Chrome/41.0.2272.96 Mobile Safari/537.36 (compatible; Googlebot/2.1; +http://www.google.com/bot.html)"
66.249.65.177 590375 - [20/Mar/2020:13:06:38 -0400] "GET /col1/baby/when-can-we-take-my-newborn-restaurant/amp/ HTTP/1.1" 200 22373 "-" "Mozilla/5.0 (Linux; Android 6.0.1; Nexus 5X Build/MMB29P) AppleWebKit/537.36 (KHTML, like Gecko) Chrome/41.0.2272.96 Mobile Safari/537.36 (compatible; Googlebot/2.1; +http://www.google.com/bot.html)"
66.249.65.177 478668 - [20/Mar/2020:13:06:39 -0400] "GET /col1/prenatal/exercising-while-pregnant-made-simple-pregnancy-exercise-guide/attachment/pregnant-belly-2/ HTTP/1.1" 404 18307 "-" "Mozilla/5.0 (Linux; Android 6.0.1; Nexus 5X Build/MMB29P) AppleWebKit/537.36 (KHTML, like Gecko) Chrome/41.0.2272.96 Mobile Safari/537.36 (compatible; Googlebot/2.1; +http://www.google.com/bot.html)"
207.46.13.226 333809 - [20/Mar/2020:13:07:00 -0400] "GET /feed/ HTTP/1.1" 304 2916 "-" "Mozilla/5.0 (compatible; bingbot/2.0; +http://www.bing.com/bingbot.htm)"
66.249.65.177 530725 - [20/Mar/2020:13:07:12 -0400] "GET /newyork/find-flexible-work-home-jobs/amp/ HTTP/1.1" 200 20811 "-" "Mozilla/5.0 (Linux; Android 6.0.1; Nexus 5X Build/MMB29P) AppleWebKit/537.36 (KHTML, like Gecko) Chrome/41.0.2272.96 Mobile Safari/537.36 (compatible; Googlebot/2.1; +http://www.google.com/bot.html)"
66.249.65.177 565036 - [20/Mar/2020:13:07:15 -0400] "GET /newyork/creative-childcare-solutions-city-life/amp/ HTTP/1.1" 200 21073 "-" "Mozilla/5.0 (Linux; Android 6.0.1; Nexus 5X Build/MMB29P) AppleWebKit/537.36 (KHTML, like Gecko) Chrome/41.0.2272.96 Mobile Safari/537.36 (compatible; Googlebot/2.1; +http://www.google.com/bot.html)"
3.81.200.105 617787 - [20/Mar/2020:13:07:31 -0400] "GET /author/lauracorp/feed/ HTTP/1.1" 200 14636 "https://www.google.com/" "Mozilla/5.0 (Windows NT 6.2; Win64; x64) AppleWebKit/537.36 (KHTML, like Gecko) Chrome/60.0.3112.90 Safari/537.36"
66.249.65.177 559723 - [20/Mar/2020:13:07:50 -0400] "GET /col1/baby/how-do-i-get-chores-done-with-a-newborn/amp/ HTTP/1.1" 200 23940 "-" "Mozilla/5.0 (Linux; Android 6.0.1; Nexus 5X Build/MMB29P) AppleWebKit/537.36 (KHTML, like Gecko) Chrome/41.0.2272.96 Mobile Safari/537.36 (compatible; Googlebot/2.1; +http://www.google.com/bot.html)"
174.7.169.168 632391 - [20/Mar/2020:13:08:04 -0400] "GET /col1/baby/carrot-quinoa-muffins/ HTTP/1.1" 200 18956 "-" "Mozilla/5.0 (Macintosh; Intel Mac OS X 10_15_3) AppleWebKit/605.1.15 (KHTML, like Gecko)"
66.249.65.181 596082 - [20/Mar/2020:13:08:05 -0400] "GET /col1/baby/when-can-we-take-my-newborn-restaurant/amp/ HTTP/1.1" 200 22373 "-" "Mozilla/5.0 (Linux; Android 6.0.1; Nexus 5X Build/MMB29P) AppleWebKit/537.36 (KHTML, like Gecko) Chrome/41.0.2272.96 Mobile Safari/537.36 (compatible; Googlebot/2.1; +http://www.google.com/bot.html)"
66.249.65.179 623514 - [20/Mar/2020:13:08:29 -0400] "GET /col1/baby/baby-acne-causes-and-treatment-part-2/amp/ HTTP/1.1" 200 21872 "-" "Mozilla/5.0 (Linux; Android 6.0.1; Nexus 5X Build/MMB29P) AppleWebKit/537.36 (KHTML, like Gecko) Chrome/41.0.2272.96 Mobile Safari/537.36 (compatible; Googlebot/2.1; +http://www.google.com/bot.html)"
66.249.65.177 574828 - [20/Mar/2020:13:08:44 -0400] "GET /col2/nanny/big-boygirl-popular-phrases-ban/amp/ HTTP/1.1" 200 22571 "-" "Mozilla/5.0 (Linux; Android 6.0.1; Nexus 5X Build/MMB29P) AppleWebKit/537.36 (KHTML, like Gecko) Chrome/41.0.2272.96 Mobile Safari/537.36 (compatible; Googlebot/2.1; +http://www.google.com/bot.html)"
207.46.13.226 329750 - [20/Mar/2020:13:08:51 -0400] "GET /feed/ HTTP/1.1" 304 2916 "-" "Mozilla/5.0 (compatible; bingbot/2.0; +http://www.bing.com/bingbot.htm)"
66.249.65.179 602283 - [20/Mar/2020:13:09:06 -0400] "GET /col1/prenatal/healing-after-vaginal-birth/amp/ HTTP/1.1" 200 22807 "-" "Mozilla/5.0 (Linux; Android 6.0.1; Nexus 5X Build/MMB29P) AppleWebKit/537.36 (KHTML, like Gecko) Chrome/41.0.2272.96 Mobile Safari/537.36 (compatible; Googlebot/2.1; +http://www.google.com/bot.html)"
66.249.65.177 620251 - [20/Mar/2020:13:09:20 -0400] "GET /col2/moms/7-healthy-bedtime-snacks-help-kids-fall-asleep-fast/amp/ HTTP/1.1" 200 22523 "-" "Mozilla/5.0 (Linux; Android 6.0.1; Nexus 5X Build/MMB29P) AppleWebKit/537.36 (KHTML, like Gecko) Chrome/41.0.2272.96 Mobile Safari/537.36 (compatible; Googlebot/2.1; +http://www.google.com/bot.html)"
66.249.65.177 742453 - [20/Mar/2020:13:09:28 -0400] "GET /col1/prenatal/healing-after-vaginal-birth/amp/ HTTP/1.1" 200 22807 "-" "Mozilla/5.0 (Linux; Android 6.0.1; Nexus 5X Build/MMB29P) AppleWebKit/537.36 (KHTML, like Gecko) Chrome/41.0.2272.96 Mobile Safari/537.36 (compatible; Googlebot/2.1; +http://www.google.com/bot.html)"
40.77.167.95 615123 - [20/Mar/2020:13:09:35 -0400] "GET /col1/toddler/what-are-some-great-activities-i-can-do-with-my-toddler-while-we-are-at-a-restaurant/ HTTP/1.1" 200 20795 "-" "Mozilla/5.0 (compatible; bingbot/2.0; +http://www.bing.com/bingbot.htm)"
66.249.65.177 588631 - [20/Mar/2020:13:09:38 -0400] "GET /col1/prenatal/mantras-labor/amp/ HTTP/1.1" 200 22653 "-" "Mozilla/5.0 (Linux; Android 6.0.1; Nexus 5X Build/MMB29P) AppleWebKit/537.36 (KHTML, like Gecko) Chrome/41.0.2272.96 Mobile Safari/537.36 (compatible; Googlebot/2.1; +http://www.google.com/bot.html)"
46.229.168.148 674021 - [20/Mar/2020:13:09:43 -0400] "GET /category/col2/moms/page/162/ HTTP/1.1" 200 17319 "-" "Mozilla/5.0 (compatible; SemrushBot/6~bl; +http://www.semrush.com/bot.html)"
46.229.168.140 635666 - [20/Mar/2020:13:09:50 -0400] "GET /tag/support/ HTTP/1.1" 200 16845 "-" "Mozilla/5.0 (compatible; SemrushBot/6~bl; +http://www.semrush.com/bot.html)"
205.164.44.178 311179 - [20/Mar/2020:13:09:54 -0400] "POST /boston/wp-cron.php?doing_wp_cron=1584724194.6701240539550781250000 HTTP/1.1" 410 4162 "https://mommybites.com/boston/wp-cron.php?doing_wp_cron=1584724194.6701240539550781250000" "WordPress/5.2.3; https://mommybites.com/boston"
66.249.65.177 576490 - [20/Mar/2020:13:10:01 -0400] "GET /col1/baby/when-can-you-stop-burping-your-baby/amp/ HTTP/1.1" 200 20710 "-" "Mozilla/5.0 (Linux; Android 6.0.1; Nexus 5X Build/MMB29P) AppleWebKit/537.36 (KHTML, like Gecko) Chrome/41.0.2272.96 Mobile Safari/537.36 (compatible; Googlebot/2.1; +http://www.google.com/bot.html)" 2409 549 - [20/Mar/2020:13:10:19 -0400] "GET /robots.txt HTTP/1.1" 200 888 "-" "Mozilla/5.0(Linux;U;Android 5.1.1;zh-CN;OPPO A33 Build/LMY47V) AppleWebKit/537.36(KHTML,like Gecko) Version/4.0 Chrome/40.0.2214.89 UCBrowser/11.7.0.953 Mobile Safari/537.36"
66.249.65.177 540442 - [20/Mar/2020:13:10:24 -0400] "GET /col2/moms/raffle-time-keeping-life-organized/comment-page-1/ HTTP/1.1" 404 18286 "-" "Mozilla/5.0 (Linux; Android 6.0.1; Nexus 5X Build/MMB29P) AppleWebKit/537.36 (KHTML, like Gecko) Chrome/41.0.2272.96 Mobile Safari/537.36 (compatible; Googlebot/2.1; +http://www.google.com/bot.html)"
47.18.43.28 840747 - [20/Mar/2020:13:10:32 -0400] "GET /newyork/ HTTP/1.1" 200 23415 "https://mommybites.com/newyork/child-care/share-a-nanny/?utm_source=Nanny%20Share%20Board&utm_medium=Nanny%20Share%20Board&utm_campaign=Nanny%20Share%20Board" "Mozilla/5.0 (Macintosh; Intel Mac OS X 10_15) AppleWebKit/605.1.15 (KHTML, like Gecko) Version/13.0.5 Safari/605.1.15"
207.46.13.226 333329 - [20/Mar/2020:13:10:35 -0400] "GET /feed/ HTTP/1.1" 304 2916 "-" "Mozilla/5.0 (compatible; bingbot/2.0; +http://www.bing.com/bingbot.htm)"
220.186.87.222 1601 - [20/Mar/2020:13:10:43 -0400] "GET /robots.txt HTTP/1.1" 200 888 "-" "Mozilla/5.0(Linux;Android 5.1.1;OPPO A33 Build/LMY47V;wv) AppleWebKit/537.36(KHTML,link Gecko) Version/4.0 Chrome/42.0.2311.138 Mobile Safari/537.36 Mb2345Browser/9.0"
46.229.168.146 727263 - [20/Mar/2020:13:10:44 -0400] "GET /category/col1/baby/page/47/ HTTP/1.1" 200 18030 "-" "Mozilla/5.0 (compatible; SemrushBot/6~bl; +http://www.semrush.com/bot.html)"
185.170.170.2 624801 - [20/Mar/2020:13:10:51 -0400] "GET /col2/moms/achieving-a-higher-education-as-a-new-parent/ HTTP/1.1" 200 19609 "-" "Mozilla/5.0 (Macintosh; U; PPC Mac OS X; en) AppleWebKit/125.2 (KHTML, like Gecko) Safari/125.8"
114.119.165.66 510 - [20/Mar/2020:13:11:01 -0400] "GET /robots.txt HTTP/1.1" 200 888 "-" "Mozilla/5.0 (Linux; Android 7.0;) AppleWebKit/537.36 (KHTML, like Gecko) Mobile Safari/537.36 (compatible; AspiegelBot)"
66.249.65.179 601594 - [20/Mar/2020:13:11:15 -0400] "GET /col2/moms/kid-loud-can/amp/ HTTP/1.1" 200 22564 "-" "Mozilla/5.0 (Linux; Android 6.0.1; Nexus 5X Build/MMB29P) AppleWebKit/537.36 (KHTML, like Gecko) Chrome/80.0.3987.92 Mobile Safari/537.36 (compatible; Googlebot/2.1; +http://www.google.com/bot.html)"
66.249.65.179 604079 - [20/Mar/2020:13:11:16 -0400] "GET /col2/moms/kid-loud-can/amp/ HTTP/1.1" 200 22564 "-" "Mozilla/5.0 (Linux; Android 6.0.1; Nexus 5X Build/MMB29P) AppleWebKit/537.36 (KHTML, like Gecko) Chrome/41.0.2272.96 Mobile Safari/537.36 (compatible; Googlebot/2.1; +http://www.google.com/bot.html)"
72.218.57.70 642888 - [20/Mar/2020:13:11:17 -0400] "GET /col2/moms/7-healthy-bedtime-snacks-help-kids-fall-asleep-fast/ HTTP/1.1" 200 19633 "https://www.google.com/" "Mozilla/5.0 (Windows NT 10.0; Win64; x64; rv:74.0) Gecko/20100101 Firefox/74.0"
66.249.65.179 465378 - [20/Mar/2020:13:11:23 -0400] "GET /free-online-parenting-classes/amp/ HTTP/1.1" 200 14523 "-" "Mozilla/5.0 (Linux; Android 6.0.1; Nexus 5X Build/MMB29P) AppleWebKit/537.36 (KHTML, like Gecko) Chrome/41.0.2272.96 Mobile Safari/537.36 (compatible; Googlebot/2.1; +http://www.google.com/bot.html)"
66.249.65.177 562871 - [20/Mar/2020:13:11:26 -0400] "GET /col1/baby/when-can-you-stop-burping-your-baby/amp/ HTTP/1.1" 200 20710 "-" "Mozilla/5.0 (Linux; Android 6.0.1; Nexus 5X Build/MMB29P) AppleWebKit/537.36 (KHTML, like Gecko) Chrome/41.0.2272.96 Mobile Safari/537.36 (compatible; Googlebot/2.1; +http://www.google.com/bot.html)"
209.122.240.15 749261 - [20/Mar/2020:13:11:32 -0400] "GET /newyork/community-events/find-family-friendly-events/?ct=t(EMAIL_CAMPAIGN_03192020)&mc_cid=8bd34823d5&mc_eid=6d6f746471 HTTP/1.1" 200 18266 "-" "Mozilla/5.0 (iPhone; CPU iPhone OS 13_3_1 like Mac OS X) AppleWebKit/605.1.15 (KHTML, like Gecko) Version/13.0.5 Mobile/15E148 Safari/604.1"
66.249.65.177 570271 - [20/Mar/2020:13:11:39 -0400] "GET /col1/baby/does-breastfeeding-really-ruin-your-breasts/amp/ HTTP/1.1" 200 22641 "-" "Mozilla/5.0 (Linux; Android 6.0.1; Nexus 5X Build/MMB29P) AppleWebKit/537.36 (KHTML, like Gecko) Chrome/41.0.2272.96 Mobile Safari/537.36 (compatible; Googlebot/2.1; +http://www.google.com/bot.html)"
207.46.13.226 349448 - [20/Mar/2020:13:11:46 -0400] "GET /feed/ HTTP/1.1" 304 2916 "-" "Mozilla/5.0 (compatible; bingbot/2.0; +http://www.bing.com/bingbot.htm)"
66.249.65.177 487292 - [20/Mar/2020:13:11:46 -0400] "GET /events/category/moms/2012-06-12/ HTTP/1.1" 404 18299 "-" "Mozilla/5.0 (compatible; Googlebot/2.1; +http://www.google.com/bot.html)"
64.233.173.112 793741 - [20/Mar/2020:13:11:53 -0400] "GET /col2/dads-col2/potty-training-troubles/amp/ HTTP/1.1" 200 21579 "-" "Mozilla/5.0 (Linux; Android 6.0.1; Nexus 5X Build/MMB29P) AppleWebKit/537.36 (KHTML, like Gecko) Chrome/41.0.2272.96 Mobile Safari/537.36 (compatible; Google-AMPHTML)"
66.249.65.177 590633 - [20/Mar/2020:13:11:57 -0400] "GET /col2/dads-col2/potty-training-troubles/ HTTP/1.1" 200 18652 "-" "Mozilla/5.0 (Linux; Android 6.0.1; Nexus 5X Build/MMB29P) AppleWebKit/537.36 (KHTML, like Gecko) Chrome/41.0.2272.96 Mobile Safari/537.36 (compatible; Googlebot/2.1; +http://www.google.com/bot.html)"
66.249.65.177 480100 - [20/Mar/2020:13:11:59 -0400] "GET /events/2135-08-04/ HTTP/1.1" 404 18266 "-" "Mozilla/5.0 (Linux; Android 6.0.1; Nexus 5X Build/MMB29P) AppleWebKit/537.36 (KHTML, like Gecko) Chrome/41.0.2272.96 Mobile Safari/537.36 (compatible; Googlebot/2.1; +http://www.google.com/bot.html)"
66.249.65.177 516180 - [20/Mar/2020:13:12:06 -0400] "GET /newyork/find-flexible-work-home-jobs/amp/ HTTP/1.1" 200 20811 "-" "Mozilla/5.0 (Linux; Android 6.0.1; Nexus 5X Build/MMB29P) AppleWebKit/537.36 (KHTML, like Gecko) Chrome/41.0.2272.96 Mobile Safari/537.36 (compatible; Googlebot/2.1; +http://www.google.com/bot.html)"
205.164.44.178 315106 - [20/Mar/2020:13:12:07 -0400] "POST /boston/wp-cron.php?doing_wp_cron=1584724327.5117518901824951171875 HTTP/1.1" 410 4162 "https://mommybites.com/boston/wp-cron.php?doing_wp_cron=1584724327.5117518901824951171875" "WordPress/5.2.3; https://mommybites.com/boston"
17.58.100.167 712942 - [20/Mar/2020:13:12:07 -0400] "GET /boston/child-care HTTP/1.1" 410 4162 "-" "Mozilla/5.0 (Macintosh; Intel Mac OS X 10_10_1) AppleWebKit/600.2.5 (KHTML, like Gecko) Version/8.0.2 Safari/600.2.5 (Applebot/0.1; +http://www.apple.com/go/applebot)"
66.249.65.177 600796 - [20/Mar/2020:13:12:09 -0400] "GET /col1/baby/how-to-promote-strength-in-babies/amp/ HTTP/1.1" 200 22819 "-" "Mozilla/5.0 (Linux; Android 6.0.1; Nexus 5X Build/MMB29P) AppleWebKit/537.36 (KHTML, like Gecko) Chrome/41.0.2272.96 Mobile Safari/537.36 (compatible; Googlebot/2.1; +http://www.google.com/bot.html)"
66.249.65.177 582302 - [20/Mar/2020:13:12:12 -0400] "GET /col1/prenatal/avoid-soy%E2%80%94for-you-and-for-baby/ HTTP/1.1" 200 19649 "-" "Mozilla/5.0 (Linux; Android 6.0.1; Nexus 5X Build/MMB29P) AppleWebKit/537.36 (KHTML, like Gecko) Chrome/41.0.2272.96 Mobile Safari/537.36 (compatible; Googlebot/2.1; +http://www.google.com/bot.html)"
66.249.65.177 593868 - [20/Mar/2020:13:12:14 -0400] "GET /col1/prenatal/healing-after-vaginal-birth/amp/ HTTP/1.1" 200 22807 "-" "Mozilla/5.0 (Linux; Android 6.0.1; Nexus 5X Build/MMB29P) AppleWebKit/537.36 (KHTML, like Gecko) Chrome/41.0.2272.96 Mobile Safari/537.36 (compatible; Googlebot/2.1; +http://www.google.com/bot.html)"
217.138.198.164 680246 - [20/Mar/2020:13:12:16 -0400] "GET / HTTP/1.1" 200 22954 "https://mommybites.com/?s=Jobs" "Mozilla/5.0 (Macintosh; Intel Mac OS X 10_15_3) AppleWebKit/537.36 (KHTML, like Gecko) Chrome/80.0.3987.132 Safari/537.36" 2600 768890 - [20/Mar/2020:13:12:30 -0400] "GET /newyork/community-events/find-family-friendly-events/ HTTP/1.1" 200 18219 "-" "Mozilla/5.0 (iPhone; CPU iPhone OS 13_3_1 like Mac OS X) AppleWebKit/605.1.15 (KHTML, like Gecko) Version/13.0.5 Mobile/15E148 Safari/604.1"
46.229.168.144 692493 - [20/Mar/2020:13:12:33 -0400] "GET /newyork/ny-baby-show-2017-favorites/img_3121/ HTTP/1.1" 200 14696 "-" "Mozilla/5.0 (compatible; SemrushBot/6~bl; +http://www.semrush.com/bot.html)"
66.249.65.177 561503 - [20/Mar/2020:13:12:37 -0400] "GET /col1/baby/does-breastfeeding-really-ruin-your-breasts/amp/ HTTP/1.1" 200 22641 "-" "Mozilla/5.0 (Linux; Android 6.0.1; Nexus 5X Build/MMB29P) AppleWebKit/537.36 (KHTML, like Gecko) Chrome/41.0.2272.96 Mobile Safari/537.36 (compatible; Googlebot/2.1; +http://www.google.com/bot.html)"
217.138.198.164 612243 - [20/Mar/2020:13:12:38 -0400] "GET /col1/baby/10-frequently-asked-questions-about-infant-sleep/ HTTP/1.1" 200 19861 "https://mommybites.com/" "Mozilla/5.0 (Macintosh; Intel Mac OS X 10_15_3) AppleWebKit/537.36 (KHTML, like Gecko) Chrome/80.0.3987.132 Safari/537.36"
37.187.162.193 315682 - [20/Mar/2020:13:12:41 -0400] "GET /newyork/feed/ HTTP/1.1" 304 2916 "-" "Mozilla/5.0 (compatible; PaperLiBot/2.1; https://support.paper.li/entries/20023257-what-is-paper-li)"
207.46.13.226 322780 - [20/Mar/2020:13:12:51 -0400] "GET /feed/ HTTP/1.1" 304 2916 "-" "Mozilla/5.0 (compatible; bingbot/2.0; +http://www.bing.com/bingbot.htm)"
66.249.65.177 586945 - [20/Mar/2020:13:12:55 -0400] "GET /col1/baby/when-can-you-stop-burping-your-baby/amp/ HTTP/1.1" 200 20710 "-" "Mozilla/5.0 (Linux; Android 6.0.1; Nexus 5X Build/MMB29P) AppleWebKit/537.36 (KHTML, like Gecko) Chrome/41.0.2272.96 Mobile Safari/537.36 (compatible; Googlebot/2.1; +http://www.google.com/bot.html)"
66.249.65.177 569946 - [20/Mar/2020:13:13:14 -0400] "GET /col1/baby/5-best-breastfeeding-positions-new-moms/amp/ HTTP/1.1" 200 21701 "-" "Mozilla/5.0 (Linux; Android 6.0.1; Nexus 5X Build/MMB29P) AppleWebKit/537.36 (KHTML, like Gecko) Chrome/41.0.2272.96 Mobile Safari/537.36 (compatible; Googlebot/2.1; +http://www.google.com/bot.html)"
46.229.168.142 666530 - [20/Mar/2020:13:13:21 -0400] "GET /newyork/ultimate-moms-night-out/media/nyfamilysmall-4/ HTTP/1.1" 200 14409 "-" "Mozilla/5.0 (compatible; SemrushBot/6~bl; +http://www.semrush.com/bot.html)"
66.249.65.177 558568 - [20/Mar/2020:13:13:38 -0400] "GET /col2/nanny/the-value-of-a-flexible-routine/amp/ HTTP/1.1" 200 22451 "-" "Mozilla/5.0 (Linux; Android 6.0.1; Nexus 5X Build/MMB29P) AppleWebKit/537.36 (KHTML, like Gecko) Chrome/41.0.2272.96 Mobile Safari/537.36 (compatible; Googlebot/2.1; +http://www.google.com/bot.html)"
66.249.65.177 600192 - [20/Mar/2020:13:13:40 -0400] "GET /col1/baby/when-can-you-stop-burping-your-baby/amp/ HTTP/1.1" 200 20710 "-" "Mozilla/5.0 (Linux; Android 6.0.1; Nexus 5X Build/MMB29P) AppleWebKit/537.36 (KHTML, like Gecko) Chrome/41.0.2272.96 Mobile Safari/537.36 (compatible; Googlebot/2.1; +http://www.google.com/bot.html)" 2 600720 - [20/Mar/2020:13:13:41 -0400] "GET /healthy-living/unstructured-play-important/ HTTP/1.1" 206 18914 "-" "facebookexternalhit/1.1 (+http://www.facebook.com/externalhit_uatext.php)"
66.249.65.177 568705 - [20/Mar/2020:13:13:42 -0400] "GET /col1/baby/when-can-you-stop-burping-your-baby/amp/ HTTP/1.1" 200 20710 "-" "Mozilla/5.0 (Linux; Android 6.0.1; Nexus 5X Build/MMB29P) AppleWebKit/537.36 (KHTML, like Gecko) Chrome/41.0.2272.96 Mobile Safari/537.36 (compatible; Googlebot/2.1; +http://www.google.com/bot.html)"
205.164.44.178 313114 - [20/Mar/2020:13:13:50 -0400] "POST /boston/wp-cron.php?doing_wp_cron=1584724429.9847850799560546875000 HTTP/1.1" 410 4162 "https://mommybites.com/boston/wp-cron.php?doing_wp_cron=1584724429.9847850799560546875000" "WordPress/5.2.3; https://mommybites.com/boston"
66.249.65.177 522922 - [20/Mar/2020:13:13:49 -0400] "GET /newyork/find-flexible-work-home-jobs/amp/ HTTP/1.1" 200 20811 "-" "Mozilla/5.0 (Linux; Android 6.0.1; Nexus 5X Build/MMB29P) AppleWebKit/537.36 (KHTML, like Gecko) Chrome/41.0.2272.96 Mobile Safari/537.36 (compatible; Googlebot/2.1; +http://www.google.com/bot.html)"
66.249.65.177 598070 - [20/Mar/2020:13:13:52 -0400] "GET /col1/baby/questions-to-ask-at-first-newborn-doctor-visit/amp/ HTTP/1.1" 200 23937 "-" "Mozilla/5.0 (Linux; Android 6.0.1; Nexus 5X Build/MMB29P) AppleWebKit/537.36 (KHTML, like Gecko) Chrome/41.0.2272.96 Mobile Safari/537.36 (compatible; Googlebot/2.1; +http://www.google.com/bot.html)"
66.249.65.177 571989 - [20/Mar/2020:13:14:09 -0400] "GET /col1/prenatal/how-to-find-a-great-babysitter-or-nanny/ HTTP/1.1" 200 20398 "-" "Mozilla/5.0 (compatible; Googlebot/2.1; +http://www.google.com/bot.html)"
99.56.242.134 612146 - [20/Mar/2020:13:14:12 -0400] "GET /col2/dads-col2/7-tips-for-road-trips-with-toddlers/ HTTP/1.1" 200 20020 "-" "Screaming Frog SEO Spider/11.1"
96.224.32.98 331905 - [20/Mar/2020:13:14:14 -0400] "GET /child-care HTTP/1.1" 301 3233 "https://www.nymetroparents.com/article/your-family-can-overcome-coronavirus-anxiety" "Mozilla/5.0 (Macintosh; Intel Mac OS X 10_11_6) AppleWebKit/537.36 (KHTML, like Gecko) Chrome/80.0.3987.149 Safari/537.36"
96.224.32.98 575229 - [20/Mar/2020:13:14:15 -0400] "GET /child-care/ HTTP/1.1" 200 16474 "https://www.nymetroparents.com/article/your-family-can-overcome-coronavirus-anxiety" "Mozilla/5.0 (Macintosh; Intel Mac OS X 10_11_6) AppleWebKit/537.36 (KHTML, like Gecko) Chrome/80.0.3987.149 Safari/537.36"
66.249.65.177 529948 - [20/Mar/2020:13:14:22 -0400] "GET /newyork/find-flexible-work-home-jobs/amp/ HTTP/1.1" 200 20811 "-" "Mozilla/5.0 (Linux; Android 6.0.1; Nexus 5X Build/MMB29P) AppleWebKit/537.36 (KHTML, like Gecko) Chrome/41.0.2272.96 Mobile Safari/537.36 (compatible; Googlebot/2.1; +http://www.google.com/bot.html)"
66.249.65.177 611310 - [20/Mar/2020:13:14:28 -0400] "GET /col1/baby/what-shots-does-my-baby-receive-and-when/amp/ HTTP/1.1" 200 22313 "-" "Mozilla/5.0 (Linux; Android 6.0.1; Nexus 5X Build/MMB29P) AppleWebKit/537.36 (KHTML, like Gecko) Chrome/41.0.2272.96 Mobile Safari/537.36 (compatible; Googlebot/2.1; +http://www.google.com/bot.html)"
66.249.65.177 642793 - [20/Mar/2020:13:14:29 -0400] "GET /col2/moms/kid-loud-can/amp/ HTTP/1.1" 200 22564 "-" "Mozilla/5.0 (Linux; Android 6.0.1; Nexus 5X Build/MMB29P) AppleWebKit/537.36 (KHTML, like Gecko) Chrome/41.0.2272.96 Mobile Safari/537.36 (compatible; Googlebot/2.1; +http://www.google.com/bot.html)"
217.138.198.164 422632 - [20/Mar/2020:13:14:35 -0400] "POST /wp-admin/admin-ajax.php HTTP/1.1" 200 3325 "https://mommybites.com/wp-admin/admin.php?page=nbn-top-level-handle" "Mozilla/5.0 (Macintosh; Intel Mac OS X 10_15_3) AppleWebKit/537.36 (KHTML, like Gecko) Chrome/80.0.3987.132 Safari/537.36"
217.138.198.164 329335 - [20/Mar/2020:13:14:36 -0400] "GET /wp-login.php?interim-login=1&wp_lang=en_US HTTP/1.1" 200 5358 "https://mommybites.com/wp-admin/admin.php?page=nbn-top-level-handle" "Mozilla/5.0 (Macintosh; Intel Mac OS X 10_15_3) AppleWebKit/537.36 (KHTML, like Gecko) Chrome/80.0.3987.132 Safari/537.36"
93.158.161.110 83377 - [20/Mar/2020:13:14:47 -0400] "GET /09/28/ask-dr-gramma-karen-don%E2%80%99t-call-me-grandma/ HTTP/1.1" 302 369 "-" "Mozilla/5.0 (compatible; YandexBot/3.0; +http://yandex.com/bots)"
66.249.65.177 562234 - [20/Mar/2020:13:14:48 -0400] "GET /col2/grandparents/granddaughter-born-stillborn/amp/ HTTP/1.1" 200 23070 "-" "Mozilla/5.0 (Linux; Android 6.0.1; Nexus 5X Build/MMB29P) AppleWebKit/537.36 (KHTML, like Gecko) Chrome/41.0.2272.96 Mobile Safari/537.36 (compatible; Googlebot/2.1; +http://www.google.com/bot.html)"
66.249.65.177 613610 - [20/Mar/2020:13:14:56 -0400] "GET /col1/baby/what-shots-does-my-baby-receive-and-when/amp/ HTTP/1.1" 200 22313 "-" "Mozilla/5.0 (Linux; Android 6.0.1; Nexus 5X Build/MMB29P) AppleWebKit/537.36 (KHTML, like Gecko) Chrome/41.0.2272.96 Mobile Safari/537.36 (compatible; Googlebot/2.1; +http://www.google.com/bot.html)"
34.231.75.203 324970 - [20/Mar/2020:13:15:14 -0400] "GET /feed/ HTTP/1.1" 304 2916 "http://mommybites.com/" "Mozilla/5.0 (compatible; inoreader.com; 1 subscribers)"
207.46.13.226 323050 - [20/Mar/2020:13:15:17 -0400] "GET /feed/ HTTP/1.1" 304 2916 "-" "Mozilla/5.0 (compatible; bingbot/2.0; +http://www.bing.com/bingbot.htm)"
66.249.65.179 612465 - [20/Mar/2020:13:15:19 -0400] "GET /col1/baby/what-shots-does-my-baby-receive-and-when/amp/ HTTP/1.1" 200 22313 "-" "Mozilla/5.0 (Linux; Android 6.0.1; Nexus 5X Build/MMB29P) AppleWebKit/537.36 (KHTML, like Gecko) Chrome/41.0.2272.96 Mobile Safari/537.36 (compatible; Googlebot/2.1; +http://www.google.com/bot.html)"
66.249.65.179 566166 - [20/Mar/2020:13:15:26 -0400] "GET /col1/baby/5-best-breastfeeding-positions-new-moms/amp/ HTTP/1.1" 200 21701 "-" "Mozilla/5.0 (Linux; Android 6.0.1; Nexus 5X Build/MMB29P) AppleWebKit/537.36 (KHTML, like Gecko) Chrome/41.0.2272.96 Mobile Safari/537.36 (compatible; Googlebot/2.1; +http://www.google.com/bot.html)"
68.129.72.125 751802 - [20/Mar/2020:13:15:31 -0400] "GET /newyork/community-events/find-family-friendly-events/?ct=t(EMAIL_CAMPAIGN_03192020)&mc_cid=8bd34823d5&mc_eid=f7b1506db3 HTTP/1.1" 200 18270 "-" "Mozilla/5.0 (Macintosh; Intel Mac OS X 10_15) AppleWebKit/605.1.15 (KHTML, like Gecko) Version/13.0.5 Safari/605.1.15"
46.229.168.141 550986 - [20/Mar/2020:13:15:33 -0400] "GET /col1/baby/mommy-blogger-series-s1-e2-free-range/ HTTP/1.1" 200 18267 "-" "Mozilla/5.0 (compatible; SemrushBot/6~bl; +http://www.semrush.com/bot.html)"
217.138.198.164 546785 - [20/Mar/2020:13:15:34 -0400] "GET /col1/baby/how-to-promote-strength-in-babies/ HTTP/1.1" 200 19832 "-" "Mozilla/5.0 (Macintosh; Intel Mac OS X 10_15_3) AppleWebKit/537.36 (KHTML, like Gecko) Chrome/80.0.3987.132 Safari/537.36"
66.249.65.177 634760 - [20/Mar/2020:13:15:34 -0400] "GET /col1/baby/when-can-you-stop-burping-your-baby/amp/ HTTP/1.1" 200 20710 "-" "Mozilla/5.0 (Linux; Android 6.0.1; Nexus 5X Build/MMB29P) AppleWebKit/537.36 (KHTML, like Gecko) Chrome/41.0.2272.96 Mobile Safari/537.36 (compatible; Googlebot/2.1; +http://www.google.com/bot.html)"
217.138.198.164 419747 - [20/Mar/2020:13:15:35 -0400] "POST /wp-admin/admin-ajax.php HTTP/1.1" 200 3325 "https://mommybites.com/wp-admin/admin.php?page=nbn-top-level-handle" "Mozilla/5.0 (Macintosh; Intel Mac OS X 10_15_3) AppleWebKit/537.36 (KHTML, like Gecko) Chrome/80.0.3987.132 Safari/537.36"
66.249.65.177 458798 - [20/Mar/2020:13:15:50 -0400] "GET /free-online-parenting-classes/amp/ HTTP/1.1" 200 14523 "-" "Mozilla/5.0 (Linux; Android 6.0.1; Nexus 5X Build/MMB29P) AppleWebKit/537.36 (KHTML, like Gecko) Chrome/41.0.2272.96 Mobile Safari/537.36 (compatible; Googlebot/2.1; +http://www.google.com/bot.html)"
66.249.65.177 620122 - [20/Mar/2020:13:15:57 -0400] "GET /col1/baby/what-shots-does-my-baby-receive-and-when/amp/ HTTP/1.1" 200 22313 "-" "Mozilla/5.0 (Linux; Android 6.0.1; Nexus 5X Build/MMB29P) AppleWebKit/537.36 (KHTML, like Gecko) Chrome/41.0.2272.96 Mobile Safari/537.36 (compatible; Googlebot/2.1; +http://www.google.com/bot.html)"
217.138.198.164 513036 - [20/Mar/2020:13:16:04 -0400] "POST /wp-login.php HTTP/1.1" 200 5517 "https://mommybites.com/wp-login.php?interim-login=1&wp_lang=en_US" "Mozilla/5.0 (Macintosh; Intel Mac OS X 10_15_3) AppleWebKit/537.36 (KHTML, like Gecko) Chrome/80.0.3987.132 Safari/537.36"
217.138.198.164 630094 - [20/Mar/2020:13:16:11 -0400] "GET /col1/baby/how-to-promote-strength-in-babies/ HTTP/1.1" 200 25177 "-" "Mozilla/5.0 (Macintosh; Intel Mac OS X 10_15_3) AppleWebKit/537.36 (KHTML, like Gecko) Chrome/80.0.3987.132 Safari/537.36"
162.210.196.100 592037 - [20/Mar/2020:13:16:13 -0400] "GET / HTTP/1.1" 200 22970 "-" "Mozilla/5.0 (compatible; MJ12bot/v1.4.8; http://mj12bot.com/)"
217.138.198.164 1316904 - [20/Mar/2020:13:16:16 -0400] "GET /wp-admin/post.php?post=15867&action=edit HTTP/1.1" 200 156217 "https://mommybites.com/col1/baby/how-to-promote-strength-in-babies/" "Mozilla/5.0 (Macintosh; Intel Mac OS X 10_15_3) AppleWebKit/537.36 (KHTML, like Gecko) Chrome/80.0.3987.132 Safari/537.36"
217.138.198.164 196606 - [20/Mar/2020:13:16:18 -0400] "GET /wp-admin/load-styles.php?c=1&dir=ltr&load%5B%5D=dashicons,admin-bar,wp-pointer,buttons,media-views,common,forms,admin-menu,dashboard,list-tables,edit,revisions,media,themes,abo&load%5B%5D=ut,nav-menus,widgets,site-icon,l10n,wp-auth-check&ver=5.2.3 HTTP/1.1" 200 94450 "https://mommybites.com/wp-admin/post.php?post=15867&action=edit" "Mozilla/5.0 (Macintosh; Intel Mac OS X 10_15_3) AppleWebKit/537.36 (KHTML, like Gecko) Chrome/80.0.3987.132 Safari/537.36"
217.138.198.164 504657 - [20/Mar/2020:13:16:18 -0400] "GET /wp-admin/admin-ajax.php?action=ampforwp_dynaminc_css&verify_nonce=7eb502db6f&ver=1.0.34 HTTP/1.1" 200 9965 "https://mommybites.com/wp-admin/post.php?post=15867&action=edit" "Mozilla/5.0 (Macintosh; Intel Mac OS X 10_15_3) AppleWebKit/537.36 (KHTML, like Gecko) Chrome/80.0.3987.132 Safari/537.36"
217.138.198.164 125494 - [20/Mar/2020:13:16:18 -0400] "GET /wp-admin/load-scripts.php?c=1&load%5B%5D=jquery-core,jquery-migrate,utils,jquery-ui-widget&ver=5.2.3 HTTP/1.1" 200 43088 "https://mommybites.com/wp-admin/post.php?post=15867&action=edit" "Mozilla/5.0 (Macintosh; Intel Mac OS X 10_15_3) AppleWebKit/537.36 (KHTML, like Gecko) Chrome/80.0.3987.132 Safari/537.36"
217.138.198.164 224039 - [20/Mar/2020:13:16:21 -0400] "GET /wp-admin/load-scripts.php?c=1&load%5B%5D=hoverIntent,common,admin-bar,jquery-ui-position,wp-pointer,heartbeat,autosave,wp-ajax-response,jquery-color,wp-lists,quicktags,j&load%5B%5D=query-query,admin-comments,suggest,jquery-ui-sortable,postbox,jquery-ui-menu,jquery-ui-autocomplete,tags-suggest,tags-box,word-c&load%5B%5D=ount,post,editor-expand,thickbox,shortcode,wp-backbone,media-models,wp-plupload,wp-mediaelement,media-views,media-editor,media-a&load%5B%5D=udiovideo,mce-view,imgareaselect,image-edit,svg-painter,wp-auth-check,wp-annotations,jquery-ui-progressbar&ver=5.2.3 HTTP/1.1" 200 116245 "https://mommybites.com/wp-admin/post.php?post=15867&action=edit" "Mozilla/5.0 (Macintosh; Intel Mac OS X 10_15_3) AppleWebKit/537.36 (KHTML, like Gecko) Chrome/80.0.3987.132 Safari/537.36"
162.210.196.100 657732 - [20/Mar/2020:13:16:21 -0400] "GET / HTTP/1.1" 200 23017 "-" "Mozilla/5.0 (compatible; MJ12bot/v1.4.8; http://mj12bot.com/)"
217.138.198.164 355609 - [20/Mar/2020:13:16:22 -0400] "GET /wp-json/wp/v2/ HTTP/1.1" 200 7684 "https://mommybites.com/wp-admin/post.php?post=15867&action=edit" "Mozilla/5.0 (Macintosh; Intel Mac OS X 10_15_3) AppleWebKit/537.36 (KHTML, like Gecko) Chrome/80.0.3987.132 Safari/537.36"
217.138.198.164 476216 - [20/Mar/2020:13:16:23 -0400] "POST /wp-admin/admin-ajax.php HTTP/1.1" 200 4830 "https://mommybites.com/wp-admin/post.php?post=15867&action=edit" "Mozilla/5.0 (Macintosh; Intel Mac OS X 10_15_3) AppleWebKit/537.36 (KHTML, like Gecko) Chrome/80.0.3987.132 Safari/537.36"
217.138.198.164 647072 - [20/Mar/2020:13:16:23 -0400] "POST /wp-admin/admin-ajax.php HTTP/1.1" 200 3598 "https://mommybites.com/wp-admin/post.php?post=15867&action=edit" "Mozilla/5.0 (Macintosh; Intel Mac OS X 10_15_3) AppleWebKit/537.36 (KHTML, like Gecko) Chrome/80.0.3987.132 Safari/537.36"
217.138.198.164 450020 - [20/Mar/2020:13:16:25 -0400] "GET /wp-admin/admin-ajax.php?action=wpseo_get_facebook_name&_ajax_nonce=f15c845dfb&user_id=580 HTTP/1.1" 200 3177 "https://mommybites.com/wp-admin/post.php?post=15867&action=edit" "Mozilla/5.0 (Macintosh; Intel Mac OS X 10_15_3) AppleWebKit/537.36 (KHTML, like Gecko) Chrome/80.0.3987.132 Safari/537.36"
217.138.198.164 756233 - [20/Mar/2020:13:16:25 -0400] "GET /wp-admin/admin-ajax.php?action=retrieve_image_data_from_url&imageURL=https%3A%2F%2Fmommybites.com%2Fwp-content%2Fuploads%2F2012%2F04%2Fbaby-core-exercise-1024x535.jpg HTTP/1.1" 200 3267 "https://mommybites.com/wp-admin/post.php?post=15867&action=edit" "Mozilla/5.0 (Macintosh; Intel Mac OS X 10_15_3) AppleWebKit/537.36 (KHTML, like Gecko) Chrome/80.0.3987.132 Safari/537.36"
217.138.198.164 526472 - [20/Mar/2020:13:16:26 -0400] "POST /wp-admin/post.php HTTP/1.1" 302 3304 "https://mommybites.com/wp-admin/post.php?post=15867&action=edit" "Mozilla/5.0 (Macintosh; Intel Mac OS X 10_15_3) AppleWebKit/537.36 (KHTML, like Gecko) Chrome/80.0.3987.132 Safari/537.36"
207.46.13.226 345539 - [20/Mar/2020:13:16:27 -0400] "GET /feed/ HTTP/1.1" 304 2916 "-" "Mozilla/5.0 (compatible; bingbot/2.0; +http://www.bing.com/bingbot.htm)"
217.138.198.164 806320 - [20/Mar/2020:13:16:27 -0400] "GET /col1/baby/how-to-promote-strength-in-babies/?preview_id=15867&preview_nonce=bc3ad2e5e3&_thumbnail_id=42946&preview=true HTTP/1.1" 200 25162 "https://mommybites.com/wp-admin/post.php?post=15867&action=edit" "Mozilla/5.0 (Macintosh; Intel Mac OS X 10_15_3) AppleWebKit/537.36 (KHTML, like Gecko) Chrome/80.0.3987.132 Safari/537.36"
66.249.65.177 693215 - [20/Mar/2020:13:16:27 -0400] "GET /col1/baby/when-can-you-stop-burping-your-baby/amp/ HTTP/1.1" 200 20710 "-" "Mozilla/5.0 (Linux; Android 6.0.1; Nexus 5X Build/MMB29P) AppleWebKit/537.36 (KHTML, like Gecko) Chrome/41.0.2272.96 Mobile Safari/537.36 (compatible; Googlebot/2.1; +http://www.google.com/bot.html)"
104.198.235.109 640779 - [20/Mar/2020:13:16:34 -0400] "GET /col2/moms/achieving-a-higher-education-as-a-new-parent/ HTTP/1.1" 200 19634 "-" "Mozilla/5.0 (compatible; heritrix/3.3.0-SNAPSHOT-20150302-2206 +http://127.0.0.1)"
217.138.198.164 338957 - [20/Mar/2020:13:16:35 -0400] "GET /wp-json/yoast/v1/prominent_words?word=strengthen+a+baby%27s+core HTTP/1.1" 200 3614 "https://mommybites.com/wp-admin/post.php?post=15867&action=edit" "Mozilla/5.0 (Macintosh; Intel Mac OS X 10_15_3) AppleWebKit/537.36 (KHTML, like Gecko) Chrome/80.0.3987.132 Safari/537.36"
217.138.198.164 394385 - [20/Mar/2020:13:16:36 -0400] "GET /wp-json/yoast/v1/prominent_words?word=baby HTTP/1.1" 200 3588 "https://mommybites.com/wp-admin/post.php?post=15867&action=edit" "Mozilla/5.0 (Macintosh; Intel Mac OS X 10_15_3) AppleWebKit/537.36 (KHTML, like Gecko) Chrome/80.0.3987.132 Safari/537.36"
217.138.198.164 344672 - [20/Mar/2020:13:16:36 -0400] "GET /wp-json/yoast/v1/prominent_words?word=position+on+the+floor HTTP/1.1" 200 3608 "https://mommybites.com/wp-admin/post.php?post=15867&action=edit" "Mozilla/5.0 (Macintosh; Intel Mac OS X 10_15_3) AppleWebKit/537.36 (KHTML, like Gecko) Chrome/80.0.3987.132 Safari/537.36"
217.138.198.164 422327 - [20/Mar/2020:13:16:37 -0400] "POST /wp-admin/admin-ajax.php HTTP/1.1" 200 3344 "https://mommybites.com/wp-admin/admin.php?page=nbn-top-level-handle" "Mozilla/5.0 (Macintosh; Intel Mac OS X 10_15_3) AppleWebKit/537.36 (KHTML, like Gecko) Chrome/80.0.3987.132 Safari/537.36"
217.138.198.164 414172 - [20/Mar/2020:13:16:37 -0400] "GET /wp-json/yoast/v1/prominent_words?word=strong+core HTTP/1.1" 200 3595 "https://mommybites.com/wp-admin/post.php?post=15867&action=edit" "Mozilla/5.0 (Macintosh; Intel Mac OS X 10_15_3) AppleWebKit/537.36 (KHTML, like Gecko) Chrome/80.0.3987.132 Safari/537.36"
217.138.198.164 371510 - [20/Mar/2020:13:16:38 -0400] "GET /wp-json/yoast/v1/prominent_words?word=baby%27s+body HTTP/1.1" 200 3597 "https://mommybites.com/wp-admin/post.php?post=15867&action=edit" "Mozilla/5.0 (Macintosh; Intel Mac OS X 10_15_3) AppleWebKit/537.36 (KHTML, like Gecko) Chrome/80.0.3987.132 Safari/537.36"
217.138.198.164 635037 - [20/Mar/2020:13:16:38 -0400] "POST /wp-admin/admin-ajax.php HTTP/1.1" 200 3362 "https://mommybites.com/wp-admin/post.php?post=15867&action=edit" "Mozilla/5.0 (Macintosh; Intel Mac OS X 10_15_3) AppleWebKit/537.36 (KHTML, like Gecko) Chrome/80.0.3987.132 Safari/537.36"
192.0.85.127 627541 - [20/Mar/2020:13:16:38 -0400] "GET /col1/baby/how-to-promote-strength-in-babies/ HTTP/1.1" 200 20006 "-" "Mozilla/5.0 (X11; Linux x86_64) AppleWebKit/537.36 (KHTML, like Gecko) HeadlessChrome/69.0.3494.0 Safari/537.36 WordPress.com mShots"
217.138.198.164 416194 - [20/Mar/2020:13:16:39 -0400] "GET /wp-json/yoast/v1/prominent_words?word=encourage+your+baby HTTP/1.1" 200 3605 "https://mommybites.com/wp-admin/post.php?post=15867&action=edit" "Mozilla/5.0 (Macintosh; Intel Mac OS X 10_15_3) AppleWebKit/537.36 (KHTML, like Gecko) Chrome/80.0.3987.132 Safari/537.36"
217.138.198.164 353588 - [20/Mar/2020:13:16:39 -0400] "GET /wp-json/yoast/v1/prominent_words?word=lay+your+baby HTTP/1.1" 200 3601 "https://mommybites.com/wp-admin/post.php?post=15867&action=edit" "Mozilla/5.0 (Macintosh; Intel Mac OS X 10_15_3) AppleWebKit/537.36 (KHTML, like Gecko) Chrome/80.0.3987.132 Safari/537.36"
217.138.198.164 358780 - [20/Mar/2020:13:16:40 -0400] "GET /wp-json/yoast/v1/prominent_words?word=baby%27s+core HTTP/1.1" 200 3597 "https://mommybites.com/wp-admin/post.php?post=15867&action=edit" "Mozilla/5.0 (Macintosh; Intel Mac OS X 10_15_3) AppleWebKit/537.36 (KHTML, like Gecko) Chrome/80.0.3987.132 Safari/537.36"
217.138.198.164 348683 - [20/Mar/2020:13:16:41 -0400] "GET /wp-json/yoast/v1/prominent_words?word=trunk+strengthening HTTP/1.1" 200 3601 "https://mommybites.com/wp-admin/post.php?post=15867&action=edit" "Mozilla/5.0 (Macintosh; Intel Mac OS X 10_15_3) AppleWebKit/537.36 (KHTML, like Gecko) Chrome/80.0.3987.132 Safari/537.36"
217.138.198.164 365603 - [20/Mar/2020:13:16:42 -0400] "GET /wp-json/yoast/v1/prominent_words?word=physical+therapist HTTP/1.1" 200 3601 "https://mommybites.com/wp-admin/post.php?post=15867&action=edit" "Mozilla/5.0 (Macintosh; Intel Mac OS X 10_15_3) AppleWebKit/537.36 (KHTML, like Gecko) Chrome/80.0.3987.132 Safari/537.36"
217.138.198.164 333742 - [20/Mar/2020:13:16:42 -0400] "GET /wp-json/yoast/v1/prominent_words?word=v+position HTTP/1.1" 200 3593 "https://mommybites.com/wp-admin/post.php?post=15867&action=edit" "Mozilla/5.0 (Macintosh; Intel Mac OS X 10_15_3) AppleWebKit/537.36 (KHTML, like Gecko) Chrome/80.0.3987.132 Safari/537.36"
217.138.198.164 343802 - [20/Mar/2020:13:16:43 -0400] "GET /wp-json/yoast/v1/prominent_words?word=physical+therapy HTTP/1.1" 200 3599 "https://mommybites.com/wp-admin/post.php?post=15867&action=edit" "Mozilla/5.0 (Macintosh; Intel Mac OS X 10_15_3) AppleWebKit/537.36 (KHTML, like Gecko) Chrome/80.0.3987.132 Safari/537.36"
