162.158.63.142 - - [08/Mar/2020:15:13:12 -0400] "GET /index.php/js/index.js?ver=1550727312 HTTP/1.1" 200 20028 "https://dev.mitzvahorganizer.com/index.php/__phpinfo.php" "Mozilla/5.0 (Windows NT 6.1; Win64; x64; rv:73.0) Gecko/20100101 Firefox/73.0"
108.162.219.142 - - [08/Mar/2020:15:13:12 -0400] "GET /index.php/js/jquery.form.js?ver=1372179352 HTTP/1.1" 200 20028 "https://dev.mitzvahorganizer.com/index.php/__phpinfo.php" "Mozilla/5.0 (Windows NT 6.1; Win64; x64; rv:73.0) Gecko/20100101 Firefox/73.0"
173.245.52.97 - - [08/Mar/2020:15:13:12 -0400] "GET /index.php/js/jquery.ui.touch-punch.min.js?ver=1376752033 HTTP/1.1" 200 20028 "https://dev.mitzvahorganizer.com/index.php/__phpinfo.php" "Mozilla/5.0 (Windows NT 6.1; Win64; x64; rv:73.0) Gecko/20100101 Firefox/73.0"
162.158.62.183 - - [08/Mar/2020:15:13:12 -0400] "GET /index.php/js/cryptojs/rollups/sha512.js?ver=1410759005 HTTP/1.1" 200 20028 "https://dev.mitzvahorganizer.com/index.php/__phpinfo.php" "Mozilla/5.0 (Windows NT 6.1; Win64; x64; rv:73.0) Gecko/20100101 Firefox/73.0"
162.158.62.233 - - [08/Mar/2020:15:13:12 -0400] "GET /index.php/js/md5.js?ver=1372179353 HTTP/1.1" 200 20028 "https://dev.mitzvahorganizer.com/index.php/__phpinfo.php" "Mozilla/5.0 (Windows NT 6.1; Win64; x64; rv:73.0) Gecko/20100101 Firefox/73.0"
173.245.52.157 - - [08/Mar/2020:15:13:12 -0400] "GET /index.php/css/main_mobile.css?ver=1449693284 HTTP/1.1" 200 20028 "https://dev.mitzvahorganizer.com/index.php/__phpinfo.php" "Mozilla/5.0 (Windows NT 6.1; Win64; x64; rv:73.0) Gecko/20100101 Firefox/73.0"
162.158.63.184 - - [08/Mar/2020:15:13:12 -0400] "GET /index.php/img/home_collage2.jpg?ver=1553551884 HTTP/1.1" 200 20028 "https://dev.mitzvahorganizer.com/index.php/__phpinfo.php" "Mozilla/5.0 (Windows NT 6.1; Win64; x64; rv:73.0) Gecko/20100101 Firefox/73.0"
108.162.219.8 - - [08/Mar/2020:15:13:12 -0400] "GET /index.php/img/home_checkbox.png HTTP/1.1" 200 20028 "https://dev.mitzvahorganizer.com/index.php/__phpinfo.php" "Mozilla/5.0 (Windows NT 6.1; Win64; x64; rv:73.0) Gecko/20100101 Firefox/73.0"
162.158.63.148 - - [08/Mar/2020:15:13:12 -0400] "GET /index.php/img/loading.gif HTTP/1.1" 200 20028 "https://dev.mitzvahorganizer.com/index.php/__phpinfo.php" "Mozilla/5.0 (Windows NT 6.1; Win64; x64; rv:73.0) Gecko/20100101 Firefox/73.0"
108.162.219.148 - - [08/Mar/2020:15:13:12 -0400] "GET /index.php/js/jquery.visible.min.js?ver=1451321694 HTTP/1.1" 200 20028 "https://dev.mitzvahorganizer.com/index.php/__phpinfo.php" "Mozilla/5.0 (Windows NT 6.1; Win64; x64; rv:73.0) Gecko/20100101 Firefox/73.0"
173.245.52.211 - - [08/Mar/2020:15:13:12 -0400] "GET /index.php/js/jquery.datePicker.js?ver=1375203162 HTTP/1.1" 200 20028 "https://dev.mitzvahorganizer.com/index.php/__phpinfo.php" "Mozilla/5.0 (Windows NT 6.1; Win64; x64; rv:73.0) Gecko/20100101 Firefox/73.0"
173.245.52.85 - - [08/Mar/2020:15:13:12 -0400] "GET /index.php/img/lg_mitzvah_logo.png?ver=1549520078 HTTP/1.1" 200 20028 "https://dev.mitzvahorganizer.com/index.php/__phpinfo.php" "Mozilla/5.0 (Windows NT 6.1; Win64; x64; rv:73.0) Gecko/20100101 Firefox/73.0"
162.158.63.60 - - [08/Mar/2020:15:13:12 -0400] "GET /index.php/js/jquery-1.7.1.min.js?ver=1372179351 HTTP/1.1" 200 20028 "https://dev.mitzvahorganizer.com/index.php/__phpinfo.php" "Mozilla/5.0 (Windows NT 6.1; Win64; x64; rv:73.0) Gecko/20100101 Firefox/73.0"
162.158.63.20 - - [08/Mar/2020:15:13:12 -0400] "GET /index.php/js/date.js?ver=1375203160 HTTP/1.1" 200 20028 "https://dev.mitzvahorganizer.com/index.php/__phpinfo.php" "Mozilla/5.0 (Windows NT 6.1; Win64; x64; rv:73.0) Gecko/20100101 Firefox/73.0"
173.245.52.115 - - [08/Mar/2020:15:13:12 -0400] "GET /index.php/css/main.css?ver=1550975809 HTTP/1.1" 200 20028 "https://dev.mitzvahorganizer.com/index.php/__phpinfo.php" "Mozilla/5.0 (Windows NT 6.1; Win64; x64; rv:73.0) Gecko/20100101 Firefox/73.0"
173.245.52.211 - - [08/Mar/2020:15:13:12 -0400] "GET /index.php/img/home_icon_tour.png HTTP/1.1" 200 20028 "https://dev.mitzvahorganizer.com/index.php/__phpinfo.php" "Mozilla/5.0 (Windows NT 6.1; Win64; x64; rv:73.0) Gecko/20100101 Firefox/73.0"
108.162.219.88 - - [08/Mar/2020:15:13:12 -0400] "GET /index.php/img/home_buy_button5.png HTTP/1.1" 200 20028 "https://dev.mitzvahorganizer.com/index.php/__phpinfo.php" "Mozilla/5.0 (Windows NT 6.1; Win64; x64; rv:73.0) Gecko/20100101 Firefox/73.0"
108.162.219.8 - - [08/Mar/2020:15:13:12 -0400] "GET /index.php/img/home_collage3.jpg?ver=1550267833 HTTP/1.1" 200 20028 "https://dev.mitzvahorganizer.com/index.php/__phpinfo.php" "Mozilla/5.0 (Windows NT 6.1; Win64; x64; rv:73.0) Gecko/20100101 Firefox/73.0"
162.158.63.184 - - [08/Mar/2020:15:13:12 -0400] "GET /index.php/img/home_collage2.jpg?ver=1553551884 HTTP/1.1" 200 20028 "https://dev.mitzvahorganizer.com/index.php/__phpinfo.php" "Mozilla/5.0 (Windows NT 6.1; Win64; x64; rv:73.0) Gecko/20100101 Firefox/73.0"
173.245.52.85 - - [08/Mar/2020:15:13:12 -0400] "GET /index.php/img/lg_mitzvah_logo.png?ver=1549520078 HTTP/1.1" 200 20028 "https://dev.mitzvahorganizer.com/index.php/__phpinfo.php" "Mozilla/5.0 (Windows NT 6.1; Win64; x64; rv:73.0) Gecko/20100101 Firefox/73.0"
108.162.219.8 - - [08/Mar/2020:15:13:12 -0400] "GET /index.php/img/home_collage3.jpg?ver=1550267833 HTTP/1.1" 200 20028 "https://dev.mitzvahorganizer.com/index.php/__phpinfo.php" "Mozilla/5.0 (Windows NT 6.1; Win64; x64; rv:73.0) Gecko/20100101 Firefox/73.0"
162.158.62.107 - - [08/Mar/2020:15:13:13 -0400] "GET /index.php/favicon.ico HTTP/1.1" 200 20028 "-" "Mozilla/5.0 (Windows NT 6.1; Win64; x64; rv:73.0) Gecko/20100101 Firefox/73.0"
162.158.63.190 - - [08/Mar/2020:15:13:25 -0400] "GET /__phpinfo.php HTTP/1.1" 200 95730 "-" "Mozilla/5.0 (Windows NT 6.1; Win64; x64; rv:73.0) Gecko/20100101 Firefox/73.0"
108.162.219.38 - - [08/Mar/2020:17:21:06 -0400] "GET /__phpinfo.php HTTP/1.1" 200 95790 "-" "Mozilla/5.0 (Windows NT 6.1; Win64; x64; rv:73.0) Gecko/20100101 Firefox/73.0"
108.162.229.80 - - [10/Mar/2020:00:38:51 -0400] "GET / HTTP/1.1" 302 - "-" "Mozilla/5.0 (X11; Ubuntu; Linux i686; rv:28.0) Gecko/20100101 Firefox/28.0"
108.162.229.248 - - [10/Mar/2020:00:38:52 -0400] "GET / HTTP/1.1" 200 22789 "-" "Mozilla/5.0 (X11; Ubuntu; Linux i686; rv:28.0) Gecko/20100101 Firefox/28.0"
141.101.69.157 - - [10/Mar/2020:00:38:53 -0400] "GET /wp-includes/js/jquery/jquery.js HTTP/1.1" 404 196 "-" "Mozilla/5.0 (X11; Ubuntu; Linux i686; rv:28.0) Gecko/20100101 Firefox/28.0"
108.162.229.124 - - [10/Mar/2020:00:38:53 -0400] "GET /administrator/help/en-GB/toc.json HTTP/1.1" 404 196 "-" "Mozilla/5.0 (X11; Ubuntu; Linux i686; rv:28.0) Gecko/20100101 Firefox/28.0"
141.101.69.101 - - [10/Mar/2020:00:38:53 -0400] "GET /administrator/language/en-GB/install.xml HTTP/1.1" 404 196 "-" "Mozilla/5.0 (X11; Ubuntu; Linux i686; rv:28.0) Gecko/20100101 Firefox/28.0"
108.162.229.230 - - [10/Mar/2020:00:38:54 -0400] "GET /plugins/system/debug/debug.xml HTTP/1.1" 404 196 "-" "Mozilla/5.0 (X11; Ubuntu; Linux i686; rv:28.0) Gecko/20100101 Firefox/28.0"
108.162.229.248 - - [10/Mar/2020:00:38:54 -0400] "GET /administrator/ HTTP/1.1" 404 196 "-" "Mozilla/5.0 (X11; Ubuntu; Linux i686; rv:28.0) Gecko/20100101 Firefox/28.0"
108.162.229.10 - - [10/Mar/2020:00:38:54 -0400] "GET /misc/ajax.js HTTP/1.1" 404 196 "-" "Mozilla/5.0 (X11; Ubuntu; Linux i686; rv:28.0) Gecko/20100101 Firefox/28.0"
141.101.69.51 - - [10/Mar/2020:00:38:55 -0400] "GET / HTTP/1.1" 302 - "-" "Mozilla/5.0 (X11; Ubuntu; Linux i686; rv:28.0) Gecko/20100101 Firefox/28.0"
108.162.229.248 - - [10/Mar/2020:00:38:55 -0400] "GET / HTTP/1.1" 200 22789 "-" "Mozilla/5.0 (X11; Ubuntu; Linux i686; rv:28.0) Gecko/20100101 Firefox/28.0"
141.101.69.179 - - [10/Mar/2020:00:38:56 -0400] "GET /admin/view/javascript/common.js HTTP/1.1" 404 196 "-" "Mozilla/5.0 (X11; Ubuntu; Linux i686; rv:28.0) Gecko/20100101 Firefox/28.0"
141.101.69.167 - - [10/Mar/2020:00:38:56 -0400] "GET /admin/includes/general.js HTTP/1.1" 404 196 "-" "Mozilla/5.0 (X11; Ubuntu; Linux i686; rv:28.0) Gecko/20100101 Firefox/28.0"
108.162.229.212 - - [10/Mar/2020:00:38:56 -0400] "GET /images/editor/separator.gif HTTP/1.1" 404 196 "-" "Mozilla/5.0 (X11; Ubuntu; Linux i686; rv:28.0) Gecko/20100101 Firefox/28.0"
108.162.229.8 - - [10/Mar/2020:00:38:57 -0400] "GET /js/header-rollup-554.js HTTP/1.1" 404 196 "-" "Mozilla/5.0 (X11; Ubuntu; Linux i686; rv:28.0) Gecko/20100101 Firefox/28.0"
141.101.69.101 - - [10/Mar/2020:00:38:57 -0400] "GET /vendor/phpunit/phpunit/build.xml HTTP/1.1" 404 196 "-" "Mozilla/5.0 (Macintosh; U; Intel Mac OS X 10_6_8; en-us) AppleWebKit/534.50 (KHTML, like Gecko) Version/5.1 Safari/534.50"
108.162.229.124 - - [10/Mar/2020:00:38:57 -0400] "GET /fckeditor/editor/filemanager/connectors/php/upload.php?Type=Media HTTP/1.1" 404 196 "-" "Mozilla/5.0 (X11; Ubuntu; Linux i686; rv:28.0) Gecko/20100101 Firefox/28.0"
141.101.69.101 - - [10/Mar/2020:00:38:57 -0400] "GET /.env HTTP/1.1" 404 196 "-" "Mozilla/5.0 (X11; Ubuntu; Linux i686; rv:28.0) Gecko/20100101 Firefox/28.0"
108.162.229.248 - - [10/Mar/2020:00:38:58 -0400] "GET / HTTP/1.1" 302 - "-" "Mozilla/5.0 (X11; Ubuntu; Linux i686; rv:28.0) Gecko/20100101 Firefox/28.0"
141.101.69.133 - - [10/Mar/2020:00:38:58 -0400] "GET / HTTP/1.1" 200 22789 "-" "Mozilla/5.0 (X11; Ubuntu; Linux i686; rv:28.0) Gecko/20100101 Firefox/28.0"
108.162.229.80 - - [10/Mar/2020:00:38:59 -0400] "GET /index.php?IX=home' HTTP/1.1" 302 - "-" "Mozilla/5.0 (X11; Ubuntu; Linux i686; rv:28.0) Gecko/20100101 Firefox/28.0"
108.162.229.80 - - [10/Mar/2020:00:38:59 -0400] "GET /index.php?IX=home HTTP/1.1" 302 - "-" "Mozilla/5.0 (X11; Ubuntu; Linux i686; rv:28.0) Gecko/20100101 Firefox/28.0"
108.162.229.230 - - [10/Mar/2020:00:39:00 -0400] "GET /index.php?IX=home HTTP/1.1" 200 22789 "-" "Mozilla/5.0 (X11; Ubuntu; Linux i686; rv:28.0) Gecko/20100101 Firefox/28.0"
141.101.69.169 - - [10/Mar/2020:00:39:00 -0400] "GET /index.php?IX=home' HTTP/1.1" 302 - "-" "Mozilla/5.0 (X11; Ubuntu; Linux i686; rv:28.0) Gecko/20100101 Firefox/28.0"
141.101.69.169 - - [10/Mar/2020:00:39:01 -0400] "GET /index.php?IX=home HTTP/1.1" 302 - "-" "Mozilla/5.0 (X11; Ubuntu; Linux i686; rv:28.0) Gecko/20100101 Firefox/28.0"
108.162.229.192 - - [10/Mar/2020:00:39:01 -0400] "GET /index.php?IX=home HTTP/1.1" 200 22789 "-" "Mozilla/5.0 (X11; Ubuntu; Linux i686; rv:28.0) Gecko/20100101 Firefox/28.0"
141.101.69.133 - - [10/Mar/2020:00:39:02 -0400] "GET /index.php?IX=home' HTTP/1.1" 302 - "-" "Mozilla/5.0 (X11; Ubuntu; Linux i686; rv:28.0) Gecko/20100101 Firefox/28.0"
141.101.69.133 - - [10/Mar/2020:00:39:02 -0400] "GET /index.php?IX=home HTTP/1.1" 302 - "-" "Mozilla/5.0 (X11; Ubuntu; Linux i686; rv:28.0) Gecko/20100101 Firefox/28.0"
108.162.229.124 - - [10/Mar/2020:00:39:03 -0400] "GET /index.php?IX=home HTTP/1.1" 200 22789 "-" "Mozilla/5.0 (X11; Ubuntu; Linux i686; rv:28.0) Gecko/20100101 Firefox/28.0"
141.101.69.101 - - [10/Mar/2020:00:39:03 -0400] "GET /index.php?IX=home' HTTP/1.1" 302 - "-" "Mozilla/5.0 (X11; Ubuntu; Linux i686; rv:28.0) Gecko/20100101 Firefox/28.0"
141.101.69.101 - - [10/Mar/2020:00:39:04 -0400] "GET /index.php?IX=home HTTP/1.1" 302 - "-" "Mozilla/5.0 (X11; Ubuntu; Linux i686; rv:28.0) Gecko/20100101 Firefox/28.0"
141.101.69.51 - - [10/Mar/2020:00:39:04 -0400] "GET /index.php?IX=home HTTP/1.1" 200 22789 "-" "Mozilla/5.0 (X11; Ubuntu; Linux i686; rv:28.0) Gecko/20100101 Firefox/28.0"
108.162.229.230 - - [10/Mar/2020:00:39:05 -0400] "GET /index.php?IX=home' HTTP/1.1" 302 - "-" "Mozilla/5.0 (X11; Ubuntu; Linux i686; rv:28.0) Gecko/20100101 Firefox/28.0"
108.162.229.230 - - [10/Mar/2020:00:39:05 -0400] "GET /index.php?IX=home HTTP/1.1" 302 - "-" "Mozilla/5.0 (X11; Ubuntu; Linux i686; rv:28.0) Gecko/20100101 Firefox/28.0"
141.101.69.101 - - [10/Mar/2020:00:39:06 -0400] "GET /index.php?IX=home HTTP/1.1" 200 22789 "-" "Mozilla/5.0 (X11; Ubuntu; Linux i686; rv:28.0) Gecko/20100101 Firefox/28.0"
108.162.229.80 - - [10/Mar/2020:00:39:06 -0400] "GET /index.php?IX=home' HTTP/1.1" 302 - "-" "Mozilla/5.0 (X11; Ubuntu; Linux i686; rv:28.0) Gecko/20100101 Firefox/28.0"
108.162.229.80 - - [10/Mar/2020:00:39:06 -0400] "GET /index.php?IX=home HTTP/1.1" 302 - "-" "Mozilla/5.0 (X11; Ubuntu; Linux i686; rv:28.0) Gecko/20100101 Firefox/28.0"
141.101.69.179 - - [10/Mar/2020:00:39:07 -0400] "GET /index.php?IX=home HTTP/1.1" 200 22789 "-" "Mozilla/5.0 (X11; Ubuntu; Linux i686; rv:28.0) Gecko/20100101 Firefox/28.0"
108.162.229.248 - - [10/Mar/2020:00:39:07 -0400] "GET /index.php?IX=home' HTTP/1.1" 302 - "-" "Mozilla/5.0 (X11; Ubuntu; Linux i686; rv:28.0) Gecko/20100101 Firefox/28.0"
108.162.229.248 - - [10/Mar/2020:00:39:08 -0400] "GET /index.php?IX=home HTTP/1.1" 302 - "-" "Mozilla/5.0 (X11; Ubuntu; Linux i686; rv:28.0) Gecko/20100101 Firefox/28.0"
141.101.69.53 - - [10/Mar/2020:00:39:08 -0400] "GET /index.php?IX=home HTTP/1.1" 200 22789 "-" "Mozilla/5.0 (X11; Ubuntu; Linux i686; rv:28.0) Gecko/20100101 Firefox/28.0"
141.101.69.169 - - [10/Mar/2020:00:39:09 -0400] "GET /index.php?IX=home' HTTP/1.1" 302 - "-" "Mozilla/5.0 (X11; Ubuntu; Linux i686; rv:28.0) Gecko/20100101 Firefox/28.0"
141.101.69.169 - - [10/Mar/2020:00:39:09 -0400] "GET /index.php?IX=home HTTP/1.1" 302 - "-" "Mozilla/5.0 (X11; Ubuntu; Linux i686; rv:28.0) Gecko/20100101 Firefox/28.0"
141.101.69.53 - - [10/Mar/2020:00:39:10 -0400] "GET /index.php?IX=home HTTP/1.1" 200 22789 "-" "Mozilla/5.0 (X11; Ubuntu; Linux i686; rv:28.0) Gecko/20100101 Firefox/28.0"
141.101.69.51 - - [10/Mar/2020:00:39:10 -0400] "GET /index.php?IX=home' HTTP/1.1" 302 - "-" "Mozilla/5.0 (X11; Ubuntu; Linux i686; rv:28.0) Gecko/20100101 Firefox/28.0"
141.101.69.51 - - [10/Mar/2020:00:39:10 -0400] "GET /index.php?IX=home HTTP/1.1" 302 - "-" "Mozilla/5.0 (X11; Ubuntu; Linux i686; rv:28.0) Gecko/20100101 Firefox/28.0"
108.162.229.124 - - [10/Mar/2020:00:39:11 -0400] "GET /index.php?IX=home HTTP/1.1" 200 22789 "-" "Mozilla/5.0 (X11; Ubuntu; Linux i686; rv:28.0) Gecko/20100101 Firefox/28.0"
108.162.229.248 - - [10/Mar/2020:00:39:11 -0400] "GET /index.php?IX=home' HTTP/1.1" 302 - "-" "Mozilla/5.0 (X11; Ubuntu; Linux i686; rv:28.0) Gecko/20100101 Firefox/28.0"
108.162.229.248 - - [10/Mar/2020:00:39:12 -0400] "GET /index.php?IX=home HTTP/1.1" 302 - "-" "Mozilla/5.0 (X11; Ubuntu; Linux i686; rv:28.0) Gecko/20100101 Firefox/28.0"
108.162.229.26 - - [10/Mar/2020:00:39:12 -0400] "GET /index.php?IX=home HTTP/1.1" 200 22789 "-" "Mozilla/5.0 (X11; Ubuntu; Linux i686; rv:28.0) Gecko/20100101 Firefox/28.0"
141.101.69.133 - - [10/Mar/2020:00:39:13 -0400] "GET /index.php?IX=home' HTTP/1.1" 302 - "-" "Mozilla/5.0 (X11; Ubuntu; Linux i686; rv:28.0) Gecko/20100101 Firefox/28.0"
141.101.69.133 - - [10/Mar/2020:00:39:13 -0400] "GET /index.php?IX=home HTTP/1.1" 302 - "-" "Mozilla/5.0 (X11; Ubuntu; Linux i686; rv:28.0) Gecko/20100101 Firefox/28.0"
108.162.229.248 - - [10/Mar/2020:00:39:14 -0400] "GET /index.php?IX=home HTTP/1.1" 200 22789 "-" "Mozilla/5.0 (X11; Ubuntu; Linux i686; rv:28.0) Gecko/20100101 Firefox/28.0"
108.162.229.26 - - [10/Mar/2020:00:39:14 -0400] "GET /index.php?IX=home' HTTP/1.1" 302 - "-" "Mozilla/5.0 (X11; Ubuntu; Linux i686; rv:28.0) Gecko/20100101 Firefox/28.0"
108.162.229.26 - - [10/Mar/2020:00:39:15 -0400] "GET /index.php?IX=home HTTP/1.1" 302 - "-" "Mozilla/5.0 (X11; Ubuntu; Linux i686; rv:28.0) Gecko/20100101 Firefox/28.0"
141.101.69.101 - - [10/Mar/2020:00:39:15 -0400] "GET /index.php?IX=home HTTP/1.1" 200 22789 "-" "Mozilla/5.0 (X11; Ubuntu; Linux i686; rv:28.0) Gecko/20100101 Firefox/28.0"
108.162.229.80 - - [10/Mar/2020:00:39:16 -0400] "GET /index.php?IX=home' HTTP/1.1" 302 - "-" "Mozilla/5.0 (X11; Ubuntu; Linux i686; rv:28.0) Gecko/20100101 Firefox/28.0"
108.162.229.80 - - [10/Mar/2020:00:39:16 -0400] "GET /index.php?IX=home HTTP/1.1" 302 - "-" "Mozilla/5.0 (X11; Ubuntu; Linux i686; rv:28.0) Gecko/20100101 Firefox/28.0"
141.101.69.51 - - [10/Mar/2020:00:39:17 -0400] "GET /index.php?IX=home HTTP/1.1" 200 22789 "-" "Mozilla/5.0 (X11; Ubuntu; Linux i686; rv:28.0) Gecko/20100101 Firefox/28.0"
141.101.69.179 - - [10/Mar/2020:00:39:17 -0400] "GET /index.php?IX=home' HTTP/1.1" 302 - "-" "Mozilla/5.0 (X11; Ubuntu; Linux i686; rv:28.0) Gecko/20100101 Firefox/28.0"
141.101.69.179 - - [10/Mar/2020:00:39:17 -0400] "GET /index.php?IX=home HTTP/1.1" 302 - "-" "Mozilla/5.0 (X11; Ubuntu; Linux i686; rv:28.0) Gecko/20100101 Firefox/28.0"
141.101.69.51 - - [10/Mar/2020:00:39:18 -0400] "GET /index.php?IX=home HTTP/1.1" 200 22789 "-" "Mozilla/5.0 (X11; Ubuntu; Linux i686; rv:28.0) Gecko/20100101 Firefox/28.0"
108.162.229.192 - - [10/Mar/2020:00:39:18 -0400] "GET /index.php?IX=home' HTTP/1.1" 302 - "-" "Mozilla/5.0 (X11; Ubuntu; Linux i686; rv:28.0) Gecko/20100101 Firefox/28.0"
108.162.229.192 - - [10/Mar/2020:00:39:19 -0400] "GET /index.php?IX=home HTTP/1.1" 302 - "-" "Mozilla/5.0 (X11; Ubuntu; Linux i686; rv:28.0) Gecko/20100101 Firefox/28.0"
108.162.229.230 - - [10/Mar/2020:00:39:19 -0400] "GET /index.php?IX=home HTTP/1.1" 200 22789 "-" "Mozilla/5.0 (X11; Ubuntu; Linux i686; rv:28.0) Gecko/20100101 Firefox/28.0"
141.101.69.51 - - [10/Mar/2020:00:39:20 -0400] "GET /index.php?IX=home' HTTP/1.1" 302 - "-" "Mozilla/5.0 (X11; Ubuntu; Linux i686; rv:28.0) Gecko/20100101 Firefox/28.0"
141.101.69.51 - - [10/Mar/2020:00:39:20 -0400] "GET /index.php?IX=home HTTP/1.1" 302 - "-" "Mozilla/5.0 (X11; Ubuntu; Linux i686; rv:28.0) Gecko/20100101 Firefox/28.0"
141.101.69.169 - - [10/Mar/2020:00:39:21 -0400] "GET /index.php?IX=home HTTP/1.1" 200 22789 "-" "Mozilla/5.0 (X11; Ubuntu; Linux i686; rv:28.0) Gecko/20100101 Firefox/28.0"
141.101.69.169 - - [10/Mar/2020:00:39:22 -0400] "GET /index.php?IX=home' HTTP/1.1" 302 - "-" "Mozilla/5.0 (X11; Ubuntu; Linux i686; rv:28.0) Gecko/20100101 Firefox/28.0"
141.101.69.169 - - [10/Mar/2020:00:39:22 -0400] "GET /index.php?IX=home HTTP/1.1" 302 - "-" "Mozilla/5.0 (X11; Ubuntu; Linux i686; rv:28.0) Gecko/20100101 Firefox/28.0"
108.162.229.26 - - [10/Mar/2020:00:39:22 -0400] "GET /index.php?IX=home HTTP/1.1" 200 22789 "-" "Mozilla/5.0 (X11; Ubuntu; Linux i686; rv:28.0) Gecko/20100101 Firefox/28.0"
141.101.69.179 - - [10/Mar/2020:00:39:23 -0400] "GET /index.php?IX=home' HTTP/1.1" 302 - "-" "Mozilla/5.0 (X11; Ubuntu; Linux i686; rv:28.0) Gecko/20100101 Firefox/28.0"
141.101.69.179 - - [10/Mar/2020:00:39:23 -0400] "GET /index.php?IX=home HTTP/1.1" 302 - "-" "Mozilla/5.0 (X11; Ubuntu; Linux i686; rv:28.0) Gecko/20100101 Firefox/28.0"
141.101.69.169 - - [10/Mar/2020:00:39:24 -0400] "GET /index.php?IX=home HTTP/1.1" 200 22789 "-" "Mozilla/5.0 (X11; Ubuntu; Linux i686; rv:28.0) Gecko/20100101 Firefox/28.0"
141.101.69.169 - - [10/Mar/2020:00:39:24 -0400] "GET /index.php?IX=home' HTTP/1.1" 302 - "-" "Mozilla/5.0 (X11; Ubuntu; Linux i686; rv:28.0) Gecko/20100101 Firefox/28.0"
141.101.69.169 - - [10/Mar/2020:00:39:24 -0400] "GET /index.php?IX=home HTTP/1.1" 302 - "-" "Mozilla/5.0 (X11; Ubuntu; Linux i686; rv:28.0) Gecko/20100101 Firefox/28.0"
141.101.69.51 - - [10/Mar/2020:00:39:25 -0400] "GET /index.php?IX=home HTTP/1.1" 200 22789 "-" "Mozilla/5.0 (X11; Ubuntu; Linux i686; rv:28.0) Gecko/20100101 Firefox/28.0"
162.158.63.208 - - [10/Mar/2020:12:33:17 -0400] "GET / HTTP/1.1" 200 22789 "-" "Mozilla/5.0 (Windows NT 6.1; Win64; x64; rv:73.0) Gecko/20100101 Firefox/73.0"
108.162.219.250 - - [10/Mar/2020:12:33:17 -0400] "GET /css/jquery-ui-1.10.3.custom.min.css?ver=1388782301 HTTP/1.1" 200 - "https://dev.mitzvahorganizer.com/" "Mozilla/5.0 (Windows NT 6.1; Win64; x64; rv:73.0) Gecko/20100101 Firefox/73.0"
108.162.219.226 - - [10/Mar/2020:12:33:17 -0400] "GET /css/datePicker.css?ver=1388782278 HTTP/1.1" 200 2415 "https://dev.mitzvahorganizer.com/" "Mozilla/5.0 (Windows NT 6.1; Win64; x64; rv:73.0) Gecko/20100101 Firefox/73.0"
173.245.52.219 - - [10/Mar/2020:12:33:17 -0400] "GET /js/md5.js?ver=1372179353 HTTP/1.1" 200 6453 "https://dev.mitzvahorganizer.com/" "Mozilla/5.0 (Windows NT 6.1; Win64; x64; rv:73.0) Gecko/20100101 Firefox/73.0"
162.158.63.106 - - [10/Mar/2020:12:33:17 -0400] "GET /js/jquery.datePicker.js?ver=1375203162 HTTP/1.1" 200 42569 "https://dev.mitzvahorganizer.com/" "Mozilla/5.0 (Windows NT 6.1; Win64; x64; rv:73.0) Gecko/20100101 Firefox/73.0"
108.162.219.42 - - [10/Mar/2020:12:33:17 -0400] "GET /img/home_icon_video.png HTTP/1.1" 200 3158 "https://dev.mitzvahorganizer.com/" "Mozilla/5.0 (Windows NT 6.1; Win64; x64; rv:73.0) Gecko/20100101 Firefox/73.0"
162.158.63.88 - - [10/Mar/2020:12:33:17 -0400] "GET /css/main_mobile.css?ver=1449693284 HTTP/1.1" 200 718 "https://dev.mitzvahorganizer.com/" "Mozilla/5.0 (Windows NT 6.1; Win64; x64; rv:73.0) Gecko/20100101 Firefox/73.0"
162.158.62.75 - - [10/Mar/2020:12:33:17 -0400] "GET /img/loading.gif HTTP/1.1" 200 1279 "https://dev.mitzvahorganizer.com/" "Mozilla/5.0 (Windows NT 6.1; Win64; x64; rv:73.0) Gecko/20100101 Firefox/73.0"
108.162.219.20 - - [10/Mar/2020:12:33:17 -0400] "GET /img/home_checkbox.png HTTP/1.1" 200 536 "https://dev.mitzvahorganizer.com/" "Mozilla/5.0 (Windows NT 6.1; Win64; x64; rv:73.0) Gecko/20100101 Firefox/73.0"
108.162.219.92 - - [10/Mar/2020:12:33:17 -0400] "GET /css/main.css?ver=1550975809 HTTP/1.1" 200 26853 "https://dev.mitzvahorganizer.com/" "Mozilla/5.0 (Windows NT 6.1; Win64; x64; rv:73.0) Gecko/20100101 Firefox/73.0"
162.158.63.154 - - [10/Mar/2020:12:33:17 -0400] "GET /js/jquery.ui.touch-punch.min.js?ver=1376752033 HTTP/1.1" 200 1190 "https://dev.mitzvahorganizer.com/" "Mozilla/5.0 (Windows NT 6.1; Win64; x64; rv:73.0) Gecko/20100101 Firefox/73.0"
108.162.219.34 - - [10/Mar/2020:12:33:17 -0400] "GET /js/cryptojs/rollups/sha512.js?ver=1410759005 HTTP/1.1" 200 8320 "https://dev.mitzvahorganizer.com/" "Mozilla/5.0 (Windows NT 6.1; Win64; x64; rv:73.0) Gecko/20100101 Firefox/73.0"
162.158.63.172 - - [10/Mar/2020:12:33:17 -0400] "GET /js/jquery.visible.min.js?ver=1451321694 HTTP/1.1" 200 803 "https://dev.mitzvahorganizer.com/" "Mozilla/5.0 (Windows NT 6.1; Win64; x64; rv:73.0) Gecko/20100101 Firefox/73.0"
162.158.63.114 - - [10/Mar/2020:12:33:17 -0400] "GET /img/close_icon.png HTTP/1.1" 200 4246 "https://dev.mitzvahorganizer.com/" "Mozilla/5.0 (Windows NT 6.1; Win64; x64; rv:73.0) Gecko/20100101 Firefox/73.0"
108.162.219.172 - - [10/Mar/2020:12:33:17 -0400] "GET /img/home_icon_tour.png HTTP/1.1" 200 3469 "https://dev.mitzvahorganizer.com/" "Mozilla/5.0 (Windows NT 6.1; Win64; x64; rv:73.0) Gecko/20100101 Firefox/73.0"
162.158.63.226 - - [10/Mar/2020:12:33:17 -0400] "GET /img/home_buy_button5.png HTTP/1.1" 200 9729 "https://dev.mitzvahorganizer.com/" "Mozilla/5.0 (Windows NT 6.1; Win64; x64; rv:73.0) Gecko/20100101 Firefox/73.0"
108.162.219.16 - - [10/Mar/2020:12:33:17 -0400] "GET /js/jquery.form.js?ver=1372179352 HTTP/1.1" 200 39396 "https://dev.mitzvahorganizer.com/" "Mozilla/5.0 (Windows NT 6.1; Win64; x64; rv:73.0) Gecko/20100101 Firefox/73.0"
173.245.52.215 - - [10/Mar/2020:12:33:17 -0400] "GET /js/date.js?ver=1375203160 HTTP/1.1" 200 12767 "https://dev.mitzvahorganizer.com/" "Mozilla/5.0 (Windows NT 6.1; Win64; x64; rv:73.0) Gecko/20100101 Firefox/73.0"
108.162.219.84 - - [10/Mar/2020:12:33:17 -0400] "GET /js/text_slider.js?ver=1550727312 HTTP/1.1" 200 4631 "https://dev.mitzvahorganizer.com/" "Mozilla/5.0 (Windows NT 6.1; Win64; x64; rv:73.0) Gecko/20100101 Firefox/73.0"
162.158.63.64 - - [10/Mar/2020:12:33:17 -0400] "GET /img/lg_mitzvah_logo.png?ver=1549520078 HTTP/1.1" 200 9167 "https://dev.mitzvahorganizer.com/" "Mozilla/5.0 (Windows NT 6.1; Win64; x64; rv:73.0) Gecko/20100101 Firefox/73.0"
162.158.63.40 - - [10/Mar/2020:12:33:17 -0400] "GET /js/index.js?ver=1550727312 HTTP/1.1" 200 27289 "https://dev.mitzvahorganizer.com/" "Mozilla/5.0 (Windows NT 6.1; Win64; x64; rv:73.0) Gecko/20100101 Firefox/73.0"
162.158.63.60 - - [10/Mar/2020:12:33:17 -0400] "GET /js/jquery-1.7.1.min.js?ver=1372179351 HTTP/1.1" 200 93868 "https://dev.mitzvahorganizer.com/" "Mozilla/5.0 (Windows NT 6.1; Win64; x64; rv:73.0) Gecko/20100101 Firefox/73.0"
108.162.219.14 - - [10/Mar/2020:12:33:17 -0400] "GET /img/home_collage3.jpg?ver=1550267833 HTTP/1.1" 200 120597 "https://dev.mitzvahorganizer.com/" "Mozilla/5.0 (Windows NT 6.1; Win64; x64; rv:73.0) Gecko/20100101 Firefox/73.0"
162.158.62.149 - - [10/Mar/2020:12:33:17 -0400] "GET /DataTables-1.9.4/media/js/jquery.dataTables.min.js?ver=1381525764 HTTP/1.1" 200 70857 "https://dev.mitzvahorganizer.com/" "Mozilla/5.0 (Windows NT 6.1; Win64; x64; rv:73.0) Gecko/20100101 Firefox/73.0"
162.158.63.160 - - [10/Mar/2020:12:33:17 -0400] "GET /js/jquery-ui-1.10.3.custom.min.js?ver=1376675031 HTTP/1.1" 200 228137 "https://dev.mitzvahorganizer.com/" "Mozilla/5.0 (Windows NT 6.1; Win64; x64; rv:73.0) Gecko/20100101 Firefox/73.0"
162.158.63.40 - - [10/Mar/2020:12:33:17 -0400] "GET /img/home_collage2.jpg?ver=1553551884 HTTP/1.1" 200 289791 "https://dev.mitzvahorganizer.com/" "Mozilla/5.0 (Windows NT 6.1; Win64; x64; rv:73.0) Gecko/20100101 Firefox/73.0"
173.245.52.103 - - [10/Mar/2020:12:33:18 -0400] "GET /img/lg_mitzvah_stripes.png HTTP/1.1" 200 3390 "https://dev.mitzvahorganizer.com/css/main.css?ver=1550975809" "Mozilla/5.0 (Windows NT 6.1; Win64; x64; rv:73.0) Gecko/20100101 Firefox/73.0"
108.162.219.40 - - [10/Mar/2020:12:33:18 -0400] "GET /img/gallery_button_pause.png HTTP/1.1" 200 533 "https://dev.mitzvahorganizer.com/" "Mozilla/5.0 (Windows NT 6.1; Win64; x64; rv:73.0) Gecko/20100101 Firefox/73.0"
108.162.219.28 - - [10/Mar/2020:12:33:18 -0400] "GET /img/gallery_arrow_left.png HTTP/1.1" 200 809 "https://dev.mitzvahorganizer.com/" "Mozilla/5.0 (Windows NT 6.1; Win64; x64; rv:73.0) Gecko/20100101 Firefox/73.0"
162.158.63.214 - - [10/Mar/2020:12:33:18 -0400] "GET /img/gallery_arrow_right.png HTTP/1.1" 200 791 "https://dev.mitzvahorganizer.com/" "Mozilla/5.0 (Windows NT 6.1; Win64; x64; rv:73.0) Gecko/20100101 Firefox/73.0"
108.162.219.238 - - [10/Mar/2020:12:33:18 -0400] "GET /css/text_slider.css HTTP/1.1" 304 - "https://dev.mitzvahorganizer.com/" "Mozilla/5.0 (Windows NT 6.1; Win64; x64; rv:73.0) Gecko/20100101 Firefox/73.0"
173.245.52.85 - - [10/Mar/2020:12:33:18 -0400] "GET /favicon.ico HTTP/1.1" 200 1150 "-" "Mozilla/5.0 (Windows NT 6.1; Win64; x64; rv:73.0) Gecko/20100101 Firefox/73.0"
162.158.63.208 - - [10/Mar/2020:12:33:23 -0400] "GET /index.php?IX=contact_form HTTP/1.1" 200 21704 "https://dev.mitzvahorganizer.com/" "Mozilla/5.0 (Windows NT 6.1; Win64; x64; rv:73.0) Gecko/20100101 Firefox/73.0"
162.158.63.208 - - [10/Mar/2020:12:33:23 -0400] "GET /mod/_captcha.php HTTP/1.1" 200 380 "https://dev.mitzvahorganizer.com/index.php?IX=contact_form" "Mozilla/5.0 (Windows NT 6.1; Win64; x64; rv:73.0) Gecko/20100101 Firefox/73.0"
173.245.52.85 - - [10/Mar/2020:12:33:23 -0400] "GET /img/reload.png HTTP/1.1" 200 743 "https://dev.mitzvahorganizer.com/index.php?IX=contact_form" "Mozilla/5.0 (Windows NT 6.1; Win64; x64; rv:73.0) Gecko/20100101 Firefox/73.0"
162.158.63.208 - - [10/Mar/2020:12:33:44 -0400] "POST /index.php?IX=contact_form HTTP/1.1" 200 6687 "https://dev.mitzvahorganizer.com/index.php?IX=contact_form" "Mozilla/5.0 (Windows NT 6.1; Win64; x64; rv:73.0) Gecko/20100101 Firefox/73.0"
162.158.62.121 - - [10/Mar/2020:12:48:01 -0400] "POST /index.php?IX=contact_form HTTP/1.1" 200 6691 "https://dev.mitzvahorganizer.com/index.php?IX=contact_form" "Mozilla/5.0 (Windows NT 6.1; Win64; x64; rv:73.0) Gecko/20100101 Firefox/73.0"
108.162.219.92 - - [10/Mar/2020:12:48:02 -0400] "GET /css/main.css?ver=1550975809 HTTP/1.1" 304 - "https://dev.mitzvahorganizer.com/index.php?IX=contact_form" "Mozilla/5.0 (Windows NT 6.1; Win64; x64; rv:73.0) Gecko/20100101 Firefox/73.0"
108.162.219.250 - - [10/Mar/2020:12:48:02 -0400] "GET /css/jquery-ui-1.10.3.custom.min.css?ver=1388782301 HTTP/1.1" 304 - "https://dev.mitzvahorganizer.com/index.php?IX=contact_form" "Mozilla/5.0 (Windows NT 6.1; Win64; x64; rv:73.0) Gecko/20100101 Firefox/73.0"
162.158.62.149 - - [10/Mar/2020:12:48:02 -0400] "GET /DataTables-1.9.4/media/js/jquery.dataTables.min.js?ver=1381525764 HTTP/1.1" 304 - "https://dev.mitzvahorganizer.com/index.php?IX=contact_form" "Mozilla/5.0 (Windows NT 6.1; Win64; x64; rv:73.0) Gecko/20100101 Firefox/73.0"
108.162.219.16 - - [10/Mar/2020:12:48:02 -0400] "GET /js/jquery.form.js?ver=1372179352 HTTP/1.1" 304 - "https://dev.mitzvahorganizer.com/index.php?IX=contact_form" "Mozilla/5.0 (Windows NT 6.1; Win64; x64; rv:73.0) Gecko/20100101 Firefox/73.0"
162.158.63.160 - - [10/Mar/2020:12:48:02 -0400] "GET /js/jquery-ui-1.10.3.custom.min.js?ver=1376675031 HTTP/1.1" 304 - "https://dev.mitzvahorganizer.com/index.php?IX=contact_form" "Mozilla/5.0 (Windows NT 6.1; Win64; x64; rv:73.0) Gecko/20100101 Firefox/73.0"
162.158.63.88 - - [10/Mar/2020:12:48:02 -0400] "GET /css/main_mobile.css?ver=1449693284 HTTP/1.1" 304 - "https://dev.mitzvahorganizer.com/index.php?IX=contact_form" "Mozilla/5.0 (Windows NT 6.1; Win64; x64; rv:73.0) Gecko/20100101 Firefox/73.0"
173.245.52.219 - - [10/Mar/2020:12:48:02 -0400] "GET /js/md5.js?ver=1372179353 HTTP/1.1" 304 - "https://dev.mitzvahorganizer.com/index.php?IX=contact_form" "Mozilla/5.0 (Windows NT 6.1; Win64; x64; rv:73.0) Gecko/20100101 Firefox/73.0"
162.158.63.154 - - [10/Mar/2020:12:48:02 -0400] "GET /js/jquery.ui.touch-punch.min.js?ver=1376752033 HTTP/1.1" 304 - "https://dev.mitzvahorganizer.com/index.php?IX=contact_form" "Mozilla/5.0 (Windows NT 6.1; Win64; x64; rv:73.0) Gecko/20100101 Firefox/73.0"
108.162.219.226 - - [10/Mar/2020:12:48:02 -0400] "GET /css/datePicker.css?ver=1388782278 HTTP/1.1" 304 - "https://dev.mitzvahorganizer.com/index.php?IX=contact_form" "Mozilla/5.0 (Windows NT 6.1; Win64; x64; rv:73.0) Gecko/20100101 Firefox/73.0"
162.158.63.172 - - [10/Mar/2020:12:48:02 -0400] "GET /js/jquery.visible.min.js?ver=1451321694 HTTP/1.1" 304 - "https://dev.mitzvahorganizer.com/index.php?IX=contact_form" "Mozilla/5.0 (Windows NT 6.1; Win64; x64; rv:73.0) Gecko/20100101 Firefox/73.0"
162.158.63.60 - - [10/Mar/2020:12:48:02 -0400] "GET /js/jquery-1.7.1.min.js?ver=1372179351 HTTP/1.1" 304 - "https://dev.mitzvahorganizer.com/index.php?IX=contact_form" "Mozilla/5.0 (Windows NT 6.1; Win64; x64; rv:73.0) Gecko/20100101 Firefox/73.0"
162.158.63.40 - - [10/Mar/2020:12:48:02 -0400] "GET /js/index.js?ver=1550727312 HTTP/1.1" 304 - "https://dev.mitzvahorganizer.com/index.php?IX=contact_form" "Mozilla/5.0 (Windows NT 6.1; Win64; x64; rv:73.0) Gecko/20100101 Firefox/73.0"
108.162.219.34 - - [10/Mar/2020:12:48:02 -0400] "GET /js/cryptojs/rollups/sha512.js?ver=1410759005 HTTP/1.1" 304 - "https://dev.mitzvahorganizer.com/index.php?IX=contact_form" "Mozilla/5.0 (Windows NT 6.1; Win64; x64; rv:73.0) Gecko/20100101 Firefox/73.0"
173.245.52.215 - - [10/Mar/2020:12:48:02 -0400] "GET /js/date.js?ver=1375203160 HTTP/1.1" 304 - "https://dev.mitzvahorganizer.com/index.php?IX=contact_form" "Mozilla/5.0 (Windows NT 6.1; Win64; x64; rv:73.0) Gecko/20100101 Firefox/73.0"
162.158.63.106 - - [10/Mar/2020:12:48:02 -0400] "GET /js/jquery.datePicker.js?ver=1375203162 HTTP/1.1" 304 - "https://dev.mitzvahorganizer.com/index.php?IX=contact_form" "Mozilla/5.0 (Windows NT 6.1; Win64; x64; rv:73.0) Gecko/20100101 Firefox/73.0"
162.158.63.64 - - [10/Mar/2020:12:48:02 -0400] "GET /img/lg_mitzvah_logo.png?ver=1549520078 HTTP/1.1" 304 - "https://dev.mitzvahorganizer.com/index.php?IX=contact_form" "Mozilla/5.0 (Windows NT 6.1; Win64; x64; rv:73.0) Gecko/20100101 Firefox/73.0"
162.158.62.121 - - [10/Mar/2020:12:49:36 -0400] "GET /index.php?IX=contact_form HTTP/1.1" 200 21704 "-" "Mozilla/5.0 (Windows NT 6.1; Win64; x64; rv:73.0) Gecko/20100101 Firefox/73.0"
162.158.62.121 - - [10/Mar/2020:12:49:37 -0400] "GET /mod/_captcha.php HTTP/1.1" 200 415 "https://dev.mitzvahorganizer.com/index.php?IX=contact_form" "Mozilla/5.0 (Windows NT 6.1; Win64; x64; rv:73.0) Gecko/20100101 Firefox/73.0"
162.158.62.121 - - [10/Mar/2020:12:50:00 -0400] "POST /index.php?IX=contact_form HTTP/1.1" 200 6691 "https://dev.mitzvahorganizer.com/index.php?IX=contact_form" "Mozilla/5.0 (Windows NT 6.1; Win64; x64; rv:73.0) Gecko/20100101 Firefox/73.0"
162.158.62.121 - - [10/Mar/2020:12:53:28 -0400] "POST /index.php?IX=contact_form HTTP/1.1" 200 6685 "https://dev.mitzvahorganizer.com/index.php?IX=contact_form" "Mozilla/5.0 (Windows NT 6.1; Win64; x64; rv:73.0) Gecko/20100101 Firefox/73.0"
108.162.219.92 - - [10/Mar/2020:12:53:29 -0400] "GET /css/main.css?ver=1550975809 HTTP/1.1" 200 26853 "https://dev.mitzvahorganizer.com/index.php?IX=contact_form" "Mozilla/5.0 (Windows NT 6.1; Win64; x64; rv:73.0) Gecko/20100101 Firefox/73.0"
162.158.63.154 - - [10/Mar/2020:12:53:29 -0400] "GET /js/jquery.ui.touch-punch.min.js?ver=1376752033 HTTP/1.1" 200 1190 "https://dev.mitzvahorganizer.com/index.php?IX=contact_form" "Mozilla/5.0 (Windows NT 6.1; Win64; x64; rv:73.0) Gecko/20100101 Firefox/73.0"
173.245.52.215 - - [10/Mar/2020:12:53:29 -0400] "GET /js/date.js?ver=1375203160 HTTP/1.1" 200 12767 "https://dev.mitzvahorganizer.com/index.php?IX=contact_form" "Mozilla/5.0 (Windows NT 6.1; Win64; x64; rv:73.0) Gecko/20100101 Firefox/73.0"
162.158.63.88 - - [10/Mar/2020:12:53:29 -0400] "GET /css/main_mobile.css?ver=1449693284 HTTP/1.1" 200 718 "https://dev.mitzvahorganizer.com/index.php?IX=contact_form" "Mozilla/5.0 (Windows NT 6.1; Win64; x64; rv:73.0) Gecko/20100101 Firefox/73.0"
108.162.219.226 - - [10/Mar/2020:12:53:29 -0400] "GET /css/datePicker.css?ver=1388782278 HTTP/1.1" 200 2415 "https://dev.mitzvahorganizer.com/index.php?IX=contact_form" "Mozilla/5.0 (Windows NT 6.1; Win64; x64; rv:73.0) Gecko/20100101 Firefox/73.0"
162.158.63.40 - - [10/Mar/2020:12:53:29 -0400] "GET /js/index.js?ver=1550727312 HTTP/1.1" 200 27289 "https://dev.mitzvahorganizer.com/index.php?IX=contact_form" "Mozilla/5.0 (Windows NT 6.1; Win64; x64; rv:73.0) Gecko/20100101 Firefox/73.0"
108.162.219.250 - - [10/Mar/2020:12:53:29 -0400] "GET /css/jquery-ui-1.10.3.custom.min.css?ver=1388782301 HTTP/1.1" 200 - "https://dev.mitzvahorganizer.com/index.php?IX=contact_form" "Mozilla/5.0 (Windows NT 6.1; Win64; x64; rv:73.0) Gecko/20100101 Firefox/73.0"
162.158.63.172 - - [10/Mar/2020:12:53:29 -0400] "GET /js/jquery.visible.min.js?ver=1451321694 HTTP/1.1" 200 803 "https://dev.mitzvahorganizer.com/index.php?IX=contact_form" "Mozilla/5.0 (Windows NT 6.1; Win64; x64; rv:73.0) Gecko/20100101 Firefox/73.0"
108.162.219.16 - - [10/Mar/2020:12:53:29 -0400] "GET /js/jquery.form.js?ver=1372179352 HTTP/1.1" 200 39396 "https://dev.mitzvahorganizer.com/index.php?IX=contact_form" "Mozilla/5.0 (Windows NT 6.1; Win64; x64; rv:73.0) Gecko/20100101 Firefox/73.0"
162.158.63.106 - - [10/Mar/2020:12:53:29 -0400] "GET /js/jquery.datePicker.js?ver=1375203162 HTTP/1.1" 200 42569 "https://dev.mitzvahorganizer.com/index.php?IX=contact_form" "Mozilla/5.0 (Windows NT 6.1; Win64; x64; rv:73.0) Gecko/20100101 Firefox/73.0"
173.245.52.219 - - [10/Mar/2020:12:53:29 -0400] "GET /js/md5.js?ver=1372179353 HTTP/1.1" 200 6453 "https://dev.mitzvahorganizer.com/index.php?IX=contact_form" "Mozilla/5.0 (Windows NT 6.1; Win64; x64; rv:73.0) Gecko/20100101 Firefox/73.0"
108.162.219.34 - - [10/Mar/2020:12:53:29 -0400] "GET /js/cryptojs/rollups/sha512.js?ver=1410759005 HTTP/1.1" 200 8320 "https://dev.mitzvahorganizer.com/index.php?IX=contact_form" "Mozilla/5.0 (Windows NT 6.1; Win64; x64; rv:73.0) Gecko/20100101 Firefox/73.0"
162.158.62.149 - - [10/Mar/2020:12:53:29 -0400] "GET /DataTables-1.9.4/media/js/jquery.dataTables.min.js?ver=1381525764 HTTP/1.1" 200 70857 "https://dev.mitzvahorganizer.com/index.php?IX=contact_form" "Mozilla/5.0 (Windows NT 6.1; Win64; x64; rv:73.0) Gecko/20100101 Firefox/73.0"
162.158.63.60 - - [10/Mar/2020:12:53:29 -0400] "GET /js/jquery-1.7.1.min.js?ver=1372179351 HTTP/1.1" 200 93868 "https://dev.mitzvahorganizer.com/index.php?IX=contact_form" "Mozilla/5.0 (Windows NT 6.1; Win64; x64; rv:73.0) Gecko/20100101 Firefox/73.0"
162.158.63.160 - - [10/Mar/2020:12:53:29 -0400] "GET /js/jquery-ui-1.10.3.custom.min.js?ver=1376675031 HTTP/1.1" 200 228137 "https://dev.mitzvahorganizer.com/index.php?IX=contact_form" "Mozilla/5.0 (Windows NT 6.1; Win64; x64; rv:73.0) Gecko/20100101 Firefox/73.0"
162.158.63.64 - - [10/Mar/2020:12:53:30 -0400] "GET /img/lg_mitzvah_logo.png?ver=1549520078 HTTP/1.1" 200 9167 "https://dev.mitzvahorganizer.com/index.php?IX=contact_form" "Mozilla/5.0 (Windows NT 6.1; Win64; x64; rv:73.0) Gecko/20100101 Firefox/73.0"
162.158.62.63 - - [11/Mar/2020:12:57:03 -0400] "GET / HTTP/1.1" 302 - "-" "Mozilla/5.0 (Windows NT 10.0; Win64; x64) AppleWebKit/537.36 (KHTML, like Gecko) Chrome/80.0.3987.132 Safari/537.36"
162.158.62.121 - - [11/Mar/2020:12:57:14 -0400] "GET / HTTP/1.1" 200 22789 "-" "Mozilla/5.0 (Windows NT 10.0; Win64; x64) AppleWebKit/537.36 (KHTML, like Gecko) Chrome/80.0.3987.132 Safari/537.36"
108.162.219.92 - - [11/Mar/2020:12:57:14 -0400] "GET /css/main.css?ver=1550975809 HTTP/1.1" 200 26853 "https://dev.mitzvahorganizer.com/" "Mozilla/5.0 (Windows NT 10.0; Win64; x64) AppleWebKit/537.36 (KHTML, like Gecko) Chrome/80.0.3987.132 Safari/537.36"
108.162.219.84 - - [11/Mar/2020:12:57:14 -0400] "GET /js/text_slider.js?ver=1550727312 HTTP/1.1" 200 4631 "https://dev.mitzvahorganizer.com/" "Mozilla/5.0 (Windows NT 10.0; Win64; x64) AppleWebKit/537.36 (KHTML, like Gecko) Chrome/80.0.3987.132 Safari/537.36"
108.162.219.250 - - [11/Mar/2020:12:57:14 -0400] "GET /css/jquery-ui-1.10.3.custom.min.css?ver=1388782301 HTTP/1.1" 200 - "https://dev.mitzvahorganizer.com/" "Mozilla/5.0 (Windows NT 10.0; Win64; x64) AppleWebKit/537.36 (KHTML, like Gecko) Chrome/80.0.3987.132 Safari/537.36"
108.162.219.16 - - [11/Mar/2020:12:57:14 -0400] "GET /js/jquery.form.js?ver=1372179352 HTTP/1.1" 200 39396 "https://dev.mitzvahorganizer.com/" "Mozilla/5.0 (Windows NT 10.0; Win64; x64) AppleWebKit/537.36 (KHTML, like Gecko) Chrome/80.0.3987.132 Safari/537.36"
173.245.52.219 - - [11/Mar/2020:12:57:14 -0400] "GET /js/md5.js?ver=1372179353 HTTP/1.1" 200 6453 "https://dev.mitzvahorganizer.com/" "Mozilla/5.0 (Windows NT 10.0; Win64; x64) AppleWebKit/537.36 (KHTML, like Gecko) Chrome/80.0.3987.132 Safari/537.36"
162.158.63.64 - - [11/Mar/2020:12:57:14 -0400] "GET /img/lg_mitzvah_logo.png?ver=1549520078 HTTP/1.1" 200 9167 "https://dev.mitzvahorganizer.com/" "Mozilla/5.0 (Windows NT 10.0; Win64; x64) AppleWebKit/537.36 (KHTML, like Gecko) Chrome/80.0.3987.132 Safari/537.36"
162.158.63.154 - - [11/Mar/2020:12:57:14 -0400] "GET /js/jquery.ui.touch-punch.min.js?ver=1376752033 HTTP/1.1" 200 1190 "https://dev.mitzvahorganizer.com/" "Mozilla/5.0 (Windows NT 10.0; Win64; x64) AppleWebKit/537.36 (KHTML, like Gecko) Chrome/80.0.3987.132 Safari/537.36"
162.158.63.172 - - [11/Mar/2020:12:57:14 -0400] "GET /js/jquery.visible.min.js?ver=1451321694 HTTP/1.1" 200 803 "https://dev.mitzvahorganizer.com/" "Mozilla/5.0 (Windows NT 10.0; Win64; x64) AppleWebKit/537.36 (KHTML, like Gecko) Chrome/80.0.3987.132 Safari/537.36"
108.162.219.226 - - [11/Mar/2020:12:57:14 -0400] "GET /css/datePicker.css?ver=1388782278 HTTP/1.1" 304 - "https://dev.mitzvahorganizer.com/" "Mozilla/5.0 (Windows NT 10.0; Win64; x64) AppleWebKit/537.36 (KHTML, like Gecko) Chrome/80.0.3987.132 Safari/537.36"
173.245.52.215 - - [11/Mar/2020:12:57:14 -0400] "GET /js/date.js?ver=1375203160 HTTP/1.1" 200 12767 "https://dev.mitzvahorganizer.com/" "Mozilla/5.0 (Windows NT 10.0; Win64; x64) AppleWebKit/537.36 (KHTML, like Gecko) Chrome/80.0.3987.132 Safari/537.36"
162.158.63.106 - - [11/Mar/2020:12:57:14 -0400] "GET /js/jquery.datePicker.js?ver=1375203162 HTTP/1.1" 200 42569 "https://dev.mitzvahorganizer.com/" "Mozilla/5.0 (Windows NT 10.0; Win64; x64) AppleWebKit/537.36 (KHTML, like Gecko) Chrome/80.0.3987.132 Safari/537.36"
162.158.63.40 - - [11/Mar/2020:12:57:14 -0400] "GET /js/index.js?ver=1550727312 HTTP/1.1" 200 27289 "https://dev.mitzvahorganizer.com/" "Mozilla/5.0 (Windows NT 10.0; Win64; x64) AppleWebKit/537.36 (KHTML, like Gecko) Chrome/80.0.3987.132 Safari/537.36"
108.162.219.34 - - [11/Mar/2020:12:57:14 -0400] "GET /js/cryptojs/rollups/sha512.js?ver=1410759005 HTTP/1.1" 200 8320 "https://dev.mitzvahorganizer.com/" "Mozilla/5.0 (Windows NT 10.0; Win64; x64) AppleWebKit/537.36 (KHTML, like Gecko) Chrome/80.0.3987.132 Safari/537.36"
162.158.63.88 - - [11/Mar/2020:12:57:14 -0400] "GET /css/main_mobile.css?ver=1449693284 HTTP/1.1" 200 718 "https://dev.mitzvahorganizer.com/" "Mozilla/5.0 (Windows NT 10.0; Win64; x64) AppleWebKit/537.36 (KHTML, like Gecko) Chrome/80.0.3987.132 Safari/537.36"
162.158.63.60 - - [11/Mar/2020:12:57:14 -0400] "GET /js/jquery-1.7.1.min.js?ver=1372179351 HTTP/1.1" 200 93868 "https://dev.mitzvahorganizer.com/" "Mozilla/5.0 (Windows NT 10.0; Win64; x64) AppleWebKit/537.36 (KHTML, like Gecko) Chrome/80.0.3987.132 Safari/537.36"
162.158.62.149 - - [11/Mar/2020:12:57:14 -0400] "GET /DataTables-1.9.4/media/js/jquery.dataTables.min.js?ver=1381525764 HTTP/1.1" 200 70857 "https://dev.mitzvahorganizer.com/" "Mozilla/5.0 (Windows NT 10.0; Win64; x64) AppleWebKit/537.36 (KHTML, like Gecko) Chrome/80.0.3987.132 Safari/537.36"
162.158.63.160 - - [11/Mar/2020:12:57:14 -0400] "GET /js/jquery-ui-1.10.3.custom.min.js?ver=1376675031 HTTP/1.1" 200 228137 "https://dev.mitzvahorganizer.com/" "Mozilla/5.0 (Windows NT 10.0; Win64; x64) AppleWebKit/537.36 (KHTML, like Gecko) Chrome/80.0.3987.132 Safari/537.36"
162.158.63.226 - - [11/Mar/2020:12:57:15 -0400] "GET /img/home_buy_button5.png HTTP/1.1" 200 9729 "https://dev.mitzvahorganizer.com/" "Mozilla/5.0 (Windows NT 10.0; Win64; x64) AppleWebKit/537.36 (KHTML, like Gecko) Chrome/80.0.3987.132 Safari/537.36"
108.162.219.42 - - [11/Mar/2020:12:57:15 -0400] "GET /img/home_icon_video.png HTTP/1.1" 200 3158 "https://dev.mitzvahorganizer.com/" "Mozilla/5.0 (Windows NT 10.0; Win64; x64) AppleWebKit/537.36 (KHTML, like Gecko) Chrome/80.0.3987.132 Safari/537.36"
108.162.219.20 - - [11/Mar/2020:12:57:15 -0400] "GET /img/home_checkbox.png HTTP/1.1" 200 536 "https://dev.mitzvahorganizer.com/" "Mozilla/5.0 (Windows NT 10.0; Win64; x64) AppleWebKit/537.36 (KHTML, like Gecko) Chrome/80.0.3987.132 Safari/537.36"
162.158.62.75 - - [11/Mar/2020:12:57:15 -0400] "GET /img/loading.gif HTTP/1.1" 200 1279 "https://dev.mitzvahorganizer.com/" "Mozilla/5.0 (Windows NT 10.0; Win64; x64) AppleWebKit/537.36 (KHTML, like Gecko) Chrome/80.0.3987.132 Safari/537.36"
108.162.219.172 - - [11/Mar/2020:12:57:15 -0400] "GET /img/home_icon_tour.png HTTP/1.1" 200 3469 "https://dev.mitzvahorganizer.com/" "Mozilla/5.0 (Windows NT 10.0; Win64; x64) AppleWebKit/537.36 (KHTML, like Gecko) Chrome/80.0.3987.132 Safari/537.36"
162.158.63.114 - - [11/Mar/2020:12:57:15 -0400] "GET /img/close_icon.png HTTP/1.1" 200 4246 "https://dev.mitzvahorganizer.com/" "Mozilla/5.0 (Windows NT 10.0; Win64; x64) AppleWebKit/537.36 (KHTML, like Gecko) Chrome/80.0.3987.132 Safari/537.36"
108.162.219.14 - - [11/Mar/2020:12:57:15 -0400] "GET /img/home_collage3.jpg?ver=1550267833 HTTP/1.1" 200 120597 "https://dev.mitzvahorganizer.com/" "Mozilla/5.0 (Windows NT 10.0; Win64; x64) AppleWebKit/537.36 (KHTML, like Gecko) Chrome/80.0.3987.132 Safari/537.36"
108.162.219.238 - - [11/Mar/2020:12:57:15 -0400] "GET /css/text_slider.css HTTP/1.1" 304 - "https://dev.mitzvahorganizer.com/" "Mozilla/5.0 (Windows NT 10.0; Win64; x64) AppleWebKit/537.36 (KHTML, like Gecko) Chrome/80.0.3987.132 Safari/537.36"
162.158.63.214 - - [11/Mar/2020:12:57:15 -0400] "GET /img/gallery_arrow_right.png HTTP/1.1" 200 791 "https://dev.mitzvahorganizer.com/" "Mozilla/5.0 (Windows NT 10.0; Win64; x64) AppleWebKit/537.36 (KHTML, like Gecko) Chrome/80.0.3987.132 Safari/537.36"
162.158.63.40 - - [11/Mar/2020:12:57:15 -0400] "GET /img/home_collage2.jpg?ver=1553551884 HTTP/1.1" 200 289791 "https://dev.mitzvahorganizer.com/" "Mozilla/5.0 (Windows NT 10.0; Win64; x64) AppleWebKit/537.36 (KHTML, like Gecko) Chrome/80.0.3987.132 Safari/537.36"
173.245.52.85 - - [11/Mar/2020:12:57:15 -0400] "GET /favicon.ico HTTP/1.1" 200 1150 "https://dev.mitzvahorganizer.com/" "Mozilla/5.0 (Windows NT 10.0; Win64; x64) AppleWebKit/537.36 (KHTML, like Gecko) Chrome/80.0.3987.132 Safari/537.36"
162.158.62.121 - - [11/Mar/2020:12:57:20 -0400] "GET /index.php?IX=contact_form HTTP/1.1" 200 21704 "https://dev.mitzvahorganizer.com/" "Mozilla/5.0 (Windows NT 10.0; Win64; x64) AppleWebKit/537.36 (KHTML, like Gecko) Chrome/80.0.3987.132 Safari/537.36"
162.158.62.121 - - [11/Mar/2020:12:57:20 -0400] "GET /mod/_captcha.php HTTP/1.1" 200 436 "https://dev.mitzvahorganizer.com/index.php?IX=contact_form" "Mozilla/5.0 (Windows NT 10.0; Win64; x64) AppleWebKit/537.36 (KHTML, like Gecko) Chrome/80.0.3987.132 Safari/537.36"
173.245.52.85 - - [11/Mar/2020:12:57:20 -0400] "GET /img/reload.png HTTP/1.1" 200 743 "https://dev.mitzvahorganizer.com/index.php?IX=contact_form" "Mozilla/5.0 (Windows NT 10.0; Win64; x64) AppleWebKit/537.36 (KHTML, like Gecko) Chrome/80.0.3987.132 Safari/537.36"
162.158.62.121 - - [11/Mar/2020:12:57:53 -0400] "POST /index.php?IX=contact_form HTTP/1.1" 200 8922 "https://dev.mitzvahorganizer.com/index.php?IX=contact_form" "Mozilla/5.0 (Windows NT 10.0; Win64; x64) AppleWebKit/537.36 (KHTML, like Gecko) Chrome/80.0.3987.132 Safari/537.36"
108.162.219.116 - - [11/Mar/2020:17:39:30 -0400] "GET /index.php?IX=home HTTP/1.1" 200 20028 "-" "Mozilla/5.0 (Windows NT 6.1; Win64; x64; rv:73.0) Gecko/20100101 Firefox/73.0"
108.162.219.250 - - [11/Mar/2020:17:39:31 -0400] "GET /css/jquery-ui-1.10.3.custom.min.css?ver=1388782301 HTTP/1.1" 200 - "https://dev.mitzvahorganizer.com/index.php?IX=home" "Mozilla/5.0 (Windows NT 6.1; Win64; x64; rv:73.0) Gecko/20100101 Firefox/73.0"
162.158.63.114 - - [11/Mar/2020:17:39:31 -0400] "GET /img/close_icon.png HTTP/1.1" 200 4246 "https://dev.mitzvahorganizer.com/index.php?IX=home" "Mozilla/5.0 (Windows NT 6.1; Win64; x64; rv:73.0) Gecko/20100101 Firefox/73.0"
108.162.219.92 - - [11/Mar/2020:17:39:31 -0400] "GET /css/main.css?ver=1550975809 HTTP/1.1" 200 26853 "https://dev.mitzvahorganizer.com/index.php?IX=home" "Mozilla/5.0 (Windows NT 6.1; Win64; x64; rv:73.0) Gecko/20100101 Firefox/73.0"
162.158.63.226 - - [11/Mar/2020:17:39:31 -0400] "GET /img/home_buy_button5.png HTTP/1.1" 200 9729 "https://dev.mitzvahorganizer.com/index.php?IX=home" "Mozilla/5.0 (Windows NT 6.1; Win64; x64; rv:73.0) Gecko/20100101 Firefox/73.0"
108.162.219.20 - - [11/Mar/2020:17:39:31 -0400] "GET /img/home_checkbox.png HTTP/1.1" 200 536 "https://dev.mitzvahorganizer.com/index.php?IX=home" "Mozilla/5.0 (Windows NT 6.1; Win64; x64; rv:73.0) Gecko/20100101 Firefox/73.0"
162.158.62.75 - - [11/Mar/2020:17:39:31 -0400] "GET /img/loading.gif HTTP/1.1" 200 1279 "https://dev.mitzvahorganizer.com/index.php?IX=home" "Mozilla/5.0 (Windows NT 6.1; Win64; x64; rv:73.0) Gecko/20100101 Firefox/73.0"
108.162.219.42 - - [11/Mar/2020:17:39:31 -0400] "GET /img/home_icon_video.png HTTP/1.1" 200 3158 "https://dev.mitzvahorganizer.com/index.php?IX=home" "Mozilla/5.0 (Windows NT 6.1; Win64; x64; rv:73.0) Gecko/20100101 Firefox/73.0"
162.158.63.214 - - [11/Mar/2020:17:39:31 -0400] "GET /img/gallery_arrow_right.png HTTP/1.1" 200 791 "https://dev.mitzvahorganizer.com/index.php?IX=home" "Mozilla/5.0 (Windows NT 6.1; Win64; x64; rv:73.0) Gecko/20100101 Firefox/73.0"
173.245.52.85 - - [11/Mar/2020:17:39:31 -0400] "GET /favicon.ico HTTP/1.1" 200 1150 "-" "Mozilla/5.0 (Windows NT 6.1; Win64; x64; rv:73.0) Gecko/20100101 Firefox/73.0"
108.162.219.116 - - [11/Mar/2020:17:39:34 -0400] "GET /index.php?IX=contact_form HTTP/1.1" 200 21724 "https://dev.mitzvahorganizer.com/index.php?IX=home" "Mozilla/5.0 (Windows NT 6.1; Win64; x64; rv:73.0) Gecko/20100101 Firefox/73.0"
108.162.219.116 - - [11/Mar/2020:17:39:34 -0400] "GET /mod/_captcha.php HTTP/1.1" 200 472 "https://dev.mitzvahorganizer.com/index.php?IX=contact_form" "Mozilla/5.0 (Windows NT 6.1; Win64; x64; rv:73.0) Gecko/20100101 Firefox/73.0"
173.245.52.85 - - [11/Mar/2020:17:39:34 -0400] "GET /img/reload.png HTTP/1.1" 200 743 "https://dev.mitzvahorganizer.com/index.php?IX=contact_form" "Mozilla/5.0 (Windows NT 6.1; Win64; x64; rv:73.0) Gecko/20100101 Firefox/73.0"
108.162.219.116 - - [11/Mar/2020:17:39:58 -0400] "POST /index.php?IX=contact_form HTTP/1.1" 200 21855 "https://dev.mitzvahorganizer.com/index.php?IX=contact_form" "Mozilla/5.0 (Windows NT 6.1; Win64; x64; rv:73.0) Gecko/20100101 Firefox/73.0"
108.162.219.116 - - [11/Mar/2020:17:39:59 -0400] "GET /mod/_captcha.php HTTP/1.1" 200 447 "https://dev.mitzvahorganizer.com/index.php?IX=contact_form" "Mozilla/5.0 (Windows NT 6.1; Win64; x64; rv:73.0) Gecko/20100101 Firefox/73.0"
108.162.219.116 - - [11/Mar/2020:17:40:09 -0400] "POST /index.php?IX=contact_form HTTP/1.1" 200 21855 "https://dev.mitzvahorganizer.com/index.php?IX=contact_form" "Mozilla/5.0 (Windows NT 6.1; Win64; x64; rv:73.0) Gecko/20100101 Firefox/73.0"
108.162.219.116 - - [11/Mar/2020:17:40:09 -0400] "GET /mod/_captcha.php HTTP/1.1" 200 414 "https://dev.mitzvahorganizer.com/index.php?IX=contact_form" "Mozilla/5.0 (Windows NT 6.1; Win64; x64; rv:73.0) Gecko/20100101 Firefox/73.0"
108.162.219.250 - - [11/Mar/2020:17:40:09 -0400] "GET /css/jquery-ui-1.10.3.custom.min.css?ver=1388782301 HTTP/1.1" 200 - "https://dev.mitzvahorganizer.com/index.php?IX=contact_form" "Mozilla/5.0 (Windows NT 6.1; Win64; x64; rv:73.0) Gecko/20100101 Firefox/73.0"
108.162.219.116 - - [11/Mar/2020:17:40:22 -0400] "POST /index.php?IX=contact_form HTTP/1.1" 200 21855 "https://dev.mitzvahorganizer.com/index.php?IX=contact_form" "Mozilla/5.0 (Windows NT 6.1; Win64; x64; rv:73.0) Gecko/20100101 Firefox/73.0"
108.162.219.116 - - [11/Mar/2020:17:40:23 -0400] "GET /mod/_captcha.php HTTP/1.1" 200 413 "https://dev.mitzvahorganizer.com/index.php?IX=contact_form" "Mozilla/5.0 (Windows NT 6.1; Win64; x64; rv:73.0) Gecko/20100101 Firefox/73.0"
108.162.219.116 - - [11/Mar/2020:17:40:39 -0400] "POST /index.php?IX=contact_form HTTP/1.1" 200 21855 "https://dev.mitzvahorganizer.com/index.php?IX=contact_form" "Mozilla/5.0 (Windows NT 6.1; Win64; x64; rv:73.0) Gecko/20100101 Firefox/73.0"
108.162.219.116 - - [11/Mar/2020:17:40:40 -0400] "GET /mod/_captcha.php HTTP/1.1" 200 465 "https://dev.mitzvahorganizer.com/index.php?IX=contact_form" "Mozilla/5.0 (Windows NT 6.1; Win64; x64; rv:73.0) Gecko/20100101 Firefox/73.0"
