176.103.93.146 - - [28/Oct/2020:03:04:06 -0400] "GET / HTTP/1.1" 302 - "-" "Mozilla/5.0 (X11; Ubuntu; Linux x86_64; rv:63.0) Gecko/20100101 Firefox/63.0"
176.103.93.146 - - [28/Oct/2020:03:04:07 -0400] "GET / HTTP/1.1" 200 22782 "-" "Mozilla/5.0 (X11; Ubuntu; Linux x86_64; rv:63.0) Gecko/20100101 Firefox/63.0"
176.103.93.146 - - [28/Oct/2020:03:04:08 -0400] "GET /wp-login.php HTTP/1.1" 404 16 "-" "Mozilla/5.0 (X11; Ubuntu; Linux x86_64; rv:63.0) Gecko/20100101 Firefox/63.0"
176.103.93.146 - - [28/Oct/2020:03:04:09 -0400] "GET /blog/wp-login.php HTTP/1.1" 404 196 "-" "Mozilla/5.0 (X11; Ubuntu; Linux x86_64; rv:63.0) Gecko/20100101 Firefox/63.0"
176.103.93.146 - - [28/Oct/2020:03:04:09 -0400] "GET /blog/ HTTP/1.1" 404 196 "-" "Mozilla/5.0 (X11; Ubuntu; Linux x86_64; rv:63.0) Gecko/20100101 Firefox/63.0"
176.103.93.146 - - [28/Oct/2020:03:04:10 -0400] "GET /administrator/ HTTP/1.1" 404 196 "-" "Mozilla/5.0 (X11; Ubuntu; Linux x86_64; rv:63.0) Gecko/20100101 Firefox/63.0"
176.103.93.146 - - [28/Oct/2020:03:04:11 -0400] "GET /user/ HTTP/1.1" 404 196 "-" "Mozilla/5.0 (X11; Ubuntu; Linux x86_64; rv:63.0) Gecko/20100101 Firefox/63.0"
176.103.93.146 - - [28/Oct/2020:03:04:11 -0400] "GET /admin/ HTTP/1.1" 202 20 "-" "Mozilla/5.0 (X11; Ubuntu; Linux x86_64; rv:63.0) Gecko/20100101 Firefox/63.0"
176.103.93.146 - - [28/Oct/2020:03:04:12 -0400] "GET /user/login/ HTTP/1.1" 404 196 "-" "Mozilla/5.0 (X11; Ubuntu; Linux x86_64; rv:63.0) Gecko/20100101 Firefox/63.0"
176.103.93.146 - - [28/Oct/2020:03:04:12 -0400] "GET /admin.php HTTP/1.1" 404 16 "-" "Mozilla/5.0 (X11; Ubuntu; Linux x86_64; rv:63.0) Gecko/20100101 Firefox/63.0"
176.103.93.146 - - [28/Oct/2020:03:04:12 -0400] "GET /admin/index.php HTTP/1.1" 202 20 "-" "Mozilla/5.0 (X11; Ubuntu; Linux x86_64; rv:63.0) Gecko/20100101 Firefox/63.0"
176.103.93.146 - - [28/Oct/2020:03:04:12 -0400] "GET /admin/users/login_do/ HTTP/1.1" 404 196 "-" "Mozilla/5.0 (X11; Ubuntu; Linux x86_64; rv:63.0) Gecko/20100101 Firefox/63.0"
176.103.93.146 - - [28/Oct/2020:03:04:13 -0400] "GET /manager/ HTTP/1.1" 404 196 "-" "Mozilla/5.0 (X11; Ubuntu; Linux x86_64; rv:63.0) Gecko/20100101 Firefox/63.0"
36.81.238.207 - - [28/Oct/2020:09:30:40 -0400] "GET /sql.php HTTP/1.1" 404 16 "-" "Mozilla/5.0 (Windows NT 6.1; WOW64; rv:50.0) Gecko/20100101 Firefox/50.0"
138.246.253.15 - - [29/Oct/2020:07:44:03 -0400] "HEAD / HTTP/1.1" 200 - "-" "Mozilla/5.0 (Windows NT 6.1; Win64; x64) AppleWebKit/537.36 (KHTML, like Gecko) Chrome/40.0.2214.85 Safari/537.36"
54.227.201.175 - - [29/Oct/2020:20:20:04 -0400] "GET / HTTP/1.1" 302 - "-" "Mozilla/5.0 (Macintosh; Intel Mac OS X 10_10_1) AppleWebKit/537.36 (KHTML, like Gecko) Chrome/39.0.2171.95 Safari/537.36"
54.227.201.175 - - [29/Oct/2020:20:20:14 -0400] "GET /wordpress/ HTTP/1.1" 404 196 "-" "Mozilla/5.0 (Macintosh; Intel Mac OS X 10_10_1) AppleWebKit/537.36 (KHTML, like Gecko) Chrome/39.0.2171.95 Safari/537.36"
54.227.201.175 - - [29/Oct/2020:20:20:24 -0400] "GET /wp/ HTTP/1.1" 404 196 "-" "Mozilla/5.0 (Macintosh; Intel Mac OS X 10_10_1) AppleWebKit/537.36 (KHTML, like Gecko) Chrome/39.0.2171.95 Safari/537.36"
54.227.201.175 - - [29/Oct/2020:20:20:41 -0400] "GET /blog/ HTTP/1.1" 404 196 "-" "Mozilla/5.0 (Macintosh; Intel Mac OS X 10_10_1) AppleWebKit/537.36 (KHTML, like Gecko) Chrome/39.0.2171.95 Safari/537.36"
54.227.201.175 - - [29/Oct/2020:20:20:57 -0400] "GET /new/ HTTP/1.1" 404 196 "-" "Mozilla/5.0 (Macintosh; Intel Mac OS X 10_10_1) AppleWebKit/537.36 (KHTML, like Gecko) Chrome/39.0.2171.95 Safari/537.36"
54.227.201.175 - - [29/Oct/2020:20:21:05 -0400] "GET /old/ HTTP/1.1" 404 196 "-" "Mozilla/5.0 (Macintosh; Intel Mac OS X 10_10_1) AppleWebKit/537.36 (KHTML, like Gecko) Chrome/39.0.2171.95 Safari/537.36"
54.227.201.175 - - [29/Oct/2020:20:21:13 -0400] "GET /backup/ HTTP/1.1" 404 196 "-" "Mozilla/5.0 (Macintosh; Intel Mac OS X 10_10_1) AppleWebKit/537.36 (KHTML, like Gecko) Chrome/39.0.2171.95 Safari/537.36"
54.227.201.175 - - [29/Oct/2020:20:21:22 -0400] "GET /oldsite/ HTTP/1.1" 404 196 "-" "Mozilla/5.0 (Macintosh; Intel Mac OS X 10_10_1) AppleWebKit/537.36 (KHTML, like Gecko) Chrome/39.0.2171.95 Safari/537.36"
54.227.201.175 - - [29/Oct/2020:20:21:31 -0400] "GET /back/ HTTP/1.1" 404 196 "-" "Mozilla/5.0 (Macintosh; Intel Mac OS X 10_10_1) AppleWebKit/537.36 (KHTML, like Gecko) Chrome/39.0.2171.95 Safari/537.36"
54.227.201.175 - - [29/Oct/2020:20:21:47 -0400] "GET /2017/ HTTP/1.1" 404 196 "-" "Mozilla/5.0 (Macintosh; Intel Mac OS X 10_10_1) AppleWebKit/537.36 (KHTML, like Gecko) Chrome/39.0.2171.95 Safari/537.36"
54.227.201.175 - - [29/Oct/2020:20:21:59 -0400] "GET /2018/ HTTP/1.1" 404 196 "-" "Mozilla/5.0 (Macintosh; Intel Mac OS X 10_10_1) AppleWebKit/537.36 (KHTML, like Gecko) Chrome/39.0.2171.95 Safari/537.36"
54.227.201.175 - - [29/Oct/2020:20:22:07 -0400] "GET /div/ HTTP/1.1" 404 196 "-" "Mozilla/5.0 (Macintosh; Intel Mac OS X 10_10_1) AppleWebKit/537.36 (KHTML, like Gecko) Chrome/39.0.2171.95 Safari/537.36"
54.227.201.175 - - [29/Oct/2020:20:22:18 -0400] "GET /temp/ HTTP/1.1" 404 196 "-" "Mozilla/5.0 (Macintosh; Intel Mac OS X 10_10_1) AppleWebKit/537.36 (KHTML, like Gecko) Chrome/39.0.2171.95 Safari/537.36"
138.246.253.15 - - [30/Oct/2020:11:55:59 -0400] "HEAD / HTTP/1.1" 200 - "-" "Mozilla/5.0 (Windows NT 6.1; Win64; x64) AppleWebKit/537.36 (KHTML, like Gecko) Chrome/40.0.2214.85 Safari/537.36"
138.246.253.15 - - [30/Oct/2020:18:21:00 -0400] "HEAD / HTTP/1.1" 200 - "-" "Mozilla/5.0 (Windows NT 6.1; Win64; x64) AppleWebKit/537.36 (KHTML, like Gecko) Chrome/40.0.2214.85 Safari/537.36"
2001:4ca0:108:42::15 - - [31/Oct/2020:23:42:58 -0400] "HEAD / HTTP/1.1" 200 - "-" "Mozilla/5.0 (Windows NT 6.1; Win64; x64) AppleWebKit/537.36 (KHTML, like Gecko) Chrome/40.0.2214.85 Safari/537.36"
2001:4ca0:108:42::15 - - [01/Nov/2020:00:34:53 -0400] "HEAD / HTTP/1.1" 200 - "-" "Mozilla/5.0 (Windows NT 6.1; Win64; x64) AppleWebKit/537.36 (KHTML, like Gecko) Chrome/40.0.2214.85 Safari/537.36"
2001:4ca0:108:42::15 - - [01/Nov/2020:05:45:43 -0500] "HEAD / HTTP/1.1" 200 - "-" "Mozilla/5.0 (Windows NT 6.1; Win64; x64) AppleWebKit/537.36 (KHTML, like Gecko) Chrome/40.0.2214.85 Safari/537.36"
31.13.191.87 - - [02/Nov/2020:16:42:46 -0500] "GET / HTTP/1.1" 200 22782 "-" "Mozilla/5.0 (Windows NT 6.1; rv:17.0) Gecko/17.0 Firefox/17.0"
54.221.27.173 - - [04/Nov/2020:13:45:10 -0500] "GET / HTTP/1.1" 302 - "-" "Mozilla/5.0 (Macintosh; Intel Mac OS X 10_15_2) AppleWebKit/537.36 (KHTML, like Gecko) Chrome/80.0.3987.149 Safari/537.36"
54.221.27.173 - - [04/Nov/2020:13:45:10 -0500] "GET / HTTP/1.1" 200 22782 "http://dev.mitzvahorganizer.com" "Mozilla/5.0 (Macintosh; Intel Mac OS X 10_15_2) AppleWebKit/537.36 (KHTML, like Gecko) Chrome/80.0.3987.149 Safari/537.36"
138.246.253.15 - - [05/Nov/2020:10:56:06 -0500] "HEAD / HTTP/1.1" 200 - "-" "Mozilla/5.0 (Windows NT 6.1; Win64; x64) AppleWebKit/537.36 (KHTML, like Gecko) Chrome/40.0.2214.85 Safari/537.36"
138.246.253.15 - - [06/Nov/2020:04:22:24 -0500] "HEAD / HTTP/1.1" 200 - "-" "Mozilla/5.0 (Windows NT 6.1; Win64; x64) AppleWebKit/537.36 (KHTML, like Gecko) Chrome/40.0.2214.85 Safari/537.36"
104.131.166.5 - - [06/Nov/2020:05:09:49 -0500] "GET / HTTP/1.1" 200 22782 "-" "Mozilla/5.0 (compatible; NetcraftSurveyAgent/1.0; [email protected])"
167.71.240.54 - - [06/Nov/2020:05:14:57 -0500] "GET / HTTP/1.1" 200 22782 "-" "Mozilla/5.0 (compatible; NetcraftSurveyAgent/1.0; [email protected])"
138.246.253.15 - - [06/Nov/2020:05:25:33 -0500] "HEAD / HTTP/1.1" 200 - "-" "Mozilla/5.0 (Windows NT 6.1; Win64; x64) AppleWebKit/537.36 (KHTML, like Gecko) Chrome/40.0.2214.85 Safari/537.36"
104.131.103.225 - - [06/Nov/2020:06:21:37 -0500] "GET / HTTP/2.0" 200 22782 "-" "Mozilla/5.0 (compatible; NetcraftSurveyAgent/1.0; [email protected])"
31.13.191.75 - - [07/Nov/2020:07:58:55 -0500] "GET /index.php?IX=contact_form HTTP/1.1" 302 - "-" "Mozilla/5.0 (Windows NT 6.1; rv:17.0) Gecko/17.0 Firefox/17.0"
31.13.191.75 - - [07/Nov/2020:07:58:56 -0500] "GET /index.php?IX=contact_form HTTP/1.1" 200 21697 "-" "Mozilla/5.0 (Windows NT 6.1; rv:17.0) Gecko/17.0 Firefox/17.0"
2001:4ca0:108:42::15 - - [07/Nov/2020:20:35:26 -0500] "HEAD / HTTP/1.1" 200 - "-" "Mozilla/5.0 (Windows NT 6.1; Win64; x64) AppleWebKit/537.36 (KHTML, like Gecko) Chrome/40.0.2214.85 Safari/537.36"
2606:4700:1101:0:9a6a:e6ae:7b29:bcc3 - - [08/Nov/2020:07:51:48 -0500] "HEAD / HTTP/1.1" 302 - "-" "Mozilla/5.0 (compatible; CloudFlare-AlwaysOnline/1.0;+http://www.cloudflare.com/always-online)"
172.69.26.147 - - [08/Nov/2020:07:51:49 -0500] "GET / HTTP/1.1" 302 - "-" "Mozilla/5.0 (compatible; CloudFlare-AlwaysOnline/1.0; +http://www.cloudflare.com/always-online) AppleWebKit/534.34"
2001:4ca0:108:42::15 - - [08/Nov/2020:09:21:38 -0500] "HEAD / HTTP/1.1" 200 - "-" "Mozilla/5.0 (Windows NT 6.1; Win64; x64) AppleWebKit/537.36 (KHTML, like Gecko) Chrome/40.0.2214.85 Safari/537.36"
2001:4ca0:108:42::15 - - [08/Nov/2020:13:14:14 -0500] "HEAD / HTTP/1.1" 200 - "-" "Mozilla/5.0 (Windows NT 6.1; Win64; x64) AppleWebKit/537.36 (KHTML, like Gecko) Chrome/40.0.2214.85 Safari/537.36"
138.246.253.15 - - [12/Nov/2020:03:50:45 -0500] "HEAD / HTTP/1.1" 200 - "-" "Mozilla/5.0 (Windows NT 6.1; Win64; x64) AppleWebKit/537.36 (KHTML, like Gecko) Chrome/40.0.2214.85 Safari/537.36"
52.146.146.46 - - [12/Nov/2020:20:12:37 -0500] "GET / HTTP/1.1" 302 - "-" "python-requests/2.24.0"
52.146.146.46 - - [12/Nov/2020:20:13:48 -0500] "GET / HTTP/1.1" 200 22782 "-" "python-requests/2.24.0"
138.246.253.15 - - [14/Nov/2020:04:23:19 -0500] "HEAD / HTTP/1.1" 200 - "-" "Mozilla/5.0 (Windows NT 6.1; Win64; x64) AppleWebKit/537.36 (KHTML, like Gecko) Chrome/40.0.2214.85 Safari/537.36"
138.246.253.15 - - [14/Nov/2020:20:14:05 -0500] "HEAD / HTTP/1.1" 200 - "-" "Mozilla/5.0 (Windows NT 6.1; Win64; x64) AppleWebKit/537.36 (KHTML, like Gecko) Chrome/40.0.2214.85 Safari/537.36"
5.39.64.46 - - [16/Nov/2020:15:35:27 -0500] "GET /wp-login.php HTTP/1.1" 404 16 "-" "Mozilla/5.0 (Windows NT 10.0; WOW64) AppleWebKit/537.36 (KHTML, like Gecko) Chrome/46.0.2490.80 Safari/537.36"
5.39.64.46 - - [16/Nov/2020:15:36:11 -0500] "GET /robots.txt HTTP/1.1" 404 196 "-" "Mozilla/5.0 (Windows NT 10.0; WOW64) AppleWebKit/537.36 (KHTML, like Gecko) Chrome/46.0.2490.80 Safari/537.36"
54.37.17.21 - - [17/Nov/2020:19:43:25 -0500] "GET /wp-login.php HTTP/1.1" 404 16 "-" "Mozilla/5.0 (X11; Ubuntu; Linux x86_64; rv:62.0) Gecko/20100101 Firefox/62.0"
13.212.164.152 - - [21/Nov/2020:15:40:01 -0500] "GET /.env HTTP/1.1" 404 196 "-" "Mozilla/5.0 (X11; Linux x86_64) AppleWebKit/537.36 (KHTML, like Gecko) Chrome/81.0.4044.129 Safari/537.36"
13.212.164.152 - - [21/Nov/2020:15:40:52 -0500] "POST / HTTP/1.1" 302 - "-" "Mozilla/5.0 (X11; Linux x86_64) AppleWebKit/537.36 (KHTML, like Gecko) Chrome/81.0.4044.129 Safari/537.36"
13.212.164.152 - - [21/Nov/2020:15:41:42 -0500] "GET /vendor/phpunit/phpunit/src/Util/PHP/eval-stdin.php HTTP/1.1" 404 196 "-" "Mozilla/5.0 (Macintosh; Intel Mac OS X 10_10_1) AppleWebKit/537.36 (KHTML, like Gecko) Chrome/39.0.2171.95 Safari/537.36"
51.15.195.246 - - [22/Nov/2020:03:23:42 -0500] "GET / HTTP/1.1" 200 22782 "-" "-"
185.206.225.142 - - [23/Nov/2020:05:50:07 -0500] "GET /index.php?param1=assert&param2=print(md5(57575848371)); HTTP/1.1" 200 22782 "-" "Mozilla/5.0 (Windows NT 6.1; WOW64; rv:54.0) Gecko/20100101 Firefox/54.0"
138.246.253.24 - - [23/Nov/2020:19:24:28 -0500] "HEAD / HTTP/1.1" 200 - "-" "Mozilla/5.0 (Windows NT 6.1; Win64; x64) AppleWebKit/537.36 (KHTML, like Gecko) Chrome/40.0.2214.85 Safari/537.36"
138.246.253.24 - - [24/Nov/2020:09:03:35 -0500] "HEAD / HTTP/1.1" 200 - "-" "Mozilla/5.0 (Windows NT 6.1; Win64; x64) AppleWebKit/537.36 (KHTML, like Gecko) Chrome/40.0.2214.85 Safari/537.36"
45.77.195.148 - - [24/Nov/2020:09:51:10 -0500] "GET /.env HTTP/1.1" 404 196 "-" "Mozilla/5.0 (X11; Linux x86_64) AppleWebKit/537.36 (KHTML, like Gecko) Chrome/81.0.4044.129 Safari/537.36"
45.77.195.148 - - [24/Nov/2020:09:51:10 -0500] "POST / HTTP/1.1" 302 - "-" "Mozilla/5.0 (X11; Linux x86_64) AppleWebKit/537.36 (KHTML, like Gecko) Chrome/81.0.4044.129 Safari/537.36"
138.246.253.24 - - [24/Nov/2020:15:57:26 -0500] "HEAD / HTTP/1.1" 200 - "-" "Mozilla/5.0 (Windows NT 6.1; Win64; x64) AppleWebKit/537.36 (KHTML, like Gecko) Chrome/40.0.2214.85 Safari/537.36"
52.147.200.173 - - [25/Nov/2020:10:26:58 -0500] "GET /.env HTTP/1.1" 404 196 "-" "Mozilla/5.0 (X11; Linux x86_64) AppleWebKit/537.36 (KHTML, like Gecko) Chrome/81.0.4044.129 Safari/537.36"
52.147.200.173 - - [25/Nov/2020:10:27:14 -0500] "POST / HTTP/1.1" 302 - "-" "Mozilla/5.0 (X11; Linux x86_64) AppleWebKit/537.36 (KHTML, like Gecko) Chrome/81.0.4044.129 Safari/537.36"
52.147.200.173 - - [25/Nov/2020:16:24:49 -0500] "GET /.env HTTP/1.1" 404 196 "-" "Mozilla/5.0 (X11; Linux x86_64) AppleWebKit/537.36 (KHTML, like Gecko) Chrome/81.0.4044.129 Safari/537.36"
52.147.200.173 - - [25/Nov/2020:16:25:04 -0500] "POST / HTTP/1.1" 302 - "-" "Mozilla/5.0 (X11; Linux x86_64) AppleWebKit/537.36 (KHTML, like Gecko) Chrome/81.0.4044.129 Safari/537.36"
2001:4ca0:108:42::24 - - [26/Nov/2020:11:02:31 -0500] "HEAD / HTTP/1.1" 200 - "-" "Mozilla/5.0 (Windows NT 6.1; Win64; x64) AppleWebKit/537.36 (KHTML, like Gecko) Chrome/40.0.2214.85 Safari/537.36"
2001:4ca0:108:42::24 - - [26/Nov/2020:16:07:36 -0500] "HEAD / HTTP/1.1" 200 - "-" "Mozilla/5.0 (Windows NT 6.1; Win64; x64) AppleWebKit/537.36 (KHTML, like Gecko) Chrome/40.0.2214.85 Safari/537.36"
2001:4ca0:108:42::24 - - [26/Nov/2020:18:30:53 -0500] "HEAD / HTTP/1.1" 200 - "-" "Mozilla/5.0 (Windows NT 6.1; Win64; x64) AppleWebKit/537.36 (KHTML, like Gecko) Chrome/40.0.2214.85 Safari/537.36"
2606:4700:1101:0:6b62:c616:305e:a0a8 - - [27/Nov/2020:10:40:35 -0500] "HEAD / HTTP/1.1" 302 - "-" "Mozilla/5.0 (compatible; CloudFlare-AlwaysOnline/1.0;+http://www.cloudflare.com/always-online)"
172.69.31.14 - - [27/Nov/2020:10:40:36 -0500] "GET / HTTP/1.1" 302 - "-" "Mozilla/5.0 (compatible; CloudFlare-AlwaysOnline/1.0; +http://www.cloudflare.com/always-online) AppleWebKit/534.34"
185.206.225.134 - - [29/Nov/2020:23:39:12 -0500] "GET /vendor/phpunit/phpunit/build.xml HTTP/1.1" 404 196 "-" "Mozilla/5.0 (Windows NT 6.1; rv:17.0) Gecko/17.0 Firefox/17.0"
64.225.7.44 - - [02/Dec/2020:00:47:42 -0500] "GET / HTTP/1.1" 302 - "-" "Mozilla/5.0 (compatible; NetcraftSurveyAgent/1.0; [email protected])"
64.225.7.44 - - [02/Dec/2020:00:47:49 -0500] "GET / HTTP/1.1" 200 22782 "-" "Mozilla/5.0 (compatible; NetcraftSurveyAgent/1.0; [email protected])"
79.170.44.78 - - [02/Dec/2020:06:04:31 -0500] "GET /wp-includes/wlwmanifest.xml HTTP/1.1" 404 196 "-" "Mozilla/5.0 (Windows NT 10.0; Win64; x64) AppleWebKit/537.36 (KHTML, like Gecko) Chrome/70.0.3538.77 Safari/537.36"
184.168.152.14 - - [02/Dec/2020:06:05:14 -0500] "GET /wordpress/wp-includes/wlwmanifest.xml HTTP/1.1" 404 196 "-" "Mozilla/5.0 (Windows NT 10.0; Win64; x64) AppleWebKit/537.36 (KHTML, like Gecko) Chrome/70.0.3538.77 Safari/537.36"
203.205.21.159 - - [02/Dec/2020:06:05:58 -0500] "GET /old/wp-includes/wlwmanifest.xml HTTP/1.1" 404 196 "-" "Mozilla/5.0 (Windows NT 10.0; Win64; x64) AppleWebKit/537.36 (KHTML, like Gecko) Chrome/70.0.3538.77 Safari/537.36"
160.153.154.29 - - [02/Dec/2020:06:06:14 -0500] "GET /test/wp-includes/wlwmanifest.xml HTTP/1.1" 404 196 "-" "Mozilla/5.0 (Windows NT 10.0; Win64; x64) AppleWebKit/537.36 (KHTML, like Gecko) Chrome/70.0.3538.77 Safari/537.36"
198.71.239.49 - - [02/Dec/2020:06:07:21 -0500] "GET /new/wp-includes/wlwmanifest.xml HTTP/1.1" 404 196 "-" "Mozilla/5.0 (Windows NT 10.0; Win64; x64) AppleWebKit/537.36 (KHTML, like Gecko) Chrome/70.0.3538.77 Safari/537.36"
192.129.227.58 - - [02/Dec/2020:06:09:18 -0500] "GET /demo/wp-includes/wlwmanifest.xml HTTP/1.1" 404 196 "-" "Mozilla/5.0 (Windows NT 10.0; Win64; x64) AppleWebKit/537.36 (KHTML, like Gecko) Chrome/70.0.3538.77 Safari/537.36"
178.250.54.221 - - [02/Dec/2020:06:09:58 -0500] "GET /web/wp-includes/wlwmanifest.xml HTTP/1.1" 404 196 "-" "Mozilla/5.0 (Windows NT 10.0; Win64; x64) AppleWebKit/537.36 (KHTML, like Gecko) Chrome/70.0.3538.77 Safari/537.36"
202.43.100.125 - - [02/Dec/2020:06:10:00 -0500] "GET /web/wp-includes/wlwmanifest.xml HTTP/1.1" 404 196 "-" "Mozilla/5.0 (Windows NT 10.0; Win64; x64) AppleWebKit/537.36 (KHTML, like Gecko) Chrome/70.0.3538.77 Safari/537.36"
196.200.16.88 - - [02/Dec/2020:06:13:23 -0500] "GET /news/wp-includes/wlwmanifest.xml HTTP/1.1" 404 196 "-" "Mozilla/5.0 (Windows NT 10.0; Win64; x64) AppleWebKit/537.36 (KHTML, like Gecko) Chrome/70.0.3538.77 Safari/537.36"
198.71.239.7 - - [02/Dec/2020:06:15:58 -0500] "GET /newsite/wp-includes/wlwmanifest.xml HTTP/1.1" 404 196 "-" "Mozilla/5.0 (Windows NT 10.0; Win64; x64) AppleWebKit/537.36 (KHTML, like Gecko) Chrome/70.0.3538.77 Safari/537.36"
203.205.21.159 - - [02/Dec/2020:06:16:41 -0500] "GET /website/wp-includes/wlwmanifest.xml HTTP/1.1" 404 196 "-" "Mozilla/5.0 (Windows NT 10.0; Win64; x64) AppleWebKit/537.36 (KHTML, like Gecko) Chrome/70.0.3538.77 Safari/537.36"
45.40.164.166 - - [02/Dec/2020:06:17:22 -0500] "GET /2018/wp-includes/wlwmanifest.xml HTTP/1.1" 404 196 "-" "Mozilla/5.0 (Windows NT 10.0; Win64; x64) AppleWebKit/537.36 (KHTML, like Gecko) Chrome/70.0.3538.77 Safari/537.36"
160.153.154.18 - - [02/Dec/2020:06:18:11 -0500] "GET /blogs/wp-includes/wlwmanifest.xml HTTP/1.1" 404 196 "-" "Mozilla/5.0 (Windows NT 10.0; Win64; x64) AppleWebKit/537.36 (KHTML, like Gecko) Chrome/70.0.3538.77 Safari/537.36"
138.246.253.24 - - [03/Dec/2020:04:50:36 -0500] "HEAD / HTTP/1.1" 200 - "-" "Mozilla/5.0 (Windows NT 6.1; Win64; x64) AppleWebKit/537.36 (KHTML, like Gecko) Chrome/40.0.2214.85 Safari/537.36"
138.246.253.24 - - [03/Dec/2020:18:30:51 -0500] "HEAD / HTTP/1.1" 200 - "-" "Mozilla/5.0 (Windows NT 6.1; Win64; x64) AppleWebKit/537.36 (KHTML, like Gecko) Chrome/40.0.2214.85 Safari/537.36"
37.59.47.61 - - [06/Dec/2020:06:54:21 -0500] "GET /wp-login.php HTTP/1.1" 404 16 "-" "Mozilla/5.0 (Windows NT 10.0; WOW64) AppleWebKit/537.36 (KHTML, like Gecko) Chrome/46.0.2490.80 Safari/537.36"
37.59.47.61 - - [06/Dec/2020:06:54:58 -0500] "GET /robots.txt HTTP/2.0" 404 196 "-" "Mozilla/5.0 (Windows NT 10.0; WOW64) AppleWebKit/537.36 (KHTML, like Gecko) Chrome/46.0.2490.80 Safari/537.36"
138.246.253.24 - - [06/Dec/2020:07:50:47 -0500] "HEAD / HTTP/1.1" 200 - "-" "Mozilla/5.0 (Windows NT 6.1; Win64; x64) AppleWebKit/537.36 (KHTML, like Gecko) Chrome/40.0.2214.85 Safari/537.36"
2001:4ca0:108:42::24 - - [06/Dec/2020:17:28:00 -0500] "HEAD / HTTP/1.1" 200 - "-" "Mozilla/5.0 (Windows NT 6.1; Win64; x64) AppleWebKit/537.36 (KHTML, like Gecko) Chrome/40.0.2214.85 Safari/537.36"
104.131.180.146 - - [06/Dec/2020:22:14:16 -0500] "GET / HTTP/1.1" 200 22782 "-" "Mozilla/5.0 (compatible; NetcraftSurveyAgent/1.0; [email protected])"
142.93.179.151 - - [06/Dec/2020:22:25:18 -0500] "GET / HTTP/1.1" 200 22782 "-" "Mozilla/5.0 (compatible; NetcraftSurveyAgent/1.0; [email protected])"
167.172.253.205 - - [06/Dec/2020:23:24:04 -0500] "GET / HTTP/1.1" 200 22782 "-" "Mozilla/5.0 (compatible; NetcraftSurveyAgent/1.0; [email protected])"
2001:4ca0:108:42::24 - - [06/Dec/2020:23:57:28 -0500] "HEAD / HTTP/1.1" 200 - "-" "Mozilla/5.0 (Windows NT 6.1; Win64; x64) AppleWebKit/537.36 (KHTML, like Gecko) Chrome/40.0.2214.85 Safari/537.36"
2001:4ca0:108:42::24 - - [07/Dec/2020:04:23:01 -0500] "HEAD / HTTP/1.1" 200 - "-" "Mozilla/5.0 (Windows NT 6.1; Win64; x64) AppleWebKit/537.36 (KHTML, like Gecko) Chrome/40.0.2214.85 Safari/537.36"
132.232.75.2 - - [08/Dec/2020:05:23:53 -0500] "GET / HTTP/1.1" 302 - "-" "Go-http-client/1.1"
132.232.75.2 - - [08/Dec/2020:05:23:55 -0500] "GET / HTTP/1.1" 200 22782 "http://dev.mitzvahorganizer.com" "Go-http-client/1.1"
175.24.232.97 - - [09/Dec/2020:23:16:21 -0500] "GET / HTTP/1.1" 302 - "-" "Go-http-client/1.1"
138.246.253.24 - - [11/Dec/2020:06:56:26 -0500] "HEAD / HTTP/1.1" 200 - "-" "Mozilla/5.0 (Windows NT 6.1; Win64; x64) AppleWebKit/537.36 (KHTML, like Gecko) Chrome/40.0.2214.85 Safari/537.36"
138.246.253.24 - - [11/Dec/2020:10:39:54 -0500] "HEAD / HTTP/1.1" 200 - "-" "Mozilla/5.0 (Windows NT 6.1; Win64; x64) AppleWebKit/537.36 (KHTML, like Gecko) Chrome/40.0.2214.85 Safari/537.36"
138.246.253.24 - - [12/Dec/2020:10:38:23 -0500] "HEAD / HTTP/1.1" 200 - "-" "Mozilla/5.0 (Windows NT 6.1; Win64; x64) AppleWebKit/537.36 (KHTML, like Gecko) Chrome/40.0.2214.85 Safari/537.36"
2001:4ca0:108:42::24 - - [13/Dec/2020:22:16:11 -0500] "HEAD / HTTP/1.1" 200 - "-" "Mozilla/5.0 (Windows NT 6.1; Win64; x64) AppleWebKit/537.36 (KHTML, like Gecko) Chrome/40.0.2214.85 Safari/537.36"
2606:4700:1101:0:754c:f5a4:c31c:f15 - - [14/Dec/2020:03:40:23 -0500] "HEAD / HTTP/1.1" 302 - "-" "Mozilla/5.0 (compatible; CloudFlare-AlwaysOnline/1.0;+http://www.cloudflare.com/always-online)"
172.69.26.81 - - [14/Dec/2020:03:40:24 -0500] "GET / HTTP/1.1" 302 - "-" "Mozilla/5.0 (compatible; CloudFlare-AlwaysOnline/1.0; +http://www.cloudflare.com/always-online) AppleWebKit/534.34"
2001:4ca0:108:42::24 - - [14/Dec/2020:08:41:48 -0500] "HEAD / HTTP/1.1" 200 - "-" "Mozilla/5.0 (Windows NT 6.1; Win64; x64) AppleWebKit/537.36 (KHTML, like Gecko) Chrome/40.0.2214.85 Safari/537.36"
2001:4ca0:108:42::24 - - [14/Dec/2020:09:54:03 -0500] "HEAD / HTTP/1.1" 200 - "-" "Mozilla/5.0 (Windows NT 6.1; Win64; x64) AppleWebKit/537.36 (KHTML, like Gecko) Chrome/40.0.2214.85 Safari/537.36"
138.246.253.24 - - [17/Dec/2020:05:22:08 -0500] "HEAD / HTTP/1.1" 200 - "-" "Mozilla/5.0 (Windows NT 6.1; Win64; x64) AppleWebKit/537.36 (KHTML, like Gecko) Chrome/40.0.2214.85 Safari/537.36"
106.53.83.56 - - [18/Dec/2020:08:51:14 -0500] "GET / HTTP/1.1" 302 - "-" "Mozilla/5.0 (compatible; TestBot/0.1; +In_the_test_phase,_if_the_spider_brings_you_trouble,_please_add_our_IP_to_the_blacklist._Thank_you.)"
106.53.83.56 - - [18/Dec/2020:08:51:18 -0500] "GET / HTTP/1.1" 200 22782 "http://dev.mitzvahorganizer.com" "Mozilla/5.0 (compatible; TestBot/0.1; +In_the_test_phase,_if_the_spider_brings_you_trouble,_please_add_our_IP_to_the_blacklist._Thank_you.)"
5.39.64.29 - - [18/Dec/2020:16:32:17 -0500] "GET /wp-login.php HTTP/1.1" 404 16 "-" "Mozilla/5.0 (Windows NT 10.0; WOW64) AppleWebKit/537.36 (KHTML, like Gecko) Chrome/46.0.2490.80 Safari/537.36"
5.39.64.29 - - [18/Dec/2020:16:33:15 -0500] "GET /robots.txt HTTP/1.1" 404 196 "-" "Mozilla/5.0 (Windows NT 10.0; WOW64) AppleWebKit/537.36 (KHTML, like Gecko) Chrome/46.0.2490.80 Safari/537.36"
138.246.253.24 - - [19/Dec/2020:06:34:07 -0500] "HEAD / HTTP/1.1" 200 - "-" "Mozilla/5.0 (Windows NT 6.1; Win64; x64) AppleWebKit/537.36 (KHTML, like Gecko) Chrome/40.0.2214.85 Safari/537.36"
138.246.253.24 - - [19/Dec/2020:14:34:11 -0500] "HEAD / HTTP/1.1" 200 - "-" "Mozilla/5.0 (Windows NT 6.1; Win64; x64) AppleWebKit/537.36 (KHTML, like Gecko) Chrome/40.0.2214.85 Safari/537.36"
2001:4ca0:108:42::24 - - [20/Dec/2020:20:44:39 -0500] "HEAD / HTTP/1.1" 200 - "-" "Mozilla/5.0 (Windows NT 6.1; Win64; x64) AppleWebKit/537.36 (KHTML, like Gecko) Chrome/40.0.2214.85 Safari/537.36"
2001:4ca0:108:42::24 - - [21/Dec/2020:04:01:51 -0500] "HEAD / HTTP/1.1" 200 - "-" "Mozilla/5.0 (Windows NT 6.1; Win64; x64) AppleWebKit/537.36 (KHTML, like Gecko) Chrome/40.0.2214.85 Safari/537.36"
2001:4ca0:108:42::24 - - [21/Dec/2020:06:18:20 -0500] "HEAD / HTTP/1.1" 200 - "-" "Mozilla/5.0 (Windows NT 6.1; Win64; x64) AppleWebKit/537.36 (KHTML, like Gecko) Chrome/40.0.2214.85 Safari/537.36"
54.80.225.86 - - [23/Dec/2020:04:15:45 -0500] "GET / HTTP/1.1" 200 22782 "-" "Mozilla/5.0 (iPhone; CPU iPhone OS 10_3_1 like Mac OS X) AppleWebKit/603.1.30 (KHTML, like Gecko) Version/10.0 Mobile/14E304 Safari/602.1"
82.165.48.140 - - [23/Dec/2020:12:48:23 -0500] "GET /wp-content/plugins/ioptimization/IOptimize.php?rchk HTTP/1.1" 404 196 "www.google.com" "Mozlila/5.0 (Linux; Android 7.0; SM-G892A Bulid/NRD90M; wv) AppleWebKit/537.36 (KHTML, like Gecko) Version/4.0 Chrome/60.0.3112.107 Moblie Safari/537.36"
35.170.73.168 - - [23/Dec/2020:16:43:20 -0500] "GET / HTTP/1.1" 200 22782 "-" "Mozilla/5.0 (iPhone; CPU iPhone OS 10_3_1 like Mac OS X) AppleWebKit/603.1.30 (KHTML, like Gecko) Version/10.0 Mobile/14E304 Safari/602.1"
138.246.253.24 - - [25/Dec/2020:09:43:28 -0500] "HEAD / HTTP/1.1" 200 - "-" "Mozilla/5.0 (Windows NT 6.1; Win64; x64) AppleWebKit/537.36 (KHTML, like Gecko) Chrome/40.0.2214.85 Safari/537.36"
138.246.253.24 - - [25/Dec/2020:15:02:28 -0500] "HEAD / HTTP/1.1" 200 - "-" "Mozilla/5.0 (Windows NT 6.1; Win64; x64) AppleWebKit/537.36 (KHTML, like Gecko) Chrome/40.0.2214.85 Safari/537.36"
138.246.253.24 - - [26/Dec/2020:21:36:45 -0500] "HEAD / HTTP/1.1" 200 - "-" "Mozilla/5.0 (Windows NT 6.1; Win64; x64) AppleWebKit/537.36 (KHTML, like Gecko) Chrome/40.0.2214.85 Safari/537.36"
2001:4ca0:108:42::24 - - [27/Dec/2020:23:06:34 -0500] "HEAD / HTTP/1.1" 200 - "-" "Mozilla/5.0 (Windows NT 6.1; Win64; x64) AppleWebKit/537.36 (KHTML, like Gecko) Chrome/40.0.2214.85 Safari/537.36"
2001:4ca0:108:42::24 - - [28/Dec/2020:02:18:32 -0500] "HEAD / HTTP/1.1" 200 - "-" "Mozilla/5.0 (Windows NT 6.1; Win64; x64) AppleWebKit/537.36 (KHTML, like Gecko) Chrome/40.0.2214.85 Safari/537.36"
2001:4ca0:108:42::24 - - [28/Dec/2020:09:11:52 -0500] "HEAD / HTTP/1.1" 200 - "-" "Mozilla/5.0 (Windows NT 6.1; Win64; x64) AppleWebKit/537.36 (KHTML, like Gecko) Chrome/40.0.2214.85 Safari/537.36"
173.236.144.82 - - [29/Dec/2020:12:35:44 -0500] "GET /wp-login.php HTTP/1.1" 404 16 "-" "Mozilla/5.0 (X11; Ubuntu; Linux x86_64; rv:62.0) Gecko/20100101 Firefox/62.0"
104.236.26.221 - - [31/Dec/2020:02:28:33 -0500] "GET / HTTP/1.1" 302 - "-" "Mozilla/5.0 (compatible; NetcraftSurveyAgent/1.0; [email protected])"
104.236.26.221 - - [31/Dec/2020:02:28:38 -0500] "GET / HTTP/1.1" 200 22782 "-" "Mozilla/5.0 (compatible; NetcraftSurveyAgent/1.0; [email protected])"
34.215.69.55 - - [31/Dec/2020:03:27:58 -0500] "GET /wp-login.php HTTP/1.1" 404 16 "-" "Mozilla/5.0 (Windows NT 5.1) AppleWebKit/537.36 (KHTML, like Gecko) Chrome/41.0.2224.3 Safari/537.36"
2606:4700:1101:0:ff46:a3ce:b2b5:c3fb - - [31/Dec/2020:11:07:28 -0500] "HEAD / HTTP/1.1" 302 - "-" "Mozilla/5.0 (compatible; CloudFlare-AlwaysOnline/1.0;+http://www.cloudflare.com/always-online)"
172.69.25.200 - - [31/Dec/2020:11:07:28 -0500] "GET / HTTP/1.1" 302 - "-" "Mozilla/5.0 (compatible; CloudFlare-AlwaysOnline/1.0; +http://www.cloudflare.com/always-online) AppleWebKit/534.34"
138.246.253.24 - - [01/Jan/2021:00:05:36 -0500] "HEAD / HTTP/1.1" 200 - "-" "Mozilla/5.0 (Windows NT 6.1; Win64; x64) AppleWebKit/537.36 (KHTML, like Gecko) Chrome/40.0.2214.85 Safari/537.36"
138.246.253.24 - - [01/Jan/2021:19:36:09 -0500] "HEAD / HTTP/1.1" 200 - "-" "Mozilla/5.0 (Windows NT 6.1; Win64; x64) AppleWebKit/537.36 (KHTML, like Gecko) Chrome/40.0.2214.85 Safari/537.36"
52.65.15.196 - - [01/Jan/2021:21:35:00 -0500] "GET /wp-login.php HTTP/1.1" 404 16 "-" "Mozilla/5.0 (Windows NT 5.1) AppleWebKit/537.36 (KHTML, like Gecko) Chrome/41.0.2224.3 Safari/537.36"
138.246.253.24 - - [02/Jan/2021:14:02:25 -0500] "HEAD / HTTP/1.1" 200 - "-" "Mozilla/5.0 (Windows NT 6.1; Win64; x64) AppleWebKit/537.36 (KHTML, like Gecko) Chrome/40.0.2214.85 Safari/537.36"
2001:4ca0:108:42::24 - - [03/Jan/2021:20:30:22 -0500] "HEAD / HTTP/1.1" 200 - "-" "Mozilla/5.0 (Windows NT 6.1; Win64; x64) AppleWebKit/537.36 (KHTML, like Gecko) Chrome/40.0.2214.85 Safari/537.36"
2001:4ca0:108:42::24 - - [04/Jan/2021:02:46:35 -0500] "HEAD / HTTP/1.1" 200 - "-" "Mozilla/5.0 (Windows NT 6.1; Win64; x64) AppleWebKit/537.36 (KHTML, like Gecko) Chrome/40.0.2214.85 Safari/537.36"
2001:4ca0:108:42::24 - - [04/Jan/2021:02:47:33 -0500] "HEAD / HTTP/1.1" 200 - "-" "Mozilla/5.0 (Windows NT 6.1; Win64; x64) AppleWebKit/537.36 (KHTML, like Gecko) Chrome/40.0.2214.85 Safari/537.36"
159.203.116.135 - - [06/Jan/2021:03:54:01 -0500] "GET / HTTP/1.1" 200 22782 "-" "Mozilla/5.0 (compatible; NetcraftSurveyAgent/1.0; [email protected])"
159.203.124.49 - - [06/Jan/2021:05:32:28 -0500] "GET / HTTP/1.1" 200 22782 "-" "Mozilla/5.0 (compatible; NetcraftSurveyAgent/1.0; [email protected])"
45.55.53.139 - - [06/Jan/2021:05:40:49 -0500] "GET / HTTP/1.1" 200 22782 "-" "Mozilla/5.0 (compatible; NetcraftSurveyAgent/1.0; [email protected])"
138.246.253.24 - - [07/Jan/2021:02:17:10 -0500] "HEAD / HTTP/1.1" 200 - "-" "Mozilla/5.0 (Windows NT 6.1; Win64; x64) AppleWebKit/537.36 (KHTML, like Gecko) Chrome/40.0.2214.85 Safari/537.36"
106.53.83.56 - - [07/Jan/2021:14:34:58 -0500] "GET / HTTP/1.1" 302 - "-" "Mozilla/5.0 (compatible; TestBot/0.1; +In_the_test_phase,_if_the_spider_brings_you_trouble,_please_add_our_IP_to_the_blacklist._Thank_you.)"
106.53.83.56 - - [07/Jan/2021:14:35:06 -0500] "GET / HTTP/1.1" 302 - "-" "Mozilla/5.0 (compatible; TestBot/0.1; +In_the_test_phase,_if_the_spider_brings_you_trouble,_please_add_our_IP_to_the_blacklist._Thank_you.)"
106.53.83.56 - - [07/Jan/2021:14:35:08 -0500] "GET / HTTP/1.1" 200 22782 "http://dev.mitzvahorganizer.com" "Mozilla/5.0 (compatible; TestBot/0.1; +In_the_test_phase,_if_the_spider_brings_you_trouble,_please_add_our_IP_to_the_blacklist._Thank_you.)"
138.246.253.24 - - [09/Jan/2021:00:27:42 -0500] "HEAD / HTTP/1.1" 200 - "-" "Mozilla/5.0 (Windows NT 6.1; Win64; x64) AppleWebKit/537.36 (KHTML, like Gecko) Chrome/40.0.2214.85 Safari/537.36"
51.15.195.246 - - [09/Jan/2021:13:58:21 -0500] "GET / HTTP/1.1" 200 22782 "-" "-"
138.246.253.24 - - [10/Jan/2021:02:00:04 -0500] "HEAD / HTTP/1.1" 200 - "-" "Mozilla/5.0 (Windows NT 6.1; Win64; x64) AppleWebKit/537.36 (KHTML, like Gecko) Chrome/40.0.2214.85 Safari/537.36"
2001:4ca0:108:42::24 - - [10/Jan/2021:18:56:25 -0500] "HEAD / HTTP/1.1" 200 - "-" "Mozilla/5.0 (Windows NT 6.1; Win64; x64) AppleWebKit/537.36 (KHTML, like Gecko) Chrome/40.0.2214.85 Safari/537.36"
2001:4ca0:108:42::24 - - [11/Jan/2021:02:53:11 -0500] "HEAD / HTTP/1.1" 200 - "-" "Mozilla/5.0 (Windows NT 6.1; Win64; x64) AppleWebKit/537.36 (KHTML, like Gecko) Chrome/40.0.2214.85 Safari/537.36"
2001:4ca0:108:42::24 - - [11/Jan/2021:03:32:00 -0500] "HEAD / HTTP/1.1" 200 - "-" "Mozilla/5.0 (Windows NT 6.1; Win64; x64) AppleWebKit/537.36 (KHTML, like Gecko) Chrome/40.0.2214.85 Safari/537.36"
52.42.79.222 - - [12/Jan/2021:07:21:56 -0500] "GET /wp-login.php HTTP/1.1" 404 16 "-" "Mozilla/5.0 (Macintosh; Intel Mac OS X 10_10_1) AppleWebKit/537.36 (KHTML, like Gecko) Chrome/37.0.2062.124 Safari/537.36"
52.42.79.222 - - [12/Jan/2021:07:21:56 -0500] "GET /wp-login.php HTTP/1.1" 404 16 "-" "Mozilla/5.0 (Macintosh; Intel Mac OS X 10_10_1) AppleWebKit/537.36 (KHTML, like Gecko) Chrome/37.0.2062.124 Safari/537.36"
52.42.79.222 - - [12/Jan/2021:07:22:26 -0500] "GET /phpMyAdmin/index.php HTTP/1.1" 404 196 "-" "Mozilla/5.0 (Macintosh; Intel Mac OS X 10_10_1) AppleWebKit/537.36 (KHTML, like Gecko) Chrome/37.0.2062.124 Safari/537.36"
52.42.79.222 - - [12/Jan/2021:07:22:27 -0500] "GET /pma/index.php HTTP/1.1" 404 196 "-" "Mozilla/5.0 (Macintosh; Intel Mac OS X 10_10_1) AppleWebKit/537.36 (KHTML, like Gecko) Chrome/37.0.2062.124 Safari/537.36"
52.42.79.222 - - [12/Jan/2021:07:22:27 -0500] "GET /phpmyadmin/index.php HTTP/1.1" 404 196 "-" "Mozilla/5.0 (Macintosh; Intel Mac OS X 10_10_1) AppleWebKit/537.36 (KHTML, like Gecko) Chrome/37.0.2062.124 Safari/537.36"
51.158.66.83 - - [13/Jan/2021:20:49:33 -0500] "GET / HTTP/1.1" 200 22782 "-" "-"
163.172.180.25 - - [13/Jan/2021:21:01:53 -0500] "GET / HTTP/1.1" 200 22782 "-" "-"
138.246.253.24 - - [15/Jan/2021:00:16:58 -0500] "HEAD / HTTP/1.1" 200 - "-" "Mozilla/5.0 (Windows NT 6.1; Win64; x64) AppleWebKit/537.36 (KHTML, like Gecko) Chrome/40.0.2214.85 Safari/537.36"
34.74.96.143 - - [16/Jan/2021:09:43:19 -0500] "GET /wp-login.php HTTP/1.1" 404 16 "-" "Mozilla/5.0 (X11; Ubuntu; Linux x86_64; rv:62.0) Gecko/20100101 Firefox/62.0"
34.74.96.143 - - [16/Jan/2021:09:43:19 -0500] "GET /wp-login.php HTTP/1.1" 404 16 "-" "Mozilla/5.0 (X11; Ubuntu; Linux x86_64; rv:62.0) Gecko/20100101 Firefox/62.0"
34.74.96.143 - - [16/Jan/2021:09:43:19 -0500] "GET /wp-login.php HTTP/1.1" 404 16 "-" "Mozilla/5.0 (X11; Ubuntu; Linux x86_64; rv:62.0) Gecko/20100101 Firefox/62.0"
138.246.253.24 - - [17/Jan/2021:09:49:36 -0500] "HEAD / HTTP/1.1" 200 - "-" "Mozilla/5.0 (Windows NT 6.1; Win64; x64) AppleWebKit/537.36 (KHTML, like Gecko) Chrome/40.0.2214.85 Safari/537.36"
138.246.253.24 - - [17/Jan/2021:13:27:16 -0500] "HEAD / HTTP/1.1" 200 - "-" "Mozilla/5.0 (Windows NT 6.1; Win64; x64) AppleWebKit/537.36 (KHTML, like Gecko) Chrome/40.0.2214.85 Safari/537.36"
2001:4ca0:108:42::24 - - [18/Jan/2021:00:13:04 -0500] "HEAD / HTTP/1.1" 200 - "-" "Mozilla/5.0 (Windows NT 6.1; Win64; x64) AppleWebKit/537.36 (KHTML, like Gecko) Chrome/40.0.2214.85 Safari/537.36"
2001:4ca0:108:42::24 - - [18/Jan/2021:00:16:09 -0500] "HEAD / HTTP/1.1" 200 - "-" "Mozilla/5.0 (Windows NT 6.1; Win64; x64) AppleWebKit/537.36 (KHTML, like Gecko) Chrome/40.0.2214.85 Safari/537.36"
18.210.23.200 - - [19/Jan/2021:19:23:28 -0500] "GET /.env HTTP/1.1" 404 196 "-" "Mozilla/5.0 (X11; Linux x86_64) AppleWebKit/537.36 (KHTML, like Gecko) Chrome/81.0.4044.129 Safari/537.36"
18.210.23.200 - - [19/Jan/2021:19:23:28 -0500] "POST / HTTP/1.1" 302 - "-" "Mozilla/5.0 (X11; Linux x86_64) AppleWebKit/537.36 (KHTML, like Gecko) Chrome/81.0.4044.129 Safari/537.36"
2606:4700:1101:0:b07c:6946:265c:a951 - - [20/Jan/2021:00:49:42 -0500] "HEAD / HTTP/1.1" 302 - "-" "Mozilla/5.0 (compatible; CloudFlare-AlwaysOnline/1.0;+http://www.cloudflare.com/always-online)"
172.69.29.159 - - [20/Jan/2021:00:49:43 -0500] "GET / HTTP/1.1" 302 - "-" "Mozilla/5.0 (compatible; CloudFlare-AlwaysOnline/1.0; +http://www.cloudflare.com/always-online) AppleWebKit/534.34"
2a01:4f8:c2c:3fc2::1 - - [20/Jan/2021:03:34:16 -0500] "GET //wp-admin/install.php?step=1 HTTP/1.1" 404 196 "-" "Mozilla/5.0 (X11; Linux x86_64; rv:52.0) Gecko/20100101 Firefox/52.0"
2a01:4f8:c2c:3fc2::1 - - [20/Jan/2021:03:34:16 -0500] "GET /old/wp-admin/install.php?step=1 HTTP/1.1" 404 196 "-" "Mozilla/5.0 (X11; Linux x86_64; rv:52.0) Gecko/20100101 Firefox/52.0"
2a01:4f8:c2c:3fc2::1 - - [20/Jan/2021:03:34:16 -0500] "GET /new/wp-admin/install.php?step=1 HTTP/1.1" 404 196 "-" "Mozilla/5.0 (X11; Linux x86_64; rv:52.0) Gecko/20100101 Firefox/52.0"
2a01:4f8:c2c:3fc2::1 - - [20/Jan/2021:03:34:16 -0500] "GET /wp/wp-admin/install.php?step=1 HTTP/1.1" 404 196 "-" "Mozilla/5.0 (X11; Linux x86_64; rv:52.0) Gecko/20100101 Firefox/52.0"
2a01:4f8:c2c:3fc2::1 - - [20/Jan/2021:03:34:17 -0500] "GET /wordpress/wp-admin/install.php?step=1 HTTP/1.1" 404 196 "-" "Mozilla/5.0 (X11; Linux x86_64; rv:52.0) Gecko/20100101 Firefox/52.0"
2a01:4f8:c2c:3fc2::1 - - [20/Jan/2021:03:34:17 -0500] "GET /test/wp-admin/install.php?step=1 HTTP/1.1" 404 196 "-" "Mozilla/5.0 (X11; Linux x86_64; rv:52.0) Gecko/20100101 Firefox/52.0"
2a01:4f8:c2c:3fc2::1 - - [20/Jan/2021:03:34:17 -0500] "GET /blog/wp-admin/install.php?step=1 HTTP/1.1" 404 196 "-" "Mozilla/5.0 (X11; Linux x86_64; rv:52.0) Gecko/20100101 Firefox/52.0"
2a01:4f8:c2c:3fc2::1 - - [20/Jan/2021:03:34:17 -0500] "GET //vendor/phpunit/phpunit/phpunit.xsd HTTP/1.1" 404 196 "-" "Mozilla/5.0 (X11; Linux x86_64; rv:52.0) Gecko/20100101 Firefox/52.0"
2a01:4f8:c2c:3fc2::1 - - [20/Jan/2021:03:34:18 -0500] "GET //wp-admin/setup-config.php HTTP/1.1" 404 196 "-" "Mozilla/5.0 (X11; Linux x86_64; rv:52.0) Gecko/20100101 Firefox/52.0"
2a01:4f8:c2c:3fc2::1 - - [20/Jan/2021:03:34:18 -0500] "GET /old/wp-admin/setup-config.php HTTP/1.1" 404 196 "-" "Mozilla/5.0 (X11; Linux x86_64; rv:52.0) Gecko/20100101 Firefox/52.0"
2a01:4f8:c2c:3fc2::1 - - [20/Jan/2021:03:34:18 -0500] "GET /new/wp-admin/setup-config.php HTTP/1.1" 404 196 "-" "Mozilla/5.0 (X11; Linux x86_64; rv:52.0) Gecko/20100101 Firefox/52.0"
2a01:4f8:c2c:3fc2::1 - - [20/Jan/2021:03:34:19 -0500] "GET /wp/wp-admin/setup-config.php HTTP/1.1" 404 196 "-" "Mozilla/5.0 (X11; Linux x86_64; rv:52.0) Gecko/20100101 Firefox/52.0"
2a01:4f8:c2c:3fc2::1 - - [20/Jan/2021:03:34:19 -0500] "GET /wordpress/wp-admin/setup-config.php HTTP/1.1" 404 196 "-" "Mozilla/5.0 (X11; Linux x86_64; rv:52.0) Gecko/20100101 Firefox/52.0"
2a01:4f8:c2c:3fc2::1 - - [20/Jan/2021:03:34:19 -0500] "GET /test/wp-admin/setup-config.php HTTP/1.1" 404 196 "-" "Mozilla/5.0 (X11; Linux x86_64; rv:52.0) Gecko/20100101 Firefox/52.0"
2a01:4f8:c2c:3fc2::1 - - [20/Jan/2021:03:34:19 -0500] "GET /blog/wp-admin/setup-config.php HTTP/1.1" 404 196 "-" "Mozilla/5.0 (X11; Linux x86_64; rv:52.0) Gecko/20100101 Firefox/52.0"
2a01:4f8:c2c:3fc2::1 - - [20/Jan/2021:03:34:19 -0500] "POST /wp-admin/admin-ajax.php HTTP/1.1" 404 196 "-" "Mozilla/5.0 (X11; Linux x86_64; rv:52.0) Gecko/20100101 Firefox/52.0"
2a01:4f8:c2c:3fc2::1 - - [20/Jan/2021:03:34:20 -0500] "GET /wp-admin HTTP/1.1" 404 196 "-" "python-requests/2.25.1"
2a01:4f8:c2c:3fc2::1 - - [20/Jan/2021:03:34:20 -0500] "GET //wp-content/plugins/wp-file-manager/lib/php/connector.minimal.php HTTP/1.1" 404 196 "-" "Mozilla/5.0 (X11; Linux x86_64; rv:52.0) Gecko/20100101 Firefox/52.0"
138.246.253.24 - - [21/Jan/2021:23:56:12 -0500] "HEAD / HTTP/1.1" 200 - "-" "Mozilla/5.0 (Windows NT 6.1; Win64; x64) AppleWebKit/537.36 (KHTML, like Gecko) Chrome/40.0.2214.85 Safari/537.36"
138.246.253.24 - - [22/Jan/2021:08:34:42 -0500] "HEAD / HTTP/1.1" 200 - "-" "Mozilla/5.0 (Windows NT 6.1; Win64; x64) AppleWebKit/537.36 (KHTML, like Gecko) Chrome/40.0.2214.85 Safari/537.36"
2001:4ca0:108:42::24 - - [23/Jan/2021:12:24:35 -0500] "HEAD / HTTP/1.1" 200 - "-" "Mozilla/5.0 (Windows NT 6.1; Win64; x64) AppleWebKit/537.36 (KHTML, like Gecko) Chrome/40.0.2214.85 Safari/537.36"
2001:4ca0:108:42::24 - - [23/Jan/2021:19:24:02 -0500] "HEAD / HTTP/1.1" 200 - "-" "Mozilla/5.0 (Windows NT 6.1; Win64; x64) AppleWebKit/537.36 (KHTML, like Gecko) Chrome/40.0.2214.85 Safari/537.36"
52.15.212.3 - - [27/Jan/2021:04:08:23 -0500] "GET /wp-login.php HTTP/1.1" 404 16 "-" "Mozilla/5.0 (Windows NT 5.1) AppleWebKit/537.36 (KHTML, like Gecko) Chrome/31.0.1650.16 Safari/537.36"
52.15.212.3 - - [27/Jan/2021:04:08:23 -0500] "GET /wp-login.php HTTP/1.1" 404 16 "-" "Mozilla/5.0 (Windows NT 5.1) AppleWebKit/537.36 (KHTML, like Gecko) Chrome/31.0.1650.16 Safari/537.36"
138.246.253.24 - - [28/Jan/2021:07:17:00 -0500] "HEAD / HTTP/1.1" 200 - "-" "Mozilla/5.0 (Windows NT 6.1; Win64; x64) AppleWebKit/537.36 (KHTML, like Gecko) Chrome/40.0.2214.85 Safari/537.36"
165.227.99.92 - - [28/Jan/2021:12:25:24 -0500] "GET / HTTP/1.1" 302 - "-" "Mozilla/5.0 (compatible; NetcraftSurveyAgent/1.0; [email protected])"
165.227.99.92 - - [28/Jan/2021:12:25:31 -0500] "GET / HTTP/1.1" 200 22782 "-" "Mozilla/5.0 (compatible; NetcraftSurveyAgent/1.0; [email protected])"
5.39.64.29 - - [29/Jan/2021:01:51:08 -0500] "GET /wp-login.php HTTP/1.1" 404 16 "-" "Mozilla/5.0 (Windows NT 10.0; WOW64) AppleWebKit/537.36 (KHTML, like Gecko) Chrome/46.0.2490.80 Safari/537.36"
5.39.64.29 - - [29/Jan/2021:01:51:52 -0500] "GET /robots.txt HTTP/1.1" 404 196 "-" "Mozilla/5.0 (Windows NT 10.0; WOW64) AppleWebKit/537.36 (KHTML, like Gecko) Chrome/46.0.2490.80 Safari/537.36"
138.246.253.24 - - [29/Jan/2021:03:00:43 -0500] "HEAD / HTTP/1.1" 200 - "-" "Mozilla/5.0 (Windows NT 6.1; Win64; x64) AppleWebKit/537.36 (KHTML, like Gecko) Chrome/40.0.2214.85 Safari/537.36"
46.105.100.82 - - [29/Jan/2021:14:27:59 -0500] "GET /wp-login.php HTTP/1.1" 404 16 "-" "Mozilla/5.0 (Windows NT 10.0; WOW64) AppleWebKit/537.36 (KHTML, like Gecko) Chrome/46.0.2490.80 Safari/537.36"
46.105.100.82 - - [29/Jan/2021:14:28:30 -0500] "GET /robots.txt HTTP/2.0" 404 196 "-" "Mozilla/5.0 (Windows NT 10.0; WOW64) AppleWebKit/537.36 (KHTML, like Gecko) Chrome/46.0.2490.80 Safari/537.36"
13.53.64.97 - - [30/Jan/2021:02:23:33 -0500] "GET /wp-login.php HTTP/1.1" 404 16 "-" "Mozilla/5.0 (Windows NT 5.1) AppleWebKit/537.36 (KHTML, like Gecko) Chrome/34.0.1866.237 Safari/537.36"
13.53.64.97 - - [30/Jan/2021:02:23:34 -0500] "GET /wp-login.php HTTP/1.1" 404 16 "-" "Mozilla/5.0 (Windows NT 5.1) AppleWebKit/537.36 (KHTML, like Gecko) Chrome/34.0.1866.237 Safari/537.36"
2001:4ca0:108:42::24 - - [30/Jan/2021:12:55:06 -0500] "HEAD / HTTP/1.1" 200 - "-" "Mozilla/5.0 (Windows NT 6.1; Win64; x64) AppleWebKit/537.36 (KHTML, like Gecko) Chrome/40.0.2214.85 Safari/537.36"
2001:4ca0:108:42::24 - - [30/Jan/2021:16:45:02 -0500] "HEAD / HTTP/1.1" 200 - "-" "Mozilla/5.0 (Windows NT 6.1; Win64; x64) AppleWebKit/537.36 (KHTML, like Gecko) Chrome/40.0.2214.85 Safari/537.36"
193.32.164.27 - - [30/Jan/2021:22:31:33 -0500] "GET / HTTP/1.1" 200 22782 "-" "httpx - Open-source project (github.com/projectdiscovery/httpx)"
161.35.187.13 - - [31/Jan/2021:15:07:05 -0500] "GET / HTTP/2.0" 200 22782 "-" "Mozilla/5.0 (compatible; NetcraftSurveyAgent/1.0; [email protected])"
164.90.136.222 - - [31/Jan/2021:16:25:36 -0500] "GET / HTTP/1.1" 200 22782 "-" "Mozilla/5.0 (compatible; NetcraftSurveyAgent/1.0; [email protected])"
91.241.19.175 - - [02/Feb/2021:16:54:24 -0500] "GET / HTTP/1.1" 200 22782 "-" "httpx - Open-source project (github.com/projectdiscovery/httpx)"
91.241.19.175 - - [04/Feb/2021:13:15:35 -0500] "GET /php.php HTTP/1.1" 404 16 "-" "Nuclei - Open-source project (github.com/projectdiscovery/nuclei)"
91.241.19.175 - - [04/Feb/2021:13:15:36 -0500] "GET /phpinfo.php HTTP/1.1" 404 16 "-" "Nuclei - Open-source project (github.com/projectdiscovery/nuclei)"
91.241.19.175 - - [04/Feb/2021:13:15:36 -0500] "GET /info.php HTTP/1.1" 404 16 "-" "Nuclei - Open-source project (github.com/projectdiscovery/nuclei)"
91.241.19.175 - - [04/Feb/2021:13:15:37 -0500] "GET /infophp.php HTTP/1.1" 404 16 "-" "Nuclei - Open-source project (github.com/projectdiscovery/nuclei)"
91.241.19.175 - - [04/Feb/2021:13:15:38 -0500] "GET /php_info.php HTTP/1.1" 404 16 "-" "Nuclei - Open-source project (github.com/projectdiscovery/nuclei)"
91.241.19.175 - - [04/Feb/2021:13:15:38 -0500] "GET /test.php HTTP/1.1" 404 16 "-" "Nuclei - Open-source project (github.com/projectdiscovery/nuclei)"
91.241.19.175 - - [04/Feb/2021:13:15:40 -0500] "GET /i.php HTTP/1.1" 404 16 "-" "Nuclei - Open-source project (github.com/projectdiscovery/nuclei)"
91.241.19.175 - - [04/Feb/2021:13:15:40 -0500] "GET /asdf.php HTTP/1.1" 404 16 "-" "Nuclei - Open-source project (github.com/projectdiscovery/nuclei)"
91.241.19.175 - - [04/Feb/2021:13:15:41 -0500] "GET /pinfo.php HTTP/1.1" 404 16 "-" "Nuclei - Open-source project (github.com/projectdiscovery/nuclei)"
91.241.19.175 - - [04/Feb/2021:13:15:42 -0500] "GET /phpversion.php HTTP/1.1" 404 16 "-" "Nuclei - Open-source project (github.com/projectdiscovery/nuclei)"
91.241.19.175 - - [04/Feb/2021:13:15:42 -0500] "GET /time.php HTTP/1.1" 404 16 "-" "Nuclei - Open-source project (github.com/projectdiscovery/nuclei)"
138.246.253.24 - - [04/Feb/2021:15:42:11 -0500] "HEAD / HTTP/1.1" 200 - "-" "Mozilla/5.0 (Windows NT 6.1; Win64; x64) AppleWebKit/537.36 (KHTML, like Gecko) Chrome/40.0.2214.85 Safari/537.36"
138.246.253.24 - - [05/Feb/2021:01:49:58 -0500] "HEAD / HTTP/2.0" 200 - "-" "Mozilla/5.0 (Windows NT 6.1; Win64; x64) AppleWebKit/537.36 (KHTML, like Gecko) Chrome/40.0.2214.85 Safari/537.36"
2606:4700:1101:0:705e:57f4:401c:b8af - - [05/Feb/2021:11:20:51 -0500] "HEAD / HTTP/1.1" 302 - "-" "Mozilla/5.0 (compatible; CloudFlare-AlwaysOnline/1.0;+http://www.cloudflare.com/always-online)"
172.69.26.11 - - [05/Feb/2021:11:20:51 -0500] "GET / HTTP/1.1" 302 - "-" "Mozilla/5.0 (compatible; CloudFlare-AlwaysOnline/1.0; +http://www.cloudflare.com/always-online) AppleWebKit/534.34"
2001:4ca0:108:42::24 - - [06/Feb/2021:13:46:15 -0500] "HEAD / HTTP/1.1" 200 - "-" "Mozilla/5.0 (Windows NT 6.1; Win64; x64) AppleWebKit/537.36 (KHTML, like Gecko) Chrome/40.0.2214.85 Safari/537.36"
2001:4ca0:108:42::24 - - [06/Feb/2021:14:55:02 -0500] "HEAD / HTTP/1.1" 200 - "-" "Mozilla/5.0 (Windows NT 6.1; Win64; x64) AppleWebKit/537.36 (KHTML, like Gecko) Chrome/40.0.2214.85 Safari/537.36"
150.136.53.41 - - [06/Feb/2021:22:32:46 -0500] "GET / HTTP/1.1" 302 - "-" "Mozilla/5.0 (Windows NT 6.1; rv:57.0) Gecko/20100101 Firefox/57.0"
150.136.53.41 - - [06/Feb/2021:22:32:46 -0500] "GET / HTTP/1.1" 200 22782 "http://dev.mitzvahorganizer.com" "Mozilla/5.0 (Windows NT 6.1; rv:57.0) Gecko/20100101 Firefox/57.0"
158.69.250.210 - - [06/Feb/2021:22:52:56 -0500] "GET /wp-login.php HTTP/1.1" 404 16 "-" "Mozilla/5.0 (Windows NT 10.0; WOW64) AppleWebKit/537.36 (KHTML, like Gecko) Chrome/46.0.2490.80 Safari/537.36"
158.69.250.210 - - [06/Feb/2021:22:53:06 -0500] "GET /robots.txt HTTP/1.1" 404 196 "-" "Mozilla/5.0 (Windows NT 10.0; WOW64) AppleWebKit/537.36 (KHTML, like Gecko) Chrome/46.0.2490.80 Safari/537.36"
150.136.53.41 - - [07/Feb/2021:03:44:56 -0500] "GET / HTTP/1.1" 200 22782 "-" "Mozilla/5.0 (Linux; Android 5.1.1; SM-J111F) AppleWebKit/537.36 (KHTML, like Gecko) Chrome/73.0.3683.90 Mobile Safari/537.36"
150.136.53.41 - - [07/Feb/2021:03:44:56 -0500] "GET /blog/ HTTP/1.1" 404 196 "-" "Mozilla/5.0 (Linux; Android 5.1.1; SM-J111F) AppleWebKit/537.36 (KHTML, like Gecko) Chrome/73.0.3683.90 Mobile Safari/537.36"
150.136.53.41 - - [07/Feb/2021:03:44:56 -0500] "GET /wp/ HTTP/1.1" 404 196 "-" "Mozilla/5.0 (Linux; Android 5.1.1; SM-J111F) AppleWebKit/537.36 (KHTML, like Gecko) Chrome/73.0.3683.90 Mobile Safari/537.36"
150.136.53.41 - - [07/Feb/2021:03:44:56 -0500] "GET /wordpress/ HTTP/1.1" 404 196 "-" "Mozilla/5.0 (Linux; Android 5.1.1; SM-J111F) AppleWebKit/537.36 (KHTML, like Gecko) Chrome/73.0.3683.90 Mobile Safari/537.36"
150.136.53.41 - - [07/Feb/2021:03:44:56 -0500] "GET /new/ HTTP/1.1" 404 196 "-" "Mozilla/5.0 (Linux; Android 5.1.1; SM-J111F) AppleWebKit/537.36 (KHTML, like Gecko) Chrome/73.0.3683.90 Mobile Safari/537.36"
150.136.53.41 - - [07/Feb/2021:03:44:56 -0500] "GET /old/ HTTP/1.1" 404 196 "-" "Mozilla/5.0 (Linux; Android 5.1.1; SM-J111F) AppleWebKit/537.36 (KHTML, like Gecko) Chrome/73.0.3683.90 Mobile Safari/537.36"
150.136.53.41 - - [07/Feb/2021:03:44:56 -0500] "GET /test/ HTTP/1.1" 404 196 "-" "Mozilla/5.0 (Linux; Android 5.1.1; SM-J111F) AppleWebKit/537.36 (KHTML, like Gecko) Chrome/73.0.3683.90 Mobile Safari/537.36"
150.136.53.41 - - [07/Feb/2021:03:44:56 -0500] "GET /main/ HTTP/2.0" 404 196 "-" "Mozilla/5.0 (Linux; Android 5.1.1; SM-J111F) AppleWebKit/537.36 (KHTML, like Gecko) Chrome/73.0.3683.90 Mobile Safari/537.36"
150.136.53.41 - - [07/Feb/2021:03:44:56 -0500] "GET /site/ HTTP/1.1" 404 196 "-" "Mozilla/5.0 (Linux; Android 5.1.1; SM-J111F) AppleWebKit/537.36 (KHTML, like Gecko) Chrome/73.0.3683.90 Mobile Safari/537.36"
150.136.53.41 - - [07/Feb/2021:03:44:56 -0500] "GET /backup/ HTTP/1.1" 404 196 "-" "Mozilla/5.0 (Linux; Android 5.1.1; SM-J111F) AppleWebKit/537.36 (KHTML, like Gecko) Chrome/73.0.3683.90 Mobile Safari/537.36"
150.136.53.41 - - [07/Feb/2021:03:44:56 -0500] "GET /demo/ HTTP/2.0" 404 196 "-" "Mozilla/5.0 (Linux; Android 5.1.1; SM-J111F) AppleWebKit/537.36 (KHTML, like Gecko) Chrome/73.0.3683.90 Mobile Safari/537.36"
150.136.53.41 - - [07/Feb/2021:03:44:56 -0500] "GET /home/ HTTP/1.1" 404 196 "-" "Mozilla/5.0 (Linux; Android 5.1.1; SM-J111F) AppleWebKit/537.36 (KHTML, like Gecko) Chrome/73.0.3683.90 Mobile Safari/537.36"
150.136.53.41 - - [07/Feb/2021:03:44:56 -0500] "GET /tmp/ HTTP/1.1" 403 199 "-" "Mozilla/5.0 (Linux; Android 5.1.1; SM-J111F) AppleWebKit/537.36 (KHTML, like Gecko) Chrome/73.0.3683.90 Mobile Safari/537.36"
150.136.53.41 - - [07/Feb/2021:03:44:56 -0500] "GET /cms/ HTTP/1.1" 404 196 "-" "Mozilla/5.0 (Linux; Android 5.1.1; SM-J111F) AppleWebKit/537.36 (KHTML, like Gecko) Chrome/73.0.3683.90 Mobile Safari/537.36"
150.136.53.41 - - [07/Feb/2021:03:44:56 -0500] "GET /dev/ HTTP/1.1" 404 196 "-" "Mozilla/5.0 (Linux; Android 5.1.1; SM-J111F) AppleWebKit/537.36 (KHTML, like Gecko) Chrome/73.0.3683.90 Mobile Safari/537.36"
150.136.53.41 - - [07/Feb/2021:03:44:56 -0500] "GET /old-wp/ HTTP/1.1" 404 196 "-" "Mozilla/5.0 (Linux; Android 5.1.1; SM-J111F) AppleWebKit/537.36 (KHTML, like Gecko) Chrome/73.0.3683.90 Mobile Safari/537.36"
150.136.53.41 - - [07/Feb/2021:03:44:56 -0500] "GET /web/ HTTP/1.1" 404 196 "-" "Mozilla/5.0 (Linux; Android 5.1.1; SM-J111F) AppleWebKit/537.36 (KHTML, like Gecko) Chrome/73.0.3683.90 Mobile Safari/537.36"
150.136.53.41 - - [07/Feb/2021:03:44:56 -0500] "GET /old-site/ HTTP/1.1" 404 196 "-" "Mozilla/5.0 (Linux; Android 5.1.1; SM-J111F) AppleWebKit/537.36 (KHTML, like Gecko) Chrome/73.0.3683.90 Mobile Safari/537.36"
150.136.53.41 - - [07/Feb/2021:03:44:56 -0500] "GET /temp/ HTTP/1.1" 404 196 "-" "Mozilla/5.0 (Linux; Android 5.1.1; SM-J111F) AppleWebKit/537.36 (KHTML, like Gecko) Chrome/73.0.3683.90 Mobile Safari/537.36"
150.136.53.41 - - [07/Feb/2021:03:44:56 -0500] "GET /2018/ HTTP/1.1" 404 196 "-" "Mozilla/5.0 (Linux; Android 5.1.1; SM-J111F) AppleWebKit/537.36 (KHTML, like Gecko) Chrome/73.0.3683.90 Mobile Safari/537.36"
150.136.53.41 - - [07/Feb/2021:03:44:56 -0500] "GET /2019/ HTTP/1.1" 404 196 "-" "Mozilla/5.0 (Linux; Android 5.1.1; SM-J111F) AppleWebKit/537.36 (KHTML, like Gecko) Chrome/73.0.3683.90 Mobile Safari/537.36"
150.136.53.41 - - [07/Feb/2021:03:44:56 -0500] "GET /bk/ HTTP/1.1" 404 196 "-" "Mozilla/5.0 (Linux; Android 5.1.1; SM-J111F) AppleWebKit/537.36 (KHTML, like Gecko) Chrome/73.0.3683.90 Mobile Safari/537.36"
150.136.53.41 - - [07/Feb/2021:03:44:56 -0500] "GET /wp1/ HTTP/1.1" 404 196 "-" "Mozilla/5.0 (Linux; Android 5.1.1; SM-J111F) AppleWebKit/537.36 (KHTML, like Gecko) Chrome/73.0.3683.90 Mobile Safari/537.36"
150.136.53.41 - - [07/Feb/2021:03:44:56 -0500] "GET /wp2/ HTTP/1.1" 404 196 "-" "Mozilla/5.0 (Linux; Android 5.1.1; SM-J111F) AppleWebKit/537.36 (KHTML, like Gecko) Chrome/73.0.3683.90 Mobile Safari/537.36"
150.136.53.41 - - [07/Feb/2021:03:44:56 -0500] "GET /v1/ HTTP/1.1" 404 196 "-" "Mozilla/5.0 (Linux; Android 5.1.1; SM-J111F) AppleWebKit/537.36 (KHTML, like Gecko) Chrome/73.0.3683.90 Mobile Safari/537.36"
150.136.53.41 - - [07/Feb/2021:03:44:56 -0500] "GET /v2/ HTTP/1.1" 404 196 "-" "Mozilla/5.0 (Linux; Android 5.1.1; SM-J111F) AppleWebKit/537.36 (KHTML, like Gecko) Chrome/73.0.3683.90 Mobile Safari/537.36"
150.136.53.41 - - [07/Feb/2021:03:44:56 -0500] "GET /bak/ HTTP/1.1" 404 196 "-" "Mozilla/5.0 (Linux; Android 5.1.1; SM-J111F) AppleWebKit/537.36 (KHTML, like Gecko) Chrome/73.0.3683.90 Mobile Safari/537.36"
