403Webshell
Server IP : 104.21.21.239  /  Your IP : 216.73.216.11
Web Server : Apache/2.4.68 (Amazon Linux) OpenSSL/3.5.5
System : Linux ip-172-31-69-123.ec2.internal 6.1.176-223.369.amzn2023.x86_64 #1 SMP PREEMPT_DYNAMIC Fri Jul 24 13:34:27 UTC 2026 x86_64
User : ec2-user ( 1000)
PHP Version : 8.4.23
Disable Function : NONE
MySQL : OFF  |  cURL : ON  |  WGET : ON  |  Perl : ON  |  Python : OFF  |  Sudo : ON  |  Pkexec : ON
Directory :  /home/mitzvahm/wwwdevplanner/

Upload File :
current_dir [ Writeable ] document_root [ Writeable ]

 

Command :


[ Back ]     

Current File : /home/mitzvahm/wwwdevplanner/access_log
162.158.62.57 - - [05/Mar/2020:09:34:23 -0500] "GET / HTTP/1.1" 403 3630 "-" "Mozilla/5.0 (Macintosh; Intel Mac OS X 10_15_3) AppleWebKit/605.1.15 (KHTML, like Gecko) Version/13.0.5 Safari/605.1.15"
162.158.62.51 - - [05/Mar/2020:09:34:40 -0500] "GET / HTTP/1.1" 403 3630 "-" "Mozilla/5.0 (Macintosh; Intel Mac OS X 10_15_3) AppleWebKit/605.1.15 (KHTML, like Gecko) Version/13.0.5 Safari/605.1.15"
162.158.62.57 - - [05/Mar/2020:09:34:42 -0500] "GET /index.php HTTP/1.1" 403 199 "-" "Mozilla/5.0 (Macintosh; Intel Mac OS X 10_15_3) AppleWebKit/605.1.15 (KHTML, like Gecko) Version/13.0.5 Safari/605.1.15"
173.245.52.85 - - [05/Mar/2020:09:34:42 -0500] "GET /favicon.ico HTTP/1.1" 403 199 "http://dev.mitzvahorganizer.com/index.php" "Mozilla/5.0 (Macintosh; Intel Mac OS X 10_15_3) AppleWebKit/605.1.15 (KHTML, like Gecko) Version/13.0.5 Safari/605.1.15"
173.245.52.205 - - [05/Mar/2020:09:36:54 -0500] "GET /index.php HTTP/1.1" 403 199 "-" "Mozilla/5.0 (Macintosh; Intel Mac OS X 10_15_3) AppleWebKit/605.1.15 (KHTML, like Gecko) Version/13.0.5 Safari/605.1.15"
162.158.62.107 - - [05/Mar/2020:09:39:36 -0500] "GET / HTTP/1.1" 200 34 "-" "Mozilla/5.0 (Macintosh; Intel Mac OS X 10_15_3) AppleWebKit/605.1.15 (KHTML, like Gecko) Version/13.0.5 Safari/605.1.15"
108.162.219.92 - - [05/Mar/2020:09:53:18 -0500] "GET /index.php?IX=home HTTP/1.1" 200 34 "-" "Mozilla/5.0 (Windows NT 6.1; Win64; x64; rv:73.0) Gecko/20100101 Firefox/73.0"
173.245.52.85 - - [05/Mar/2020:09:53:18 -0500] "GET /favicon.ico HTTP/1.1" 200 1150 "-" "Mozilla/5.0 (Windows NT 6.1; Win64; x64; rv:73.0) Gecko/20100101 Firefox/73.0"
162.158.62.51 - - [05/Mar/2020:15:39:19 -0500] "GET /index.php?IX=home HTTP/1.1" 200 34 "-" "Mozilla/5.0 (Windows NT 6.1; Win64; x64; rv:73.0) Gecko/20100101 Firefox/73.0"
173.245.52.85 - - [05/Mar/2020:15:39:19 -0500] "GET /favicon.ico HTTP/1.1" 200 1150 "-" "Mozilla/5.0 (Windows NT 6.1; Win64; x64; rv:73.0) Gecko/20100101 Firefox/73.0"
172.68.47.120 - - [05/Mar/2020:19:47:25 -0500] "GET /jiankong.htm HTTP/1.1" 404 196 "-" "Mozilla/4.0 (compatible; MSIE 7.0; Windows NT 6.1; WOW64; Trident/5.0; SLCC2; .NET CLR 2.0.50727; .NET CLR 3.5.30729; .NET CLR 3.0.30729; Media Center PC 6.0; .NET4.0C; .NET4.0E; InfoPath.3; KB974488)"
173.245.54.249 - - [05/Mar/2020:20:12:26 -0500] "GET / HTTP/1.1" 200 34 "-" "Mozilla/5.0 (Macintosh; Intel Mac OS X 10_15_3) AppleWebKit/537.36 (KHTML, like Gecko) Chrome/81.0.4044.34 Safari/537.36"
173.245.54.215 - - [05/Mar/2020:20:12:26 -0500] "GET /favicon.ico HTTP/1.1" 200 1150 "http://dev.mitzvahorganizer.com/" "Mozilla/5.0 (Macintosh; Intel Mac OS X 10_15_3) AppleWebKit/537.36 (KHTML, like Gecko) Chrome/81.0.4044.34 Safari/537.36"
173.245.54.249 - - [05/Mar/2020:20:12:27 -0500] "GET / HTTP/1.1" 200 34 "-" "Mozilla/5.0 (Macintosh; Intel Mac OS X 10_15_3) AppleWebKit/537.36 (KHTML, like Gecko) Chrome/81.0.4044.34 Safari/537.36"
172.69.62.124 - - [05/Mar/2020:20:18:37 -0500] "GET / HTTP/1.1" 200 34 "-" "Mozilla/5.0 (Macintosh; Intel Mac OS X 10_15_3) AppleWebKit/537.36 (KHTML, like Gecko) Chrome/81.0.4044.34 Safari/537.36"
172.69.62.124 - - [05/Mar/2020:20:18:38 -0500] "GET / HTTP/1.1" 200 34 "-" "Mozilla/5.0 (Macintosh; Intel Mac OS X 10_15_3) AppleWebKit/537.36 (KHTML, like Gecko) Chrome/81.0.4044.34 Safari/537.36"
172.69.62.124 - - [05/Mar/2020:20:18:51 -0500] "GET / HTTP/1.1" 200 34 "-" "Mozilla/5.0 (Macintosh; Intel Mac OS X 10_15_3) AppleWebKit/537.36 (KHTML, like Gecko) Chrome/81.0.4044.34 Safari/537.36"
172.69.62.124 - - [05/Mar/2020:20:18:51 -0500] "GET / HTTP/1.1" 200 34 "-" "Mozilla/5.0 (Macintosh; Intel Mac OS X 10_15_3) AppleWebKit/537.36 (KHTML, like Gecko) Chrome/81.0.4044.34 Safari/537.36"
172.69.62.124 - - [05/Mar/2020:20:19:01 -0500] "GET / HTTP/1.1" 200 34 "-" "Mozilla/5.0 (Macintosh; Intel Mac OS X 10_15_3) AppleWebKit/537.36 (KHTML, like Gecko) Chrome/81.0.4044.34 Safari/537.36"
172.69.62.124 - - [05/Mar/2020:20:19:02 -0500] "GET / HTTP/1.1" 200 34 "-" "Mozilla/5.0 (Macintosh; Intel Mac OS X 10_15_3) AppleWebKit/537.36 (KHTML, like Gecko) Chrome/81.0.4044.34 Safari/537.36"
172.69.62.124 - - [05/Mar/2020:20:19:03 -0500] "GET / HTTP/1.1" 200 34 "-" "Mozilla/5.0 (Macintosh; Intel Mac OS X 10_15_3) AppleWebKit/537.36 (KHTML, like Gecko) Chrome/81.0.4044.34 Safari/537.36"
172.69.62.124 - - [05/Mar/2020:20:19:04 -0500] "GET / HTTP/1.1" 200 34 "-" "Mozilla/5.0 (Macintosh; Intel Mac OS X 10_15_3) AppleWebKit/537.36 (KHTML, like Gecko) Chrome/81.0.4044.34 Safari/537.36"
172.69.62.124 - - [05/Mar/2020:20:19:04 -0500] "GET / HTTP/1.1" 200 34 "-" "Mozilla/5.0 (Macintosh; Intel Mac OS X 10_15_3) AppleWebKit/537.36 (KHTML, like Gecko) Chrome/81.0.4044.34 Safari/537.36"
172.69.62.124 - - [05/Mar/2020:20:19:05 -0500] "GET / HTTP/1.1" 200 34 "-" "Mozilla/5.0 (Macintosh; Intel Mac OS X 10_15_3) AppleWebKit/537.36 (KHTML, like Gecko) Chrome/81.0.4044.34 Safari/537.36"
172.69.62.124 - - [05/Mar/2020:20:19:20 -0500] "GET / HTTP/1.1" 200 34 "-" "Mozilla/5.0 (Macintosh; Intel Mac OS X 10_15_3) AppleWebKit/537.36 (KHTML, like Gecko) Chrome/81.0.4044.34 Safari/537.36"
173.245.54.215 - - [05/Mar/2020:20:19:20 -0500] "GET /favicon.ico HTTP/1.1" 200 1150 "http://dev.mitzvahorganizer.com/" "Mozilla/5.0 (Macintosh; Intel Mac OS X 10_15_3) AppleWebKit/537.36 (KHTML, like Gecko) Chrome/81.0.4044.34 Safari/537.36"
172.69.62.124 - - [05/Mar/2020:20:19:20 -0500] "GET / HTTP/1.1" 200 34 "-" "Mozilla/5.0 (Macintosh; Intel Mac OS X 10_15_3) AppleWebKit/537.36 (KHTML, like Gecko) Chrome/81.0.4044.34 Safari/537.36"
172.69.62.124 - - [05/Mar/2020:20:19:21 -0500] "GET / HTTP/1.1" 200 34 "-" "Mozilla/5.0 (Macintosh; Intel Mac OS X 10_15_3) AppleWebKit/537.36 (KHTML, like Gecko) Chrome/81.0.4044.34 Safari/537.36"
172.69.62.124 - - [05/Mar/2020:20:19:21 -0500] "GET / HTTP/1.1" 200 34 "-" "Mozilla/5.0 (Macintosh; Intel Mac OS X 10_15_3) AppleWebKit/537.36 (KHTML, like Gecko) Chrome/81.0.4044.34 Safari/537.36"
172.69.62.124 - - [05/Mar/2020:20:19:30 -0500] "GET / HTTP/1.1" 200 34 "-" "Mozilla/5.0 (Macintosh; Intel Mac OS X 10_15_3) AppleWebKit/537.36 (KHTML, like Gecko) Chrome/81.0.4044.34 Safari/537.36"
172.69.62.124 - - [05/Mar/2020:20:19:30 -0500] "GET / HTTP/1.1" 200 34 "-" "Mozilla/5.0 (Macintosh; Intel Mac OS X 10_15_3) AppleWebKit/537.36 (KHTML, like Gecko) Chrome/81.0.4044.34 Safari/537.36"
172.69.62.124 - - [05/Mar/2020:20:19:38 -0500] "GET / HTTP/1.1" 200 34 "-" "Mozilla/5.0 (Macintosh; Intel Mac OS X 10_15_3) AppleWebKit/537.36 (KHTML, like Gecko) Chrome/81.0.4044.34 Safari/537.36"
172.69.62.124 - - [05/Mar/2020:20:19:38 -0500] "GET / HTTP/1.1" 200 34 "-" "Mozilla/5.0 (Macintosh; Intel Mac OS X 10_15_3) AppleWebKit/537.36 (KHTML, like Gecko) Chrome/81.0.4044.34 Safari/537.36"
172.69.62.124 - - [05/Mar/2020:20:21:17 -0500] "GET / HTTP/1.1" 200 34 "-" "Mozilla/5.0 (Macintosh; Intel Mac OS X 10_15_3) AppleWebKit/537.36 (KHTML, like Gecko) Chrome/81.0.4044.34 Safari/537.36"
172.69.62.124 - - [05/Mar/2020:20:21:18 -0500] "GET / HTTP/1.1" 200 34 "-" "Mozilla/5.0 (Macintosh; Intel Mac OS X 10_15_3) AppleWebKit/537.36 (KHTML, like Gecko) Chrome/81.0.4044.34 Safari/537.36"
172.69.62.124 - - [05/Mar/2020:20:21:18 -0500] "GET / HTTP/1.1" 200 34 "-" "Mozilla/5.0 (Macintosh; Intel Mac OS X 10_15_3) AppleWebKit/537.36 (KHTML, like Gecko) Chrome/81.0.4044.34 Safari/537.36"
172.69.63.29 - - [05/Mar/2020:20:38:42 -0500] "GET / HTTP/1.1" 200 34 "-" "Mozilla/5.0 (Macintosh; Intel Mac OS X 10_15_3) AppleWebKit/537.36 (KHTML, like Gecko) Chrome/81.0.4044.34 Safari/537.36"
172.69.63.29 - - [05/Mar/2020:20:38:45 -0500] "GET / HTTP/1.1" 200 34 "-" "Mozilla/5.0 (Macintosh; Intel Mac OS X 10_15_3) AppleWebKit/537.36 (KHTML, like Gecko) Chrome/81.0.4044.34 Safari/537.36"
172.69.62.82 - - [05/Mar/2020:20:38:48 -0500] "GET / HTTP/1.1" 200 34 "-" "Mozilla/5.0 (Macintosh; Intel Mac OS X 10_15_3) AppleWebKit/537.36 (KHTML, like Gecko) Chrome/81.0.4044.34 Safari/537.36"
173.245.54.215 - - [05/Mar/2020:20:38:49 -0500] "GET /favicon.ico HTTP/1.1" 200 1150 "https://dev.mitzvahorganizer.com/" "Mozilla/5.0 (Macintosh; Intel Mac OS X 10_15_3) AppleWebKit/537.36 (KHTML, like Gecko) Chrome/81.0.4044.34 Safari/537.36"
162.158.62.195 - - [05/Mar/2020:21:10:38 -0500] "GET /index.php?IX=home HTTP/1.1" 200 22789 "-" "Mozilla/5.0 (Windows NT 6.1; Win64; x64; rv:73.0) Gecko/20100101 Firefox/73.0"
108.162.219.84 - - [05/Mar/2020:21:10:39 -0500] "GET /js/text_slider.js?ver=1550727312 HTTP/1.1" 200 4631 "https://dev.mitzvahorganizer.com/index.php?IX=home" "Mozilla/5.0 (Windows NT 6.1; Win64; x64; rv:73.0) Gecko/20100101 Firefox/73.0"
108.162.219.92 - - [05/Mar/2020:21:10:39 -0500] "GET /css/main.css?ver=1550975809 HTTP/1.1" 200 26853 "https://dev.mitzvahorganizer.com/index.php?IX=home" "Mozilla/5.0 (Windows NT 6.1; Win64; x64; rv:73.0) Gecko/20100101 Firefox/73.0"
162.158.63.172 - - [05/Mar/2020:21:10:39 -0500] "GET /js/jquery.visible.min.js?ver=1451321694 HTTP/1.1" 200 803 "https://dev.mitzvahorganizer.com/index.php?IX=home" "Mozilla/5.0 (Windows NT 6.1; Win64; x64; rv:73.0) Gecko/20100101 Firefox/73.0"
162.158.63.40 - - [05/Mar/2020:21:10:39 -0500] "GET /js/index.js?ver=1550727312 HTTP/1.1" 200 27289 "https://dev.mitzvahorganizer.com/index.php?IX=home" "Mozilla/5.0 (Windows NT 6.1; Win64; x64; rv:73.0) Gecko/20100101 Firefox/73.0"
108.162.219.34 - - [05/Mar/2020:21:10:39 -0500] "GET /js/cryptojs/rollups/sha512.js?ver=1410759005 HTTP/1.1" 200 8320 "https://dev.mitzvahorganizer.com/index.php?IX=home" "Mozilla/5.0 (Windows NT 6.1; Win64; x64; rv:73.0) Gecko/20100101 Firefox/73.0"
162.158.63.226 - - [05/Mar/2020:21:10:39 -0500] "GET /img/home_buy_button5.png HTTP/1.1" 200 9729 "https://dev.mitzvahorganizer.com/index.php?IX=home" "Mozilla/5.0 (Windows NT 6.1; Win64; x64; rv:73.0) Gecko/20100101 Firefox/73.0"
108.162.219.42 - - [05/Mar/2020:21:10:39 -0500] "GET /img/home_icon_video.png HTTP/1.1" 200 3158 "https://dev.mitzvahorganizer.com/index.php?IX=home" "Mozilla/5.0 (Windows NT 6.1; Win64; x64; rv:73.0) Gecko/20100101 Firefox/73.0"
108.162.219.226 - - [05/Mar/2020:21:10:39 -0500] "GET /css/datePicker.css?ver=1388782278 HTTP/1.1" 200 2415 "https://dev.mitzvahorganizer.com/index.php?IX=home" "Mozilla/5.0 (Windows NT 6.1; Win64; x64; rv:73.0) Gecko/20100101 Firefox/73.0"
108.162.219.172 - - [05/Mar/2020:21:10:39 -0500] "GET /img/home_icon_tour.png HTTP/1.1" 200 3469 "https://dev.mitzvahorganizer.com/index.php?IX=home" "Mozilla/5.0 (Windows NT 6.1; Win64; x64; rv:73.0) Gecko/20100101 Firefox/73.0"
173.245.52.219 - - [05/Mar/2020:21:10:39 -0500] "GET /js/md5.js?ver=1372179353 HTTP/1.1" 200 6453 "https://dev.mitzvahorganizer.com/index.php?IX=home" "Mozilla/5.0 (Windows NT 6.1; Win64; x64; rv:73.0) Gecko/20100101 Firefox/73.0"
162.158.63.106 - - [05/Mar/2020:21:10:39 -0500] "GET /js/jquery.datePicker.js?ver=1375203162 HTTP/1.1" 200 42569 "https://dev.mitzvahorganizer.com/index.php?IX=home" "Mozilla/5.0 (Windows NT 6.1; Win64; x64; rv:73.0) Gecko/20100101 Firefox/73.0"
162.158.63.88 - - [05/Mar/2020:21:10:39 -0500] "GET /css/main_mobile.css?ver=1449693284 HTTP/1.1" 200 718 "https://dev.mitzvahorganizer.com/index.php?IX=home" "Mozilla/5.0 (Windows NT 6.1; Win64; x64; rv:73.0) Gecko/20100101 Firefox/73.0"
173.245.52.215 - - [05/Mar/2020:21:10:39 -0500] "GET /js/date.js?ver=1375203160 HTTP/1.1" 200 12767 "https://dev.mitzvahorganizer.com/index.php?IX=home" "Mozilla/5.0 (Windows NT 6.1; Win64; x64; rv:73.0) Gecko/20100101 Firefox/73.0"
162.158.63.64 - - [05/Mar/2020:21:10:39 -0500] "GET /img/lg_mitzvah_logo.png?ver=1549520078 HTTP/1.1" 200 9167 "https://dev.mitzvahorganizer.com/index.php?IX=home" "Mozilla/5.0 (Windows NT 6.1; Win64; x64; rv:73.0) Gecko/20100101 Firefox/73.0"
162.158.63.154 - - [05/Mar/2020:21:10:39 -0500] "GET /js/jquery.ui.touch-punch.min.js?ver=1376752033 HTTP/1.1" 200 1190 "https://dev.mitzvahorganizer.com/index.php?IX=home" "Mozilla/5.0 (Windows NT 6.1; Win64; x64; rv:73.0) Gecko/20100101 Firefox/73.0"
162.158.62.75 - - [05/Mar/2020:21:10:39 -0500] "GET /img/loading.gif HTTP/1.1" 200 1279 "https://dev.mitzvahorganizer.com/index.php?IX=home" "Mozilla/5.0 (Windows NT 6.1; Win64; x64; rv:73.0) Gecko/20100101 Firefox/73.0"
108.162.219.250 - - [05/Mar/2020:21:10:39 -0500] "GET /css/jquery-ui-1.10.3.custom.min.css?ver=1388782301 HTTP/1.1" 200 - "https://dev.mitzvahorganizer.com/index.php?IX=home" "Mozilla/5.0 (Windows NT 6.1; Win64; x64; rv:73.0) Gecko/20100101 Firefox/73.0"
108.162.219.20 - - [05/Mar/2020:21:10:39 -0500] "GET /img/home_checkbox.png HTTP/1.1" 200 536 "https://dev.mitzvahorganizer.com/index.php?IX=home" "Mozilla/5.0 (Windows NT 6.1; Win64; x64; rv:73.0) Gecko/20100101 Firefox/73.0"
162.158.63.114 - - [05/Mar/2020:21:10:39 -0500] "GET /img/close_icon.png HTTP/1.1" 200 4246 "https://dev.mitzvahorganizer.com/index.php?IX=home" "Mozilla/5.0 (Windows NT 6.1; Win64; x64; rv:73.0) Gecko/20100101 Firefox/73.0"
108.162.219.16 - - [05/Mar/2020:21:10:39 -0500] "GET /js/jquery.form.js?ver=1372179352 HTTP/1.1" 200 39396 "https://dev.mitzvahorganizer.com/index.php?IX=home" "Mozilla/5.0 (Windows NT 6.1; Win64; x64; rv:73.0) Gecko/20100101 Firefox/73.0"
162.158.62.149 - - [05/Mar/2020:21:10:39 -0500] "GET /DataTables-1.9.4/media/js/jquery.dataTables.min.js?ver=1381525764 HTTP/1.1" 200 70857 "https://dev.mitzvahorganizer.com/index.php?IX=home" "Mozilla/5.0 (Windows NT 6.1; Win64; x64; rv:73.0) Gecko/20100101 Firefox/73.0"
162.158.63.60 - - [05/Mar/2020:21:10:39 -0500] "GET /js/jquery-1.7.1.min.js?ver=1372179351 HTTP/1.1" 200 93868 "https://dev.mitzvahorganizer.com/index.php?IX=home" "Mozilla/5.0 (Windows NT 6.1; Win64; x64; rv:73.0) Gecko/20100101 Firefox/73.0"
108.162.219.14 - - [05/Mar/2020:21:10:39 -0500] "GET /img/home_collage3.jpg?ver=1550267833 HTTP/1.1" 200 120597 "https://dev.mitzvahorganizer.com/index.php?IX=home" "Mozilla/5.0 (Windows NT 6.1; Win64; x64; rv:73.0) Gecko/20100101 Firefox/73.0"
162.158.63.160 - - [05/Mar/2020:21:10:39 -0500] "GET /js/jquery-ui-1.10.3.custom.min.js?ver=1376675031 HTTP/1.1" 200 228137 "https://dev.mitzvahorganizer.com/index.php?IX=home" "Mozilla/5.0 (Windows NT 6.1; Win64; x64; rv:73.0) Gecko/20100101 Firefox/73.0"
162.158.63.40 - - [05/Mar/2020:21:10:39 -0500] "GET /img/home_collage2.jpg?ver=1553551884 HTTP/1.1" 200 289791 "https://dev.mitzvahorganizer.com/index.php?IX=home" "Mozilla/5.0 (Windows NT 6.1; Win64; x64; rv:73.0) Gecko/20100101 Firefox/73.0"
108.162.219.28 - - [05/Mar/2020:21:10:39 -0500] "GET /img/gallery_arrow_left.png HTTP/1.1" 200 809 "https://dev.mitzvahorganizer.com/index.php?IX=home" "Mozilla/5.0 (Windows NT 6.1; Win64; x64; rv:73.0) Gecko/20100101 Firefox/73.0"
108.162.219.238 - - [05/Mar/2020:21:10:39 -0500] "GET /css/text_slider.css HTTP/1.1" 200 1375 "https://dev.mitzvahorganizer.com/index.php?IX=home" "Mozilla/5.0 (Windows NT 6.1; Win64; x64; rv:73.0) Gecko/20100101 Firefox/73.0"
108.162.219.40 - - [05/Mar/2020:21:10:39 -0500] "GET /img/gallery_button_pause.png HTTP/1.1" 200 533 "https://dev.mitzvahorganizer.com/index.php?IX=home" "Mozilla/5.0 (Windows NT 6.1; Win64; x64; rv:73.0) Gecko/20100101 Firefox/73.0"
173.245.52.103 - - [05/Mar/2020:21:10:39 -0500] "GET /img/lg_mitzvah_stripes.png HTTP/1.1" 200 3390 "https://dev.mitzvahorganizer.com/css/main.css?ver=1550975809" "Mozilla/5.0 (Windows NT 6.1; Win64; x64; rv:73.0) Gecko/20100101 Firefox/73.0"
162.158.63.214 - - [05/Mar/2020:21:10:39 -0500] "GET /img/gallery_arrow_right.png HTTP/1.1" 200 791 "https://dev.mitzvahorganizer.com/index.php?IX=home" "Mozilla/5.0 (Windows NT 6.1; Win64; x64; rv:73.0) Gecko/20100101 Firefox/73.0"
173.245.52.85 - - [05/Mar/2020:21:10:40 -0500] "GET /favicon.ico HTTP/1.1" 200 1150 "-" "Mozilla/5.0 (Windows NT 6.1; Win64; x64; rv:73.0) Gecko/20100101 Firefox/73.0"
162.158.62.195 - - [05/Mar/2020:21:10:56 -0500] "GET /ajax.php?call=login_tokens&email=sysdev%40latcomsystems.com&_=1583460665882 HTTP/1.1" 200 189 "https://dev.mitzvahorganizer.com/index.php?IX=home" "Mozilla/5.0 (Windows NT 6.1; Win64; x64; rv:73.0) Gecko/20100101 Firefox/73.0"
162.158.62.195 - - [05/Mar/2020:21:10:57 -0500] "POST /mod/_pagetop_form_login.php HTTP/1.1" 200 3002 "https://dev.mitzvahorganizer.com/index.php?IX=home" "Mozilla/5.0 (Windows NT 6.1; Win64; x64; rv:73.0) Gecko/20100101 Firefox/73.0"
162.158.62.195 - - [05/Mar/2020:21:10:57 -0500] "GET /index.php?IX=ez_guide HTTP/1.1" 200 15893 "https://dev.mitzvahorganizer.com/index.php?IX=home" "Mozilla/5.0 (Windows NT 6.1; Win64; x64; rv:73.0) Gecko/20100101 Firefox/73.0"
162.158.63.250 - - [05/Mar/2020:21:10:57 -0500] "GET /img/ez_placecards.png HTTP/1.1" 200 5476 "https://dev.mitzvahorganizer.com/index.php?IX=ez_guide" "Mozilla/5.0 (Windows NT 6.1; Win64; x64; rv:73.0) Gecko/20100101 Firefox/73.0"
108.162.219.114 - - [05/Mar/2020:21:10:57 -0500] "GET /img/ez_rsvp.png HTTP/1.1" 200 6746 "https://dev.mitzvahorganizer.com/index.php?IX=ez_guide" "Mozilla/5.0 (Windows NT 6.1; Win64; x64; rv:73.0) Gecko/20100101 Firefox/73.0"
162.158.63.40 - - [05/Mar/2020:21:10:57 -0500] "GET /img/ez_honors.png HTTP/1.1" 200 4864 "https://dev.mitzvahorganizer.com/index.php?IX=ez_guide" "Mozilla/5.0 (Windows NT 6.1; Win64; x64; rv:73.0) Gecko/20100101 Firefox/73.0"
108.162.219.74 - - [05/Mar/2020:21:10:57 -0500] "GET /img/ez_invitation_insert.png HTTP/1.1" 200 3675 "https://dev.mitzvahorganizer.com/index.php?IX=ez_guide" "Mozilla/5.0 (Windows NT 6.1; Win64; x64; rv:73.0) Gecko/20100101 Firefox/73.0"
108.162.219.46 - - [05/Mar/2020:21:10:57 -0500] "GET /img/ez_vendors.png HTTP/1.1" 200 4420 "https://dev.mitzvahorganizer.com/index.php?IX=ez_guide" "Mozilla/5.0 (Windows NT 6.1; Win64; x64; rv:73.0) Gecko/20100101 Firefox/73.0"
108.162.219.112 - - [05/Mar/2020:21:10:57 -0500] "GET /img/ez_add_guest.png HTTP/1.1" 200 4447 "https://dev.mitzvahorganizer.com/index.php?IX=ez_guide" "Mozilla/5.0 (Windows NT 6.1; Win64; x64; rv:73.0) Gecko/20100101 Firefox/73.0"
173.245.52.197 - - [05/Mar/2020:21:10:57 -0500] "GET /img/ez_favors.png HTTP/1.1" 200 7012 "https://dev.mitzvahorganizer.com/index.php?IX=ez_guide" "Mozilla/5.0 (Windows NT 6.1; Win64; x64; rv:73.0) Gecko/20100101 Firefox/73.0"
108.162.219.98 - - [05/Mar/2020:21:10:57 -0500] "GET /img/ez_candles.png HTTP/1.1" 200 5447 "https://dev.mitzvahorganizer.com/index.php?IX=ez_guide" "Mozilla/5.0 (Windows NT 6.1; Win64; x64; rv:73.0) Gecko/20100101 Firefox/73.0"
108.162.219.60 - - [05/Mar/2020:21:10:57 -0500] "GET /img/ez_invitations.png HTTP/1.1" 200 3083 "https://dev.mitzvahorganizer.com/index.php?IX=ez_guide" "Mozilla/5.0 (Windows NT 6.1; Win64; x64; rv:73.0) Gecko/20100101 Firefox/73.0"
173.245.52.127 - - [05/Mar/2020:21:10:57 -0500] "GET /img/ez_gifts.png HTTP/1.1" 200 5338 "https://dev.mitzvahorganizer.com/index.php?IX=ez_guide" "Mozilla/5.0 (Windows NT 6.1; Win64; x64; rv:73.0) Gecko/20100101 Firefox/73.0"
108.162.219.36 - - [05/Mar/2020:21:10:57 -0500] "GET /img/ez_component.png HTTP/1.1" 200 4156 "https://dev.mitzvahorganizer.com/index.php?IX=ez_guide" "Mozilla/5.0 (Windows NT 6.1; Win64; x64; rv:73.0) Gecko/20100101 Firefox/73.0"
162.158.62.105 - - [05/Mar/2020:21:10:57 -0500] "GET /img/ez_budget.png HTTP/1.1" 200 5935 "https://dev.mitzvahorganizer.com/index.php?IX=ez_guide" "Mozilla/5.0 (Windows NT 6.1; Win64; x64; rv:73.0) Gecko/20100101 Firefox/73.0"
173.245.52.197 - - [05/Mar/2020:21:10:57 -0500] "GET /img/ez_define_bbm.png HTTP/1.1" 200 5541 "https://dev.mitzvahorganizer.com/index.php?IX=ez_guide" "Mozilla/5.0 (Windows NT 6.1; Win64; x64; rv:73.0) Gecko/20100101 Firefox/73.0"
162.158.62.51 - - [05/Mar/2020:21:10:57 -0500] "GET /img/ez_tables.png HTTP/1.1" 200 5900 "https://dev.mitzvahorganizer.com/index.php?IX=ez_guide" "Mozilla/5.0 (Windows NT 6.1; Win64; x64; rv:73.0) Gecko/20100101 Firefox/73.0"
173.245.52.139 - - [05/Mar/2020:21:10:57 -0500] "GET /img/ez_bus.png HTTP/1.1" 200 5175 "https://dev.mitzvahorganizer.com/index.php?IX=ez_guide" "Mozilla/5.0 (Windows NT 6.1; Win64; x64; rv:73.0) Gecko/20100101 Firefox/73.0"
108.162.219.30 - - [05/Mar/2020:21:10:57 -0500] "GET /img/ez_song_list.png HTTP/1.1" 200 4764 "https://dev.mitzvahorganizer.com/index.php?IX=ez_guide" "Mozilla/5.0 (Windows NT 6.1; Win64; x64; rv:73.0) Gecko/20100101 Firefox/73.0"
162.158.62.237 - - [05/Mar/2020:21:10:57 -0500] "GET /img/ez_hotel.png HTTP/1.1" 200 3789 "https://dev.mitzvahorganizer.com/index.php?IX=ez_guide" "Mozilla/5.0 (Windows NT 6.1; Win64; x64; rv:73.0) Gecko/20100101 Firefox/73.0"
108.162.219.102 - - [05/Mar/2020:21:10:57 -0500] "GET /img/ez_define_favors.png HTTP/1.1" 200 5251 "https://dev.mitzvahorganizer.com/index.php?IX=ez_guide" "Mozilla/5.0 (Windows NT 6.1; Win64; x64; rv:73.0) Gecko/20100101 Firefox/73.0"
162.158.62.195 - - [05/Mar/2020:21:11:00 -0500] "GET /index.php?IX=guests HTTP/1.1" 200 15011 "https://dev.mitzvahorganizer.com/index.php?IX=ez_guide" "Mozilla/5.0 (Windows NT 6.1; Win64; x64; rv:73.0) Gecko/20100101 Firefox/73.0"
108.162.219.136 - - [05/Mar/2020:21:11:00 -0500] "GET /img/lg_note_icon_30x30.png HTTP/1.1" 200 1122 "https://dev.mitzvahorganizer.com/index.php?IX=guests" "Mozilla/5.0 (Windows NT 6.1; Win64; x64; rv:73.0) Gecko/20100101 Firefox/73.0"
162.158.62.195 - - [05/Mar/2020:21:11:01 -0500] "GET /ajax.php?call=notes_load&notes_ix=guests&notes_ix_id=0&_=1583460670458 HTTP/1.1" 200 1 "https://dev.mitzvahorganizer.com/index.php?IX=guests" "Mozilla/5.0 (Windows NT 6.1; Win64; x64; rv:73.0) Gecko/20100101 Firefox/73.0"
162.158.62.195 - - [05/Mar/2020:21:11:30 -0500] "GET /ajax.php?call=logout_check&_=1583460699923 HTTP/1.1" 200 12 "https://dev.mitzvahorganizer.com/index.php?IX=guests" "Mozilla/5.0 (Windows NT 6.1; Win64; x64; rv:73.0) Gecko/20100101 Firefox/73.0"
162.158.62.195 - - [05/Mar/2020:21:12:00 -0500] "GET /ajax.php?call=logout_check&_=1583460729929 HTTP/1.1" 200 12 "https://dev.mitzvahorganizer.com/index.php?IX=guests" "Mozilla/5.0 (Windows NT 6.1; Win64; x64; rv:73.0) Gecko/20100101 Firefox/73.0"
162.158.62.195 - - [05/Mar/2020:21:12:04 -0500] "GET /index.php?IX=guests HTTP/1.1" 200 33432 "https://dev.mitzvahorganizer.com/index.php?IX=ez_guide" "Mozilla/5.0 (Windows NT 6.1; Win64; x64; rv:73.0) Gecko/20100101 Firefox/73.0"
108.162.219.226 - - [05/Mar/2020:21:12:04 -0500] "GET /css/datePicker.css?ver=1388782278 HTTP/1.1" 304 - "https://dev.mitzvahorganizer.com/index.php?IX=guests" "Mozilla/5.0 (Windows NT 6.1; Win64; x64; rv:73.0) Gecko/20100101 Firefox/73.0"
108.162.219.250 - - [05/Mar/2020:21:12:04 -0500] "GET /css/jquery-ui-1.10.3.custom.min.css?ver=1388782301 HTTP/1.1" 304 - "https://dev.mitzvahorganizer.com/index.php?IX=guests" "Mozilla/5.0 (Windows NT 6.1; Win64; x64; rv:73.0) Gecko/20100101 Firefox/73.0"
162.158.62.149 - - [05/Mar/2020:21:12:04 -0500] "GET /DataTables-1.9.4/media/js/jquery.dataTables.min.js?ver=1381525764 HTTP/1.1" 304 - "https://dev.mitzvahorganizer.com/index.php?IX=guests" "Mozilla/5.0 (Windows NT 6.1; Win64; x64; rv:73.0) Gecko/20100101 Firefox/73.0"
108.162.219.16 - - [05/Mar/2020:21:12:04 -0500] "GET /js/jquery.form.js?ver=1372179352 HTTP/1.1" 304 - "https://dev.mitzvahorganizer.com/index.php?IX=guests" "Mozilla/5.0 (Windows NT 6.1; Win64; x64; rv:73.0) Gecko/20100101 Firefox/73.0"
162.158.63.40 - - [05/Mar/2020:21:12:04 -0500] "GET /js/index.js?ver=1550727312 HTTP/1.1" 304 - "https://dev.mitzvahorganizer.com/index.php?IX=guests" "Mozilla/5.0 (Windows NT 6.1; Win64; x64; rv:73.0) Gecko/20100101 Firefox/73.0"
108.162.219.92 - - [05/Mar/2020:21:12:04 -0500] "GET /css/main.css?ver=1550975809 HTTP/1.1" 304 - "https://dev.mitzvahorganizer.com/index.php?IX=guests" "Mozilla/5.0 (Windows NT 6.1; Win64; x64; rv:73.0) Gecko/20100101 Firefox/73.0"
162.158.63.106 - - [05/Mar/2020:21:12:04 -0500] "GET /js/jquery.datePicker.js?ver=1375203162 HTTP/1.1" 304 - "https://dev.mitzvahorganizer.com/index.php?IX=guests" "Mozilla/5.0 (Windows NT 6.1; Win64; x64; rv:73.0) Gecko/20100101 Firefox/73.0"
162.158.63.154 - - [05/Mar/2020:21:12:04 -0500] "GET /js/jquery.ui.touch-punch.min.js?ver=1376752033 HTTP/1.1" 304 - "https://dev.mitzvahorganizer.com/index.php?IX=guests" "Mozilla/5.0 (Windows NT 6.1; Win64; x64; rv:73.0) Gecko/20100101 Firefox/73.0"
173.245.52.219 - - [05/Mar/2020:21:12:04 -0500] "GET /js/md5.js?ver=1372179353 HTTP/1.1" 304 - "https://dev.mitzvahorganizer.com/index.php?IX=guests" "Mozilla/5.0 (Windows NT 6.1; Win64; x64; rv:73.0) Gecko/20100101 Firefox/73.0"
162.158.63.60 - - [05/Mar/2020:21:12:04 -0500] "GET /js/jquery-1.7.1.min.js?ver=1372179351 HTTP/1.1" 304 - "https://dev.mitzvahorganizer.com/index.php?IX=guests" "Mozilla/5.0 (Windows NT 6.1; Win64; x64; rv:73.0) Gecko/20100101 Firefox/73.0"
162.158.63.160 - - [05/Mar/2020:21:12:04 -0500] "GET /js/jquery-ui-1.10.3.custom.min.js?ver=1376675031 HTTP/1.1" 304 - "https://dev.mitzvahorganizer.com/index.php?IX=guests" "Mozilla/5.0 (Windows NT 6.1; Win64; x64; rv:73.0) Gecko/20100101 Firefox/73.0"
108.162.219.114 - - [05/Mar/2020:21:12:04 -0500] "GET /img/delete_icon.gif HTTP/1.1" 200 604 "https://dev.mitzvahorganizer.com/index.php?IX=guests" "Mozilla/5.0 (Windows NT 6.1; Win64; x64; rv:73.0) Gecko/20100101 Firefox/73.0"
108.162.219.34 - - [05/Mar/2020:21:12:04 -0500] "GET /js/cryptojs/rollups/sha512.js?ver=1410759005 HTTP/1.1" 304 - "https://dev.mitzvahorganizer.com/index.php?IX=guests" "Mozilla/5.0 (Windows NT 6.1; Win64; x64; rv:73.0) Gecko/20100101 Firefox/73.0"
173.245.52.215 - - [05/Mar/2020:21:12:04 -0500] "GET /js/date.js?ver=1375203160 HTTP/1.1" 304 - "https://dev.mitzvahorganizer.com/index.php?IX=guests" "Mozilla/5.0 (Windows NT 6.1; Win64; x64; rv:73.0) Gecko/20100101 Firefox/73.0"
162.158.63.88 - - [05/Mar/2020:21:12:04 -0500] "GET /css/main_mobile.css?ver=1449693284 HTTP/1.1" 304 - "https://dev.mitzvahorganizer.com/index.php?IX=guests" "Mozilla/5.0 (Windows NT 6.1; Win64; x64; rv:73.0) Gecko/20100101 Firefox/73.0"
162.158.63.172 - - [05/Mar/2020:21:12:04 -0500] "GET /js/jquery.visible.min.js?ver=1451321694 HTTP/1.1" 304 - "https://dev.mitzvahorganizer.com/index.php?IX=guests" "Mozilla/5.0 (Windows NT 6.1; Win64; x64; rv:73.0) Gecko/20100101 Firefox/73.0"
162.158.63.64 - - [05/Mar/2020:21:12:04 -0500] "GET /img/lg_mitzvah_logo.png?ver=1549520078 HTTP/1.1" 200 9167 "https://dev.mitzvahorganizer.com/index.php?IX=guests" "Mozilla/5.0 (Windows NT 6.1; Win64; x64; rv:73.0) Gecko/20100101 Firefox/73.0"
162.158.62.195 - - [05/Mar/2020:21:12:05 -0500] "GET /ajax.php?call=notes_load&notes_ix=guests&notes_ix_id=0&_=1583460734736 HTTP/1.1" 200 1 "https://dev.mitzvahorganizer.com/index.php?IX=guests" "Mozilla/5.0 (Windows NT 6.1; Win64; x64; rv:73.0) Gecko/20100101 Firefox/73.0"
162.158.62.195 - - [05/Mar/2020:21:12:09 -0500] "GET /index.php?IX=vendors HTTP/1.1" 200 20525 "https://dev.mitzvahorganizer.com/index.php?IX=guests" "Mozilla/5.0 (Windows NT 6.1; Win64; x64; rv:73.0) Gecko/20100101 Firefox/73.0"
108.162.219.250 - - [05/Mar/2020:21:12:10 -0500] "GET /css/jquery-ui-1.10.3.custom.min.css?ver=1388782301 HTTP/1.1" 200 - "https://dev.mitzvahorganizer.com/index.php?IX=vendors" "Mozilla/5.0 (Windows NT 6.1; Win64; x64; rv:73.0) Gecko/20100101 Firefox/73.0"
108.162.219.68 - - [05/Mar/2020:21:12:10 -0500] "GET /img/star_hollow_16.gif HTTP/1.1" 200 956 "https://dev.mitzvahorganizer.com/index.php?IX=vendors" "Mozilla/5.0 (Windows NT 6.1; Win64; x64; rv:73.0) Gecko/20100101 Firefox/73.0"
108.162.219.20 - - [05/Mar/2020:21:12:10 -0500] "GET /img/star_filled_16.gif HTTP/1.1" 200 965 "https://dev.mitzvahorganizer.com/index.php?IX=vendors" "Mozilla/5.0 (Windows NT 6.1; Win64; x64; rv:73.0) Gecko/20100101 Firefox/73.0"
108.162.219.92 - - [05/Mar/2020:21:12:10 -0500] "GET /css/main.css?ver=1550975809 HTTP/1.1" 200 26853 "https://dev.mitzvahorganizer.com/index.php?IX=vendors" "Mozilla/5.0 (Windows NT 6.1; Win64; x64; rv:73.0) Gecko/20100101 Firefox/73.0"
162.158.62.195 - - [05/Mar/2020:21:12:10 -0500] "GET /ajax.php?call=notes_load&notes_ix=vendors&notes_ix_id=0&_=1583460740013 HTTP/1.1" 200 1 "https://dev.mitzvahorganizer.com/index.php?IX=vendors" "Mozilla/5.0 (Windows NT 6.1; Win64; x64; rv:73.0) Gecko/20100101 Firefox/73.0"
162.158.62.195 - - [05/Mar/2020:21:12:12 -0500] "GET /mod/_export_excel.php?sql=DFS%80r%82B%D4%DE%C6%C0%8C%BF%91%F2%02%96S%A4%BC%E5%A7%1C%B3%C3%B3%B9S%3F%1E%B3j%22%0A%E1h%A8e%21%1E%0D%05%7B%97%10%CD%24%95v8%E7%FE%F6%F4%10%EEE%DBl%23W%BD%C5%08%BA%19U%1D%0DL%D6%0B%60%B1%09%FC2%0C%85%C9%FAJ%BF%AFU%EC%3F%A5T%8A%B8G8%DF%82.P%C3%D4%2A%B2%F5%8AQ%3C%D8%D8%3F%E6%18%9B%A5%8D%A0%B7%FA%A01%AB%94%19A%5B%5E%99%A3b%BD%FE%95t%10%DC%8E%3F%85%A5%9D%26w%8C_%08%91%CD%0Bx%06%A5%97%28%F1%15%9A%40QpN%F2%C1%E5%2C%8E%ADeW%07%DB%09%5B%04%84%9Ed5%0A%E2%8C%7E%FDw%DA%22%C7%BC%F1tv%7C%D0%7B%5D%CD%7B%89%BD%24%19%9B%B2%9A%AC%13w%5D%CD%DDS%FF%40%BB%FE%9E%1C%09j%15o%F0%A8%08%11%D5%D5%FD%A5Jj8%09%09%12h%2C%1B%C8%B11%98%23b%0F%18%05%28%93%BC%0A%B7%FB%84%B7%0D%7E%2B%87%D7%B7%7C%98%10%23%BC%E6%7B%B2%FFS%89R%BF%0B%5Eh%E5%2F%CExN%EA%99%A6%26.%D9%92RQ%E2%C9P%28%3B%E6%265f%0D%0EK7pS%C6%BD%E8h%1E%98%B8%B0%F4XK%28%B5%DA_.b%BC%CEl%99%CA%1C%CB%29%E5%D2%C8%0F%B2%81S HTTP/1.1" 500 - "https://dev.mitzvahorganizer.com/index.php?IX=vendors" "Mozilla/5.0 (Windows NT 6.1; Win64; x64; rv:73.0) Gecko/20100101 Firefox/73.0"
162.158.62.195 - - [05/Mar/2020:21:13:29 -0500] "GET /index.php?IX=home HTTP/1.1" 200 22991 "-" "Mozilla/5.0 (Windows NT 6.1; Win64; x64; rv:73.0) Gecko/20100101 Firefox/73.0"
162.158.63.64 - - [05/Mar/2020:21:13:30 -0500] "GET /img/lg_mitzvah_logo.png?ver=1549520078 HTTP/1.1" 200 9167 "https://dev.mitzvahorganizer.com/index.php?IX=home" "Mozilla/5.0 (Windows NT 6.1; Win64; x64; rv:73.0) Gecko/20100101 Firefox/73.0"
108.162.219.14 - - [05/Mar/2020:21:13:30 -0500] "GET /img/home_collage3.jpg?ver=1550267833 HTTP/1.1" 200 120597 "https://dev.mitzvahorganizer.com/index.php?IX=home" "Mozilla/5.0 (Windows NT 6.1; Win64; x64; rv:73.0) Gecko/20100101 Firefox/73.0"
162.158.62.195 - - [05/Mar/2020:21:13:34 -0500] "GET /index.php?IX=vendors HTTP/1.1" 200 20525 "https://dev.mitzvahorganizer.com/index.php?IX=home" "Mozilla/5.0 (Windows NT 6.1; Win64; x64; rv:73.0) Gecko/20100101 Firefox/73.0"
162.158.62.195 - - [05/Mar/2020:21:13:35 -0500] "GET /ajax.php?call=notes_load&notes_ix=vendors&notes_ix_id=0&_=1583460824792 HTTP/1.1" 200 1 "https://dev.mitzvahorganizer.com/index.php?IX=vendors" "Mozilla/5.0 (Windows NT 6.1; Win64; x64; rv:73.0) Gecko/20100101 Firefox/73.0"
162.158.62.109 - - [05/Mar/2020:21:13:38 -0500] "GET /css/main.css HTTP/1.1" 200 26853 "https://dev.mitzvahorganizer.com/index.php?IX=vendors" "Mozilla/5.0 (Windows NT 6.1; Win64; x64; rv:73.0) Gecko/20100101 Firefox/73.0"
108.162.219.62 - - [05/Mar/2020:21:13:38 -0500] "GET /img/lg_mitzvah_logo.png HTTP/1.1" 200 9167 "https://dev.mitzvahorganizer.com/index.php?IX=vendors" "Mozilla/5.0 (Windows NT 6.1; Win64; x64; rv:73.0) Gecko/20100101 Firefox/73.0"
162.158.63.68 - - [05/Mar/2020:21:13:38 -0500] "GET /css/print.css HTTP/1.1" 200 388 "https://dev.mitzvahorganizer.com/index.php?IX=vendors" "Mozilla/5.0 (Windows NT 6.1; Win64; x64; rv:73.0) Gecko/20100101 Firefox/73.0"
172.68.65.132 - - [05/Mar/2020:21:13:44 -0500] "GET /css/main.css HTTP/1.1" 200 26853 "-" "-"
173.245.54.245 - - [05/Mar/2020:21:13:44 -0500] "GET /css/print.css HTTP/1.1" 200 388 "-" "-"
162.158.62.195 - - [05/Mar/2020:21:13:44 -0500] "POST /ajax.php?call=genpdf&header=Vendors HTTP/1.1" 200 40934 "https://dev.mitzvahorganizer.com/index.php?IX=vendors" "Mozilla/5.0 (Windows NT 6.1; Win64; x64; rv:73.0) Gecko/20100101 Firefox/73.0"
162.158.62.195 - - [05/Mar/2020:21:13:55 -0500] "GET /mod/_export_excel.php?sql=DFS%80r%82B%D4%DE%C6%C0%8C%BF%91%F2%02%96S%A4%BC%E5%A7%1C%B3%C3%B3%B9S%3F%1E%B3j%22%0A%E1h%A8e%21%1E%0D%05%7B%97%10%CD%24%95v8%E7%FE%F6%F4%10%EEE%DBl%23W%BD%C5%08%BA%19U%1D%0DL%D6%0B%60%B1%09%FC2%0C%85%C9%FAJ%BF%AFU%EC%3F%A5T%8A%B8G8%DF%82.P%C3%D4%2A%B2%F5%8AQ%3C%D8%D8%3F%E6%18%9B%A5%8D%A0%B7%FA%A01%AB%94%19A%5B%5E%99%A3b%BD%FE%95t%10%DC%8E%3F%85%A5%9D%26w%8C_%08%91%CD%0Bx%06%A5%97%28%F1%15%9A%40QpN%F2%C1%E5%2C%8E%ADeW%07%DB%09%5B%04%84%9Ed5%0A%E2%8C%7E%FDw%DA%22%C7%BC%F1tv%7C%D0%7B%5D%CD%7B%89%BD%24%19%9B%B2%9A%AC%13w%5D%CD%DDS%FF%40%BB%FE%9E%1C%09j%15o%F0%A8%08%11%D5%D5%FD%A5Jj8%09%09%12h%2C%1B%C8%B11%98%23b%0F%18%05%28%93%BC%0A%B7%FB%84%B7%0D%7E%2B%87%D7%B7%7C%98%10%23%BC%E6%7B%B2%FFS%89R%BF%0B%5Eh%E5%2F%CExN%EA%99%A6%26.%D9%92RQ%E2%C9P%28%3B%E6%265f%0D%0EK7pS%C6%BD%E8h%1E%98%B8%B0%F4XK%28%B5%DA_.b%BC%CEl%99%CA%1C%CB%29%E5%D2%C8%0F%B2%81S HTTP/1.1" 500 - "https://dev.mitzvahorganizer.com/index.php?IX=vendors" "Mozilla/5.0 (Windows NT 6.1; Win64; x64; rv:73.0) Gecko/20100101 Firefox/73.0"
162.158.62.195 - - [05/Mar/2020:21:14:24 -0500] "GET /index.php?IX=vendors HTTP/1.1" 200 20525 "https://dev.mitzvahorganizer.com/index.php?IX=home" "Mozilla/5.0 (Windows NT 6.1; Win64; x64; rv:73.0) Gecko/20100101 Firefox/73.0"
162.158.62.195 - - [05/Mar/2020:21:14:25 -0500] "GET /ajax.php?call=notes_load&notes_ix=vendors&notes_ix_id=0&_=1583460875096 HTTP/1.1" 200 1 "https://dev.mitzvahorganizer.com/index.php?IX=vendors" "Mozilla/5.0 (Windows NT 6.1; Win64; x64; rv:73.0) Gecko/20100101 Firefox/73.0"
162.158.62.195 - - [05/Mar/2020:21:14:55 -0500] "GET /ajax.php?call=logout_check&_=1583460904523 HTTP/1.1" 200 12 "https://dev.mitzvahorganizer.com/index.php?IX=vendors" "Mozilla/5.0 (Windows NT 6.1; Win64; x64; rv:73.0) Gecko/20100101 Firefox/73.0"
162.158.62.195 - - [05/Mar/2020:21:15:25 -0500] "GET /ajax.php?call=logout_check&_=1583460934526 HTTP/1.1" 200 12 "https://dev.mitzvahorganizer.com/index.php?IX=vendors" "Mozilla/5.0 (Windows NT 6.1; Win64; x64; rv:73.0) Gecko/20100101 Firefox/73.0"
162.158.62.195 - - [05/Mar/2020:21:15:55 -0500] "GET /ajax.php?call=logout_check&_=1583460964531 HTTP/1.1" 200 12 "https://dev.mitzvahorganizer.com/index.php?IX=vendors" "Mozilla/5.0 (Windows NT 6.1; Win64; x64; rv:73.0) Gecko/20100101 Firefox/73.0"
162.158.62.195 - - [05/Mar/2020:21:16:10 -0500] "GET /index.php?IX=vendors HTTP/1.1" 200 20525 "https://dev.mitzvahorganizer.com/index.php?IX=home" "Mozilla/5.0 (Windows NT 6.1; Win64; x64; rv:73.0) Gecko/20100101 Firefox/73.0"
162.158.63.88 - - [05/Mar/2020:21:16:10 -0500] "GET /css/main_mobile.css?ver=1449693284 HTTP/1.1" 200 718 "https://dev.mitzvahorganizer.com/index.php?IX=vendors" "Mozilla/5.0 (Windows NT 6.1; Win64; x64; rv:73.0) Gecko/20100101 Firefox/73.0"
173.245.52.215 - - [05/Mar/2020:21:16:10 -0500] "GET /js/date.js?ver=1375203160 HTTP/1.1" 200 12767 "https://dev.mitzvahorganizer.com/index.php?IX=vendors" "Mozilla/5.0 (Windows NT 6.1; Win64; x64; rv:73.0) Gecko/20100101 Firefox/73.0"
108.162.219.34 - - [05/Mar/2020:21:16:10 -0500] "GET /js/cryptojs/rollups/sha512.js?ver=1410759005 HTTP/1.1" 200 8320 "https://dev.mitzvahorganizer.com/index.php?IX=vendors" "Mozilla/5.0 (Windows NT 6.1; Win64; x64; rv:73.0) Gecko/20100101 Firefox/73.0"
162.158.63.172 - - [05/Mar/2020:21:16:10 -0500] "GET /js/jquery.visible.min.js?ver=1451321694 HTTP/1.1" 200 803 "https://dev.mitzvahorganizer.com/index.php?IX=vendors" "Mozilla/5.0 (Windows NT 6.1; Win64; x64; rv:73.0) Gecko/20100101 Firefox/73.0"
162.158.63.40 - - [05/Mar/2020:21:16:10 -0500] "GET /js/index.js?ver=1550727312 HTTP/1.1" 200 27289 "https://dev.mitzvahorganizer.com/index.php?IX=vendors" "Mozilla/5.0 (Windows NT 6.1; Win64; x64; rv:73.0) Gecko/20100101 Firefox/73.0"
108.162.219.250 - - [05/Mar/2020:21:16:10 -0500] "GET /css/jquery-ui-1.10.3.custom.min.css?ver=1388782301 HTTP/1.1" 200 - "https://dev.mitzvahorganizer.com/index.php?IX=vendors" "Mozilla/5.0 (Windows NT 6.1; Win64; x64; rv:73.0) Gecko/20100101 Firefox/73.0"
162.158.63.154 - - [05/Mar/2020:21:16:10 -0500] "GET /js/jquery.ui.touch-punch.min.js?ver=1376752033 HTTP/1.1" 200 1190 "https://dev.mitzvahorganizer.com/index.php?IX=vendors" "Mozilla/5.0 (Windows NT 6.1; Win64; x64; rv:73.0) Gecko/20100101 Firefox/73.0"
108.162.219.226 - - [05/Mar/2020:21:16:10 -0500] "GET /css/datePicker.css?ver=1388782278 HTTP/1.1" 200 2415 "https://dev.mitzvahorganizer.com/index.php?IX=vendors" "Mozilla/5.0 (Windows NT 6.1; Win64; x64; rv:73.0) Gecko/20100101 Firefox/73.0"
162.158.63.106 - - [05/Mar/2020:21:16:10 -0500] "GET /js/jquery.datePicker.js?ver=1375203162 HTTP/1.1" 200 42569 "https://dev.mitzvahorganizer.com/index.php?IX=vendors" "Mozilla/5.0 (Windows NT 6.1; Win64; x64; rv:73.0) Gecko/20100101 Firefox/73.0"
108.162.219.92 - - [05/Mar/2020:21:16:10 -0500] "GET /css/main.css?ver=1550975809 HTTP/1.1" 200 26853 "https://dev.mitzvahorganizer.com/index.php?IX=vendors" "Mozilla/5.0 (Windows NT 6.1; Win64; x64; rv:73.0) Gecko/20100101 Firefox/73.0"
173.245.52.219 - - [05/Mar/2020:21:16:10 -0500] "GET /js/md5.js?ver=1372179353 HTTP/1.1" 200 6453 "https://dev.mitzvahorganizer.com/index.php?IX=vendors" "Mozilla/5.0 (Windows NT 6.1; Win64; x64; rv:73.0) Gecko/20100101 Firefox/73.0"
108.162.219.16 - - [05/Mar/2020:21:16:10 -0500] "GET /js/jquery.form.js?ver=1372179352 HTTP/1.1" 200 39396 "https://dev.mitzvahorganizer.com/index.php?IX=vendors" "Mozilla/5.0 (Windows NT 6.1; Win64; x64; rv:73.0) Gecko/20100101 Firefox/73.0"
162.158.62.149 - - [05/Mar/2020:21:16:10 -0500] "GET /DataTables-1.9.4/media/js/jquery.dataTables.min.js?ver=1381525764 HTTP/1.1" 200 70857 "https://dev.mitzvahorganizer.com/index.php?IX=vendors" "Mozilla/5.0 (Windows NT 6.1; Win64; x64; rv:73.0) Gecko/20100101 Firefox/73.0"
162.158.63.60 - - [05/Mar/2020:21:16:10 -0500] "GET /js/jquery-1.7.1.min.js?ver=1372179351 HTTP/1.1" 200 93868 "https://dev.mitzvahorganizer.com/index.php?IX=vendors" "Mozilla/5.0 (Windows NT 6.1; Win64; x64; rv:73.0) Gecko/20100101 Firefox/73.0"
162.158.63.160 - - [05/Mar/2020:21:16:10 -0500] "GET /js/jquery-ui-1.10.3.custom.min.js?ver=1376675031 HTTP/1.1" 200 228137 "https://dev.mitzvahorganizer.com/index.php?IX=vendors" "Mozilla/5.0 (Windows NT 6.1; Win64; x64; rv:73.0) Gecko/20100101 Firefox/73.0"
162.158.63.64 - - [05/Mar/2020:21:16:11 -0500] "GET /img/lg_mitzvah_logo.png?ver=1549520078 HTTP/1.1" 200 9167 "https://dev.mitzvahorganizer.com/index.php?IX=vendors" "Mozilla/5.0 (Windows NT 6.1; Win64; x64; rv:73.0) Gecko/20100101 Firefox/73.0"
162.158.62.195 - - [05/Mar/2020:21:16:11 -0500] "GET /ajax.php?call=notes_load&notes_ix=vendors&notes_ix_id=0&_=1583460981078 HTTP/1.1" 200 1 "https://dev.mitzvahorganizer.com/index.php?IX=vendors" "Mozilla/5.0 (Windows NT 6.1; Win64; x64; rv:73.0) Gecko/20100101 Firefox/73.0"
162.158.62.195 - - [05/Mar/2020:21:16:14 -0500] "GET /mod/_export_excel.php?sql=DFS%80r%82B%D4%DE%C6%C0%8C%BF%91%F2%02%96S%A4%BC%E5%A7%1C%B3%C3%B3%B9S%3F%1E%B3j%22%0A%E1h%A8e%21%1E%0D%05%7B%97%10%CD%24%95v8%E7%FE%F6%F4%10%EEE%DBl%23W%BD%C5%08%BA%19U%1D%0DL%D6%0B%60%B1%09%FC2%0C%85%C9%FAJ%BF%AFU%EC%3F%A5T%8A%B8G8%DF%82.P%C3%D4%2A%B2%F5%8AQ%3C%D8%D8%3F%E6%18%9B%A5%8D%A0%B7%FA%A01%AB%94%19A%5B%5E%99%A3b%BD%FE%95t%10%DC%8E%3F%85%A5%9D%26w%8C_%08%91%CD%0Bx%06%A5%97%28%F1%15%9A%40QpN%F2%C1%E5%2C%8E%ADeW%07%DB%09%5B%04%84%9Ed5%0A%E2%8C%7E%FDw%DA%22%C7%BC%F1tv%7C%D0%7B%5D%CD%7B%89%BD%24%19%9B%B2%9A%AC%13w%5D%CD%DDS%FF%40%BB%FE%9E%1C%09j%15o%F0%A8%08%11%D5%D5%FD%A5Jj8%09%09%12h%2C%1B%C8%B11%98%23b%0F%18%05%28%93%BC%0A%B7%FB%84%B7%0D%7E%2B%87%D7%B7%7C%98%10%23%BC%E6%7B%B2%FFS%89R%BF%0B%5Eh%E5%2F%CExN%EA%99%A6%26.%D9%92RQ%E2%C9P%28%3B%E6%265f%0D%0EK7pS%C6%BD%E8h%1E%98%B8%B0%F4XK%28%B5%DA_.b%BC%CEl%99%CA%1C%CB%29%E5%D2%C8%0F%B2%81S HTTP/1.1" 200 9216 "https://dev.mitzvahorganizer.com/index.php?IX=vendors" "Mozilla/5.0 (Windows NT 6.1; Win64; x64; rv:73.0) Gecko/20100101 Firefox/73.0"
162.158.62.195 - - [05/Mar/2020:21:16:26 -0500] "GET /index.php?IX=guests HTTP/1.1" 200 33432 "https://dev.mitzvahorganizer.com/index.php?IX=vendors" "Mozilla/5.0 (Windows NT 6.1; Win64; x64; rv:73.0) Gecko/20100101 Firefox/73.0"
162.158.62.195 - - [05/Mar/2020:21:16:27 -0500] "GET /ajax.php?call=notes_load&notes_ix=guests&notes_ix_id=0&_=1583460996943 HTTP/1.1" 200 1 "https://dev.mitzvahorganizer.com/index.php?IX=guests" "Mozilla/5.0 (Windows NT 6.1; Win64; x64; rv:73.0) Gecko/20100101 Firefox/73.0"
162.158.62.195 - - [05/Mar/2020:21:16:29 -0500] "GET /mod/_export_excel.php?sql=DF%7BCn%82B%C4%C2%FCT%F8%97%5Bg%053%D6C%B6_%A1%16%88X%89%C7%84%10i%8F%CE%90%D4jz%CC%E1Q5z%9E%F6%8B%FDE%E5%21%B7%C4%3Bd%CF+%01%E8j%97Fd%5C%A5%FD%99Zs%0B%0D%3D%23%FEh%FB%81%93%25%E1%A1%B2%FEE4O%BD%FF%BC%9E%B9%C7%A4%18d%9Au%E7e%B9c-%C5%CE%E9N%B9O%00%035%A5%D3H%FD%89%7B%3CK%BD%F1%FBX%DA%C0%B0PG%DAE%F2%08%00%0C%60%9El%CC%AF%C2%1B%EB%87%8C%19%D4w%DAxs9%E3%EB%F7W%CC%FB%9F%88L%16%C7%B5%EE%7C%85%17%40%E0BZ%8A%89T%17%B5%C1V%A8%A3%97%15%0E5%C1gi%0A%E8%3E%BF%D7%29%D9%E1c%1E%C3%E5O%7E%8C%10P%83%F8%EE%3C%994SN%FC%7C%AET%E2%16P%CBH%03w+%0A%B9u%EAX%DB%ED%99%1A%E5%06%19%82%12e%14%D0%112%40%D2x%B3%C2.%2B%97 HTTP/1.1" 200 12288 "https://dev.mitzvahorganizer.com/index.php?IX=guests" "Mozilla/5.0 (Windows NT 6.1; Win64; x64; rv:73.0) Gecko/20100101 Firefox/73.0"
162.158.62.195 - - [05/Mar/2020:21:16:57 -0500] "GET /ajax.php?call=logout_check&_=1583461026348 HTTP/1.1" 200 12 "https://dev.mitzvahorganizer.com/index.php?IX=guests" "Mozilla/5.0 (Windows NT 6.1; Win64; x64; rv:73.0) Gecko/20100101 Firefox/73.0"
162.158.62.195 - - [05/Mar/2020:21:17:27 -0500] "GET /ajax.php?call=logout_check&_=1583461056352 HTTP/1.1" 200 12 "https://dev.mitzvahorganizer.com/index.php?IX=guests" "Mozilla/5.0 (Windows NT 6.1; Win64; x64; rv:73.0) Gecko/20100101 Firefox/73.0"
162.158.62.195 - - [05/Mar/2020:21:17:57 -0500] "GET /ajax.php?call=logout_check&_=1583461086355 HTTP/1.1" 200 12 "https://dev.mitzvahorganizer.com/index.php?IX=guests" "Mozilla/5.0 (Windows NT 6.1; Win64; x64; rv:73.0) Gecko/20100101 Firefox/73.0"
162.158.62.195 - - [05/Mar/2020:21:18:27 -0500] "GET /ajax.php?call=logout_check&_=1583461116359 HTTP/1.1" 200 12 "https://dev.mitzvahorganizer.com/index.php?IX=guests" "Mozilla/5.0 (Windows NT 6.1; Win64; x64; rv:73.0) Gecko/20100101 Firefox/73.0"
162.158.62.195 - - [05/Mar/2020:21:18:45 -0500] "POST /index.php?IX=guests HTTP/1.1" 200 19398 "https://dev.mitzvahorganizer.com/index.php?IX=guests" "Mozilla/5.0 (Windows NT 6.1; Win64; x64; rv:73.0) Gecko/20100101 Firefox/73.0"
162.158.62.195 - - [05/Mar/2020:21:18:46 -0500] "GET /ajax.php?call=notes_load&notes_ix=guests&notes_ix_id=0&_=1583461135332 HTTP/1.1" 200 1 "https://dev.mitzvahorganizer.com/index.php?IX=guests" "Mozilla/5.0 (Windows NT 6.1; Win64; x64; rv:73.0) Gecko/20100101 Firefox/73.0"
162.158.62.195 - - [05/Mar/2020:21:18:50 -0500] "POST /index.php?IX=guests HTTP/1.1" 200 19397 "https://dev.mitzvahorganizer.com/index.php?IX=guests" "Mozilla/5.0 (Windows NT 6.1; Win64; x64; rv:73.0) Gecko/20100101 Firefox/73.0"
162.158.62.195 - - [05/Mar/2020:21:18:51 -0500] "GET /ajax.php?call=notes_load&notes_ix=guests&notes_ix_id=0&_=1583461140421 HTTP/1.1" 200 1 "https://dev.mitzvahorganizer.com/index.php?IX=guests" "Mozilla/5.0 (Windows NT 6.1; Win64; x64; rv:73.0) Gecko/20100101 Firefox/73.0"
162.158.62.195 - - [05/Mar/2020:21:18:53 -0500] "GET /index.php?IX=guests HTTP/1.1" 200 33432 "https://dev.mitzvahorganizer.com/index.php?IX=guests" "Mozilla/5.0 (Windows NT 6.1; Win64; x64; rv:73.0) Gecko/20100101 Firefox/73.0"
162.158.62.195 - - [05/Mar/2020:21:18:54 -0500] "GET /ajax.php?call=notes_load&notes_ix=guests&notes_ix_id=0&_=1583461143479 HTTP/1.1" 200 1 "https://dev.mitzvahorganizer.com/index.php?IX=guests" "Mozilla/5.0 (Windows NT 6.1; Win64; x64; rv:73.0) Gecko/20100101 Firefox/73.0"
162.158.62.195 - - [05/Mar/2020:21:18:59 -0500] "POST /index.php?IX=guests HTTP/1.1" 200 19397 "https://dev.mitzvahorganizer.com/index.php?IX=guests" "Mozilla/5.0 (Windows NT 6.1; Win64; x64; rv:73.0) Gecko/20100101 Firefox/73.0"
162.158.62.195 - - [05/Mar/2020:21:19:00 -0500] "GET /ajax.php?call=notes_load&notes_ix=guests&notes_ix_id=0&_=1583461149771 HTTP/1.1" 200 1 "https://dev.mitzvahorganizer.com/index.php?IX=guests" "Mozilla/5.0 (Windows NT 6.1; Win64; x64; rv:73.0) Gecko/20100101 Firefox/73.0"
162.158.62.195 - - [05/Mar/2020:21:19:30 -0500] "GET /ajax.php?call=logout_check&_=1583461179205 HTTP/1.1" 200 12 "https://dev.mitzvahorganizer.com/index.php?IX=guests" "Mozilla/5.0 (Windows NT 6.1; Win64; x64; rv:73.0) Gecko/20100101 Firefox/73.0"
162.158.62.195 - - [05/Mar/2020:21:20:00 -0500] "GET /ajax.php?call=logout_check&_=1583461209209 HTTP/1.1" 200 12 "https://dev.mitzvahorganizer.com/index.php?IX=guests" "Mozilla/5.0 (Windows NT 6.1; Win64; x64; rv:73.0) Gecko/20100101 Firefox/73.0"
162.158.62.195 - - [05/Mar/2020:21:20:30 -0500] "GET /ajax.php?call=logout_check&_=1583461239212 HTTP/1.1" 200 12 "https://dev.mitzvahorganizer.com/index.php?IX=guests" "Mozilla/5.0 (Windows NT 6.1; Win64; x64; rv:73.0) Gecko/20100101 Firefox/73.0"
162.158.62.195 - - [05/Mar/2020:21:21:00 -0500] "GET /ajax.php?call=logout_check&_=1583461269216 HTTP/1.1" 200 12 "https://dev.mitzvahorganizer.com/index.php?IX=guests" "Mozilla/5.0 (Windows NT 6.1; Win64; x64; rv:73.0) Gecko/20100101 Firefox/73.0"
162.158.62.195 - - [05/Mar/2020:21:21:30 -0500] "GET /ajax.php?call=logout_check&_=1583461299219 HTTP/1.1" 200 12 "https://dev.mitzvahorganizer.com/index.php?IX=guests" "Mozilla/5.0 (Windows NT 6.1; Win64; x64; rv:73.0) Gecko/20100101 Firefox/73.0"
162.158.62.195 - - [05/Mar/2020:21:22:00 -0500] "GET /ajax.php?call=logout_check&_=1583461329223 HTTP/1.1" 200 12 "https://dev.mitzvahorganizer.com/index.php?IX=guests" "Mozilla/5.0 (Windows NT 6.1; Win64; x64; rv:73.0) Gecko/20100101 Firefox/73.0"
162.158.62.195 - - [05/Mar/2020:21:22:30 -0500] "GET /ajax.php?call=logout_check&_=1583461359226 HTTP/1.1" 200 12 "https://dev.mitzvahorganizer.com/index.php?IX=guests" "Mozilla/5.0 (Windows NT 6.1; Win64; x64; rv:73.0) Gecko/20100101 Firefox/73.0"
162.158.62.195 - - [05/Mar/2020:21:23:00 -0500] "GET /ajax.php?call=logout_check&_=1583461389228 HTTP/1.1" 200 12 "https://dev.mitzvahorganizer.com/index.php?IX=guests" "Mozilla/5.0 (Windows NT 6.1; Win64; x64; rv:73.0) Gecko/20100101 Firefox/73.0"
162.158.62.195 - - [05/Mar/2020:21:23:11 -0500] "GET /index.php?IX=guests HTTP/1.1" 200 33432 "https://dev.mitzvahorganizer.com/index.php?IX=guests" "Mozilla/5.0 (Windows NT 6.1; Win64; x64; rv:73.0) Gecko/20100101 Firefox/73.0"
162.158.62.195 - - [05/Mar/2020:21:23:14 -0500] "GET /ajax.php?call=notes_load&notes_ix=guests&notes_ix_id=0&_=1583461402644 HTTP/1.1" 200 1 "https://dev.mitzvahorganizer.com/index.php?IX=guests" "Mozilla/5.0 (Windows NT 6.1; Win64; x64; rv:73.0) Gecko/20100101 Firefox/73.0"
162.158.62.195 - - [05/Mar/2020:21:23:18 -0500] "POST /index.php?IX=guests HTTP/1.1" 200 20858 "https://dev.mitzvahorganizer.com/index.php?IX=guests" "Mozilla/5.0 (Windows NT 6.1; Win64; x64; rv:73.0) Gecko/20100101 Firefox/73.0"
162.158.62.195 - - [05/Mar/2020:21:23:19 -0500] "GET /ajax.php?call=notes_load&notes_ix=guests&notes_ix_id=0&_=1583461408441 HTTP/1.1" 200 1 "https://dev.mitzvahorganizer.com/index.php?IX=guests" "Mozilla/5.0 (Windows NT 6.1; Win64; x64; rv:73.0) Gecko/20100101 Firefox/73.0"
162.158.62.195 - - [05/Mar/2020:21:23:48 -0500] "GET /ajax.php?call=logout_check&_=1583461437866 HTTP/1.1" 200 12 "https://dev.mitzvahorganizer.com/index.php?IX=guests" "Mozilla/5.0 (Windows NT 6.1; Win64; x64; rv:73.0) Gecko/20100101 Firefox/73.0"
162.158.62.195 - - [05/Mar/2020:21:24:18 -0500] "GET /ajax.php?call=logout_check&_=1583461467870 HTTP/1.1" 200 12 "https://dev.mitzvahorganizer.com/index.php?IX=guests" "Mozilla/5.0 (Windows NT 6.1; Win64; x64; rv:73.0) Gecko/20100101 Firefox/73.0"
162.158.62.195 - - [05/Mar/2020:21:24:48 -0500] "GET /ajax.php?call=logout_check&_=1583461497874 HTTP/1.1" 200 12 "https://dev.mitzvahorganizer.com/index.php?IX=guests" "Mozilla/5.0 (Windows NT 6.1; Win64; x64; rv:73.0) Gecko/20100101 Firefox/73.0"
162.158.62.195 - - [05/Mar/2020:21:25:18 -0500] "GET /ajax.php?call=logout_check&_=1583461527876 HTTP/1.1" 200 12 "https://dev.mitzvahorganizer.com/index.php?IX=guests" "Mozilla/5.0 (Windows NT 6.1; Win64; x64; rv:73.0) Gecko/20100101 Firefox/73.0"
162.158.62.195 - - [05/Mar/2020:21:25:48 -0500] "GET /ajax.php?call=logout_check&_=1583461557878 HTTP/1.1" 200 12 "https://dev.mitzvahorganizer.com/index.php?IX=guests" "Mozilla/5.0 (Windows NT 6.1; Win64; x64; rv:73.0) Gecko/20100101 Firefox/73.0"
162.158.62.195 - - [05/Mar/2020:21:26:18 -0500] "GET /ajax.php?call=logout_check&_=1583461587880 HTTP/1.1" 200 12 "https://dev.mitzvahorganizer.com/index.php?IX=guests" "Mozilla/5.0 (Windows NT 6.1; Win64; x64; rv:73.0) Gecko/20100101 Firefox/73.0"
162.158.62.195 - - [05/Mar/2020:21:26:48 -0500] "GET /ajax.php?call=logout_check&_=1583461617883 HTTP/1.1" 200 12 "https://dev.mitzvahorganizer.com/index.php?IX=guests" "Mozilla/5.0 (Windows NT 6.1; Win64; x64; rv:73.0) Gecko/20100101 Firefox/73.0"
162.158.62.195 - - [05/Mar/2020:21:27:18 -0500] "GET /ajax.php?call=logout_check&_=1583461647885 HTTP/1.1" 200 12 "https://dev.mitzvahorganizer.com/index.php?IX=guests" "Mozilla/5.0 (Windows NT 6.1; Win64; x64; rv:73.0) Gecko/20100101 Firefox/73.0"
162.158.62.195 - - [05/Mar/2020:21:27:48 -0500] "GET /ajax.php?call=logout_check&_=1583461677887 HTTP/1.1" 200 12 "https://dev.mitzvahorganizer.com/index.php?IX=guests" "Mozilla/5.0 (Windows NT 6.1; Win64; x64; rv:73.0) Gecko/20100101 Firefox/73.0"
162.158.62.195 - - [05/Mar/2020:21:28:18 -0500] "GET /ajax.php?call=logout_check&_=1583461707889 HTTP/1.1" 200 12 "https://dev.mitzvahorganizer.com/index.php?IX=guests" "Mozilla/5.0 (Windows NT 6.1; Win64; x64; rv:73.0) Gecko/20100101 Firefox/73.0"
162.158.62.195 - - [05/Mar/2020:21:28:48 -0500] "GET /ajax.php?call=logout_check&_=1583461737919 HTTP/1.1" 200 12 "https://dev.mitzvahorganizer.com/index.php?IX=guests" "Mozilla/5.0 (Windows NT 6.1; Win64; x64; rv:73.0) Gecko/20100101 Firefox/73.0"
